000
CXUS53 KBIS 250803
CF6HEI
PRELIMINARY LOCAL CLIMATOLOGICAL DATA (WS FORM: F-6)

                                          STATION:   HETTINGER ND
                                          MONTH:     MAY
                                          YEAR:      2018
                                          LATITUDE:   46  0 N
                                          LONGITUDE: 102 39 W

  TEMPERATURE IN F:       :PCPN:    SNOW:  WIND      :SUNSHINE: SKY     :PK WND
================================================================================
1   2   3   4   5  6A  6B    7    8   9   10  11  12  13   14  15   16   17  18
                                     12Z  AVG MX 2MIN
DY MAX MIN AVG DEP HDD CDD  WTR  SNW DPTH SPD SPD DIR MIN PSBL S-S WX    SPD DR
================================================================================

 1  53  35  44  -4  21   0    T    M    M  3.1  9  10   M    M   9 1      11  10
 2  66  31  49   1  16   0 0.00    M    M  6.1 20 330   M    M   5 12     25 330
 3  70  31  51   3  14   0 0.05    M    M  6.0 32 320   M    M   3 8      42 310
 4  79  31  55   6  10   0 0.00    M    M 10.9 28 280   M    M   2        34 290
 5  80  41  61  12   4   0    T    M    M 11.3 28 320   M    M   4        36 320
 6  78  36  57   8   8   0 0.00    M    M  5.4 15 200   M    M   2        21 190
 7  85  53  69  19   0   4 0.06    M    M  8.2 24 340   M    M   5 3      28 340
 8  71  49  60  10   5   0 0.02    M    M 11.2 20 340   0    0   0        30 350
 9  72  46  59   9   6   0 0.00    M    M 15.2 29 340   M    M   1        35 320
10  48  35  42  -8  23   0 0.07    M    M 15.4 25 100   M    M   9 18     32 100
11  41  37  39 -12  26   0 0.01    M    M 12.1 21 100   M    M  10 1      25 110
12  48  40  44  -7  21   0 0.10    M    M  6.7 15  90   M    M  10 12     17  90
13  66  46  56   4   9   0 0.00    M    M  6.3 14 270   M    M   9 1      17 250
14  74  43  59   7   6   0    T    M    M  5.4 13 290   M    M   6 13     17 280
15  75  38  57   5   8   0 0.00    M    M  4.9 14 210   M    M   1 1      19 190
16  82  40  61   9   4   0 0.00    M    M  4.6 15 120   M    M   1        20 100
17  76  54  65  12   0   0 0.05    M    M 14.7 30 120   M    M   7 3      39  80
18  56  43  50  -3  15   0    T    M    M 12.2 22  40   M    M  10 1      27  40
19  62  32  47  -6  18   0 0.00    M    M 10.6 24  40   M    M   4        28  40
20  66  28  47  -7  18   0 0.00    M    M  9.2 22 140   M    M   0        28 130
21  74  32  53  -1  12   0 0.00    M    M  7.6 17 140   M    M   0        23 160
22  81  43  62   8   3   0 0.07    M    M 10.0 33  80   M    M   3 13     42  80
23  77  58  68  13   0   3 0.00    M    M  8.3 17  20   M    M   5 13     21  40
24  80  52  66  11   0   1 0.00    M    M 11.5 25 290   M    M   2        33 290
================================================================================
SM 1660  974       247   8  0.43    M    216.9            0    108
================================================================================
AV 69.2 40.6                               9.0 FASTST    0   0   5    MAX(MPH)
                                 MISC ---->  # 33  80               # 42  310
================================================================================
NOTES:
# LAST OF SEVERAL OCCURRENCES

COLUMN 17 PEAK WIND IN M.P.H.

PRELIMINARY LOCAL CLIMATOLOGICAL DATA (WS FORM: F-6) , PAGE 2

                                          STATION:  HETTINGER ND
                                          MONTH:    MAY
                                          YEAR:     2018
                                          LATITUDE:   46  0 N
                                          LONGITUDE: 102 39 W

[TEMPERATURE DATA]      [PRECIPITATION DATA]       SYMBOLS USED IN COLUMN 16

AVERAGE MONTHLY: 54.9   TOTAL FOR MONTH:   0.43    1 = FOG OR MIST
DPTR FM NORMAL:   3.5   DPTR FM NORMAL:   -1.39    2 = FOG REDUCING VISIBILITY
HIGHEST:    85 ON  7    GRTST 24HR  0.10 ON 12-12      TO 1/4 MILE OR LESS
LOWEST:     28 ON 20                               3 = THUNDER
                        SNOW, ICE PELLETS, HAIL    4 = ICE PELLETS
                        TOTAL MONTH:    M          5 = HAIL
                        GRTST 24HR    M  ON   M    6 = FREEZING RAIN OR DRIZZLE
                        GRTST DEPTH:  M  ON   M    7 = DUSTSTORM OR SANDSTORM:
                                                       VSBY 1/2 MILE OR LESS
                                                   8 = SMOKE OR HAZE
[NO. OF DAYS WITH]      [WEATHER - DAYS WITH]      9 = BLOWING SNOW
                                                   X = TORNADO
MAX 32 OR BELOW:   0    0.01 INCH OR MORE:   8
MAX 90 OR ABOVE:   0    0.10 INCH OR MORE:   1
MIN 32 OR BELOW:   6    0.50 INCH OR MORE:   0
MIN  0 OR BELOW:   0    1.00 INCH OR MORE:   0

[HDD (BASE 65) ]
TOTAL THIS MO.   247    CLEAR  (SCALE 0-3)  11
DPTR FM NORMAL   -84    PTCLDY (SCALE 4-7)   7
TOTAL FM JUL 1  8966    CLOUDY (SCALE 8-10)  6
DPTR FM NORMAL   531

[CDD (BASE 65) ]
TOTAL THIS MO.     8
DPTR FM NORMAL     8    [PRESSURE DATA]
TOTAL FM JAN 1     8    HIGHEST SLP  0.00 ON  8
DPTR FM NORMAL     8    LOWEST  SLP 29.72 ON 24

[REMARKS]
