000
CXUS55 KFSD 220905
CF6HON
PRELIMINARY LOCAL CLIMATOLOGICAL DATA (WS FORM: F-6)

                                          STATION:   HURON
                                          MONTH:     MAY
                                          YEAR:      2018
                                          LATITUDE:   44 22 N
                                          LONGITUDE:  98 13 W

  TEMPERATURE IN F:       :PCPN:    SNOW:  WIND      :SUNSHINE: SKY     :PK WND
================================================================================
1   2   3   4   5  6A  6B    7    8   9   10  11  12  13   14  15   16   17  18
                                     12Z  AVG MX 2MIN
DY MAX MIN AVG DEP HDD CDD  WTR  SNW DPTH SPD SPD DIR MIN PSBL S-S WX    SPD DR
================================================================================

 1  59  42  51  -2  14   0 0.00  0.0    0 10.3 22 350   M    M   4        27 360
 2  72  35  54   0  11   0 0.00  0.0    0  4.5 14 190   M    M   2 12     20 190
 3  73  47  60   6   5   0 0.00  0.0    0  5.1 15  60   M    M   2        21  40
 4  83  44  64  10   1   0    T  0.0    0  9.2 22 260   M    M   2        29 290
 5  85  46  66  11   0   1    T  0.0    0  7.7 29 320   M    M   1 3      40 320
 6  80  43  62   7   3   0 0.00  0.0    0  5.6 15  20   M    M   0        22  20
 7  84  53  69  14   0   4 0.05  0.0    0 13.8 26 260   M    M   0 3      39 270
 8  80  56  68  12   0   3 0.45  0.0    0 10.7 20  20   M    M   3 13     28 150
 9  78  51  65   9   0   0 0.00  0.0    0 12.6 29 330   M    M   5 1      35 340
10  53  43  48  -8  17   0 0.17  0.0    0 10.6 17  60   M    M   6        23  60
11  53  43  48  -9  17   0 0.54  0.0    0  9.4 20  80   M    M  10 1      26  80
12  59  48  54  -3  11   0    T  0.0    0  8.2 16  70   M    M  10 1      21  70
13  69  51  60   3   5   0 0.00  0.0    0  4.2  9 270   M    M   8        12  70
14  75  52  64   6   1   0    T  0.0    0  5.0 13  20   M    M   7 1      18 360
15  79  51  65   7   0   0 0.00  0.0    0  6.2 16 150   M    M   2 1      22 190
16  86  57  72  14   0   7 0.00  0.0    0  8.6 16 180   M    M   0 18     22 180
17  85  61  73  15   0   8 0.00  0.0    0 12.3 24 160   M    M   1        38 170
18  76  49  63   4   2   0 0.01  0.0    0 12.4 26 360   M    M   4        37 360
19  68  46  57  -2   8   0 0.00  0.0    0 15.5 25  50   M    M   5        34  30
20  66  37  52  -7  13   0    T  0.0    0  6.6 15  70   M    M   4 1      21 100
21  70  54  62   2   3   0 0.03  0.0    0  5.2 12  90   M    M   6 1      16 150
================================================================================
SM 1533 1009       111  23  1.25     0.0 183.7          M       82
================================================================================
AV 73.0 48.1                               8.7 FASTST   M    M   4    MAX(MPH)
                                 MISC ---->  # 29 320               # 40  320
================================================================================
NOTES:
# LAST OF SEVERAL OCCURRENCES

COLUMN 17 PEAK WIND IN M.P.H.

PRELIMINARY LOCAL CLIMATOLOGICAL DATA (WS FORM: F-6) , PAGE 2

                                          STATION:  HURON
                                          MONTH:    MAY
                                          YEAR:     2018
                                          LATITUDE:   44 22 N
                                          LONGITUDE:  98 13 W

[TEMPERATURE DATA]      [PRECIPITATION DATA]       SYMBOLS USED IN COLUMN 16

AVERAGE MONTHLY: 60.5   TOTAL FOR MONTH:   1.25    1 = FOG OR MIST
DPTR FM NORMAL:   4.0   DPTR FM NORMAL:   -0.78    2 = FOG REDUCING VISIBILITY
HIGHEST:    86 ON 16    GRTST 24HR  0.54 ON 11-11      TO 1/4 MILE OR LESS
LOWEST:     35 ON  2                               3 = THUNDER
                        SNOW, ICE PELLETS, HAIL    4 = ICE PELLETS
                        TOTAL MONTH:   0.0 INCH    5 = HAIL
                        GRTST 24HR     0.0         6 = FREEZING RAIN OR DRIZZLE
                        GRTST DEPTH:   0           7 = DUSTSTORM OR SANDSTORM:
                                                       VSBY 1/2 MILE OR LESS
                                                   8 = SMOKE OR HAZE
[NO. OF DAYS WITH]      [WEATHER - DAYS WITH]      9 = BLOWING SNOW
                                                   X = TORNADO
MAX 32 OR BELOW:   0    0.01 INCH OR MORE:   6
MAX 90 OR ABOVE:   0    0.10 INCH OR MORE:   3
MIN 32 OR BELOW:   0    0.50 INCH OR MORE:   1
MIN  0 OR BELOW:   0    1.00 INCH OR MORE:   0

[HDD (BASE 65) ]
TOTAL THIS MO.   111    CLEAR  (SCALE 0-3)   9
DPTR FM NORMAL   -82    PTCLDY (SCALE 4-7)  10
TOTAL FM JUL 1  7931    CLOUDY (SCALE 8-10)  2
DPTR FM NORMAL   360

[CDD (BASE 65) ]
TOTAL THIS MO.    23
DPTR FM NORMAL     5    [PRESSURE DATA]
TOTAL FM JAN 1    25    HIGHEST SLP M ON M
DPTR FM NORMAL     3    LOWEST  SLP 29.69 ON  1

[REMARKS]
