000
CXUS56 KMTR 261000
CF6HWD
PRELIMINARY LOCAL CLIMATOLOGICAL DATA (WS FORM: F-6)

                                          STATION:   HAYWARD AIRPORT
                                          MONTH:     MAY
                                          YEAR:      2018
                                          LATITUDE:   37 39 N
                                          LONGITUDE: 122  7 W

  TEMPERATURE IN F:       :PCPN:    SNOW:  WIND      :SUNSHINE: SKY     :PK WND
================================================================================
1   2   3   4   5  6A  6B    7    8   9   10  11  12  13   14  15   16   17  18
                                     12Z  AVG MX 2MIN
DY MAX MIN AVG DEP HDD CDD  WTR  SNW DPTH SPD SPD DIR MIN PSBL S-S WX    SPD DR
================================================================================

 1  67  48  58  -1   7   0 0.00  0.0    0  8.9 21 290   M    M   3        24 290
 2  66  53  60   1   5   0 0.00  0.0    0  9.1 18 280   M    M   3        23 280
 3  64  53  59  -1   6   0 0.00  0.0    0  9.3 18 310   M    M   8        21 290
 4  72  53  63   3   2   0 0.00  0.0    0  7.0 16 290   M    M   4        19 290
 5  65  52  59  -1   6   0 0.00  0.0    0  7.6 18 300   M    M   3        22 310
 6  64  54  59  -1   6   0 0.00  0.0    0  8.6 17 280   M    M   5        24 290
 7  73  50  62   2   3   0 0.00  0.0    0  6.9 17 290   M    M   0        21 290
 8  68  53  61   1   4   0 0.00  0.0    0  7.7 20 280   M    M   2        27 270
 9  67  56  62   2   3   0    T  0.0    0 11.9 23 280   M    M   7 1      29 280
10  67  54  61   1   4   0 0.00  0.0    0  9.8 20 260   M    M   5        23 240
11  77  51  64   4   1   0 0.00  0.0    0  6.9 22 290   M    M   0        25 280
12  76  55  66   6   0   1 0.00  0.0    0  7.6 16 290   M    M   0        20 290
13  68  55  62   2   3   0 0.00  0.0    0  9.2 18 310   M    M   4        23 280
14  64  55  60   0   5   0 0.00  0.0    0 10.6 20 300   M    M   8        25 290
15  66  56  61   1   4   0 0.00  0.0    0 10.1 21 310   M    M   7        25 280
16  68  55  62   2   3   0 0.00  0.0    0 10.1 18 290   M    M   6        23 270
17  65  56  61   0   4   0 0.00  0.0    0 10.3 22 280   M    M   8        26 270
18  63  55  59  -2   6   0    T  0.0    0 11.1 20 280   M    M   9        24 290
19  63  54  59  -2   6   0 0.00  0.0    0 13.1 21 270   M    M   9        27 270
20  62  54  58  -3   7   0 0.00  0.0    0 12.8 22 260   M    M   9        25 240
21  66  52  59  -2   6   0 0.00  0.0    0 10.5 23 280   M    M   5        27 260
22  63  55  59  -2   6   0    T  0.0    0  9.7 20 280   M    M  10        24 300
23  63  55  59  -2   6   0    T  0.0    0 10.1 20 280   M    M  10 1      24 280
24  63  54  59  -2   6   0    T  0.0    0  9.1 16 290   M    M  10        20 270
25  67  55  61   0   4   0    T  0.0    0  8.7 15 290   M    M   9        20 270
================================================================================
SM 1667 1343       113   1    T      0.0 236.7          M      144
================================================================================
AV 66.7 53.7                               9.5 FASTST   M    M   6    MAX(MPH)
                                 MISC ---->  # 23 280               # 29  280
================================================================================
NOTES:
# LAST OF SEVERAL OCCURRENCES

COLUMN 17 PEAK WIND IN M.P.H.

PRELIMINARY LOCAL CLIMATOLOGICAL DATA (WS FORM: F-6) , PAGE 2

                                          STATION:  HAYWARD AIRPORT
                                          MONTH:    MAY
                                          YEAR:     2018
                                          LATITUDE:   37 39 N
                                          LONGITUDE: 122  7 W

[TEMPERATURE DATA]      [PRECIPITATION DATA]       SYMBOLS USED IN COLUMN 16

AVERAGE MONTHLY: 60.2   TOTAL FOR MONTH:      T    1 = FOG OR MIST
DPTR FM NORMAL:  -0.1   DPTR FM NORMAL:   -0.49    2 = FOG REDUCING VISIBILITY
HIGHEST:    77 ON 11    GRTST 24HR    T  ON 25-25      TO 1/4 MILE OR LESS
LOWEST:     48 ON  1                               3 = THUNDER
                        SNOW, ICE PELLETS, HAIL    4 = ICE PELLETS
                        TOTAL MONTH:   0.0 INCH    5 = HAIL
                        GRTST 24HR     0.0         6 = FREEZING RAIN OR DRIZZLE
                        GRTST DEPTH:   0           7 = DUSTSTORM OR SANDSTORM:
                                                       VSBY 1/2 MILE OR LESS
                                                   8 = SMOKE OR HAZE
[NO. OF DAYS WITH]      [WEATHER - DAYS WITH]      9 = BLOWING SNOW
                                                   X = TORNADO
MAX 32 OR BELOW:   0    0.01 INCH OR MORE:   0
MAX 90 OR ABOVE:   0    0.10 INCH OR MORE:   0
MIN 32 OR BELOW:   0    0.50 INCH OR MORE:   0
MIN  0 OR BELOW:   0    1.00 INCH OR MORE:   0

[HDD (BASE 65) ]
TOTAL THIS MO.   113    CLEAR  (SCALE 0-3)   6
DPTR FM NORMAL   -21    PTCLDY (SCALE 4-7)  12
TOTAL FM JUL 1  2048    CLOUDY (SCALE 8-10)  7
DPTR FM NORMAL  -376

[CDD (BASE 65) ]
TOTAL THIS MO.     1
DPTR FM NORMAL   -17    [PRESSURE DATA]
TOTAL FM JAN 1     6    HIGHEST SLP M ON M
DPTR FM NORMAL   -24    LOWEST  SLP 29.74 ON 11

[REMARKS]
