857
CXUS55 KPSR 211005
CF6IPL
PRELIMINARY LOCAL CLIMATOLOGICAL DATA (WS FORM: F-6)

                                          STATION:   IMPERIAL CA
                                          MONTH:     APRIL
                                          YEAR:      2018
                                          LATITUDE:   32 50 N
                                          LONGITUDE: 115 35 W

  TEMPERATURE IN F:       :PCPN:    SNOW:  WIND      :SUNSHINE: SKY     :PK WND
================================================================================
1   2   3   4   5  6A  6B    7    8   9   10  11  12  13   14  15   16   17  18
                                     12Z  AVG MX 2MIN
DY MAX MIN AVG DEP HDD CDD  WTR  SNW DPTH SPD SPD DIR MIN PSBL S-S WX    SPD DR
================================================================================

 1  93  64  79  12   0  14 0.00  0.0    0  7.3 16 260   M    M   0        22 260
 2  91  59  75   8   0  10 0.00  0.0    0 10.5 24 250   M    M   0        32 240
 3  89  57  73   6   0   8 0.00  0.0    0  3.4  8 260   M    M   0         M  M
 4  92  59  76   9   0  11 0.00  0.0    0  4.3 16 260   M    M   0         M  M
 5  94  59  77   9   0  12 0.00  0.0    0  7.4 20 260   M    M   0 8      26 260
 6  96  70  83  15   0  18 0.00  0.0    0 10.4 23 270   M    M   0        30 270
 7  98  68  83  15   0  18 0.00  0.0    0 11.5 31 270   M    M   0 8      40 270
 8  93  61  77   9   0  12 0.00  0.0    0  5.2 14 300   M    M   0        19 300
 9  98  58  78  10   0  13 0.00  0.0    0  4.1 12  30   M    M   0        18  20
10  98  56  77   9   0  12 0.00  0.0    0  6.2 15 260   M    M   0        19 260
11 100  66  83  14   0  18 0.00  0.0    0 10.5 29 260   M    M   0 8      41 260
12  83  59  71   2   0   6 0.00  0.0    0 16.7 31 250   M    M   1 8      38 250
13  80  54  67  -2   0   2 0.00  0.0    0  7.5 16  20   M    M   0 8      23  10
14  86  50  68  -2   0   3 0.00  0.0    0  4.9 10 100   M    M   0        16 300
15  93  55  74   4   0   9 0.00  0.0    0  6.9 20 260   M    M   0        25 270
16   M   M   M   M   M   M    T    M    0 19.7 37 260   M    M   2 8      52 260
17  77  49  63  -7   2   0 0.00  0.0    0  8.6 22 300   M    M   1 8      28 300
18  85  48  67  -3   0   2 0.00  0.0    0  6.3 16 250   M    M   0 8      21 240
19  73  55  64  -7   1   0 0.00  0.0    0 19.8 38 260   M    M   1 8      50 270
20  84  50  67  -4   0   2 0.00  0.0    0  6.3 12  10   M    M   0        17  20
================================================================================
SM 1703 1097         3 170    T      0.0 177.5          M        5
================================================================================
AV 89.6 57.7                               8.9 FASTST   M    M   0    MAX(MPH)
                                 MISC ---->  # 38 260               # 52  260
================================================================================
NOTES:
# LAST OF SEVERAL OCCURRENCES

COLUMN 17 PEAK WIND IN M.P.H.

PRELIMINARY LOCAL CLIMATOLOGICAL DATA (WS FORM: F-6) , PAGE 2

                                          STATION:  IMPERIAL CA
                                          MONTH:    APRIL
                                          YEAR:     2018
                                          LATITUDE:   32 50 N
                                          LONGITUDE: 115 35 W

[TEMPERATURE DATA]      [PRECIPITATION DATA]       SYMBOLS USED IN COLUMN 16

AVERAGE MONTHLY: 73.7   TOTAL FOR MONTH:      T    1 = FOG OR MIST
DPTR FM NORMAL:   4.9   DPTR FM NORMAL:   -0.07    2 = FOG REDUCING VISIBILITY
HIGHEST:   100 ON 11    GRTST 24HR    T  ON 16-16      TO 1/4 MILE OR LESS
LOWEST:     48 ON 18                               3 = THUNDER
                        SNOW, ICE PELLETS, HAIL    4 = ICE PELLETS
                        TOTAL MONTH:   0.0 INCH    5 = HAIL
                        GRTST 24HR     0.0         6 = FREEZING RAIN OR DRIZZLE
                        GRTST DEPTH:   0           7 = DUSTSTORM OR SANDSTORM:
                                                       VSBY 1/2 MILE OR LESS
                                                   8 = SMOKE OR HAZE
[NO. OF DAYS WITH]      [WEATHER - DAYS WITH]      9 = BLOWING SNOW
                                                   X = TORNADO
MAX 32 OR BELOW:   0    0.01 INCH OR MORE:   0
MAX 90 OR ABOVE:  11    0.10 INCH OR MORE:   0
MIN 32 OR BELOW:   0    0.50 INCH OR MORE:   0
MIN  0 OR BELOW:   0    1.00 INCH OR MORE:   0

[HDD (BASE 65) ]
TOTAL THIS MO.     3    CLEAR  (SCALE 0-3)  20
DPTR FM NORMAL   -11    PTCLDY (SCALE 4-7)   0
TOTAL FM JUL 1   594    CLOUDY (SCALE 8-10)  0
DPTR FM NORMAL  -432

[CDD (BASE 65) ]
TOTAL THIS MO.   170
DPTR FM NORMAL    80    [PRESSURE DATA]
TOTAL FM JAN 1   282    HIGHEST SLP M ON M
DPTR FM NORMAL   118    LOWEST  SLP 29.58 ON  2

[REMARKS]
