000
CXHW53 PHFO 271250
CF6ITO
PRELIMINARY LOCAL CLIMATOLOGICAL DATA (WS FORM: F-6)

                                          STATION:   HILO HI
                                          MONTH:     MAY
                                          YEAR:      2018
                                          LATITUDE:   19 43 N
                                          LONGITUDE: 155  4 W

  TEMPERATURE IN F:       :PCPN:    SNOW:  WIND      :SUNSHINE: SKY     :PK WND
================================================================================
1   2   3   4   5  6A  6B    7    8   9   10  11  12  13   14  15   16   17  18
                                     12Z  AVG MX 2MIN
DY MAX MIN AVG DEP HDD CDD  WTR  SNW DPTH SPD SPD DIR MIN PSBL S-S WX    SPD DR
================================================================================

 1  76  71  74   1   0   9    T  0.0    M  2.6  9  60   M    M   M        11  60
 2  82  71  77   4   0  12 0.03  0.0    M  3.9 13 360   M    M   M 18     15  20
 3  85  72  79   6   0  14 0.00  0.0    M  5.3 13 100   M    M   M 1      16  50
 4  85  72  79   6   0  14 0.10  0.0    M  6.0 16 120   M    M   M        22 130
 5  83  68  76   3   0  11 0.00  0.0    M  4.7 14  70   M    M   M        20  70
 6  83  69  76   3   0  11 0.02  0.0    M  7.7 14  30   M    M   M 1      19  30
 7  77  71  74   1   0   9 1.95  0.0    M  9.0 18  50   M    M   M 18     23  50
 8   M   M   M   M   M   M    M    M    M   M   M   M   M    M   M         M  M
 9   M   M   M   M   M   M    M    M    M   M   M   M   M    M   M         M  M
10  80  69  75   2   0  10 0.45  0.0    M  4.0 13 110   M    M   M 1      16 120
11  84  67  76   3   0  11    T  0.0    M  5.6 15  40   M    M   M        19  40
12  82  68  75   1   0  10 0.06  0.0    M  5.7 13  40   M    M   M        16  40
13  82  68  75   1   0  10 0.16  0.0    M  5.8 14  20   M    M   M 1      18  20
14  82  67  75   1   0  10 0.27  0.0    M  6.9 14  30   M    M   M 1      18  30
15  83  67  75   1   0  10 0.01  0.0    M  6.7 15 100   M    M   M        20  90
16  83  68  76   2   0  11 0.44  0.0    M  6.0 14  90   M    M   M 1      18  80
17  83  72  78   4   0  13 0.81  0.0    M  5.8 18  90   M    M   M 18     20  90
18  83  70  77   3   0  12 0.07  0.0    M  6.3 15  70   M    M   M 18     22  80
19  83  66  75   1   0  10 0.16  0.0    M  8.7 18  50   M    M   M 1      23  60
20  77  69  73  -1   0   8 1.20  0.0    M  6.9 22  90   M    M   M 18     24  80
21  82  69  76   2   0  11 0.01  0.0    M  7.5 17  60   M    M   M 1      22  70
22  82  70  76   2   0  11 0.05  0.0    M  7.3 15  70   M    M   M 1      19  70
23  82  69  76   2   0  11 0.08  0.0    M  6.5 14  50   M    M   M 1      17  40
24  82  68  75   1   0  10 0.58  0.0    M  6.9 21  80   M    M   M 18     24  80
25  82  70  76   2   0  11 0.23  0.0    M  7.5 18  70   M    M   M 1      23  80
26  79  70  75   1   0  10 0.51  0.0    M  5.8 15  60   M    M   M 18     17  60
================================================================================
SM 1962 1661         0 259  7.19     0.0 149.1          M        M
================================================================================
AV 81.8 69.2                               6.2 FASTST   M    M   0    MAX(MPH)
                                 MISC ---->  # 22  90               # 24   80
================================================================================
NOTES:
# LAST OF SEVERAL OCCURRENCES

COLUMN 17 PEAK WIND IN M.P.H.

PRELIMINARY LOCAL CLIMATOLOGICAL DATA (WS FORM: F-6) , PAGE 2

                                          STATION:  HILO HI
                                          MONTH:    MAY
                                          YEAR:     2018
                                          LATITUDE:   19 43 N
                                          LONGITUDE: 155  4 W

[TEMPERATURE DATA]      [PRECIPITATION DATA]       SYMBOLS USED IN COLUMN 16

AVERAGE MONTHLY: 75.5   TOTAL FOR MONTH:   7.19    1 = FOG OR MIST
DPTR FM NORMAL:   1.9   DPTR FM NORMAL:    0.11    2 = FOG REDUCING VISIBILITY
HIGHEST:    85 ON  4, 3 GRTST 24HR  1.95 ON  7- 7      TO 1/4 MILE OR LESS
LOWEST:     66 ON 19                               3 = THUNDER
                        SNOW, ICE PELLETS, HAIL    4 = ICE PELLETS
                        TOTAL MONTH:   0.0 INCH    5 = HAIL
                        GRTST 24HR     0.0         6 = FREEZING RAIN OR DRIZZLE
                        GRTST DEPTH:  M  ON   M    7 = DUSTSTORM OR SANDSTORM:
                                                       VSBY 1/2 MILE OR LESS
                                                   8 = SMOKE OR HAZE
[NO. OF DAYS WITH]      [WEATHER - DAYS WITH]      9 = BLOWING SNOW
                                                   X = TORNADO
MAX 32 OR BELOW:   0    0.01 INCH OR MORE:  20
MAX 90 OR ABOVE:   0    0.10 INCH OR MORE:  12
MIN 32 OR BELOW:   0    0.50 INCH OR MORE:   5
MIN  0 OR BELOW:   0    1.00 INCH OR MORE:   2

[HDD (BASE 65) ]
TOTAL THIS MO.     0    CLEAR  (SCALE 0-3)   0
DPTR FM NORMAL     0    PTCLDY (SCALE 4-7)   0
TOTAL FM JUL 1     0    CLOUDY (SCALE 8-10)  0
DPTR FM NORMAL     0

[CDD (BASE 65) ]
TOTAL THIS MO.   259
DPTR FM NORMAL    37    [PRESSURE DATA]
TOTAL FM JAN 1  1351    HIGHEST SLP M ON M
DPTR FM NORMAL   332    LOWEST  SLP 29.97 ON 15

[REMARKS]
