000
CXUS55 KEAX 190736
CF6IXD
PRELIMINARY LOCAL CLIMATOLOGICAL DATA (WS FORM: F-6)

                                          STATION:   New Century Air Center KS
                                          MONTH:     APRIL
                                          YEAR:      2018
                                          LATITUDE:   38 49 N
                                          LONGITUDE:  94 54 W

  TEMPERATURE IN F:       :PCPN:    SNOW:  WIND      :SUNSHINE: SKY     :PK WND
================================================================================
1   2   3   4   5  6A  6B    7    8   9   10  11  12  13   14  15   16   17  18
                                     12Z  AVG MX 2MIN
DY MAX MIN AVG DEP HDD CDD  WTR  SNW DPTH SPD SPD DIR MIN PSBL S-S WX    SPD DR
================================================================================

 1  35  24  30 -20  35   0 0.13    M    M 11.6 22  20   M    M   7 16     29  30
 2  38  24  31 -19  34   0    T    M    M  8.1 15 140   M    M  10 1      21 150
 3  42  26  34 -17  31   0 0.08    M    M 17.1 33 310   M    M   8 1      43 300
 4  46  19  33 -18  32   0 0.00  0.0    0 10.3 21 320   M    M   0        27 320
 5  68  36  52   1  13   0 0.00  0.0    0  9.5 22 220   M    M   1        30 210
 6  50  23  37 -15  28   0    T    M    0 18.1 31 360   M    M   4        40 360
 7  44  20  32 -20  33   0 0.00  0.0    0  9.4 18 360   M    M   1        25 360
 8  37  30  34 -18  31   0 0.08    M    0 10.8 24 160   M    M   6 1      32 140
 9  49  29  39 -13  26   0 0.00  0.0    0 10.0 16 340   M    M   7 1      22 350
10  63  27  45  -8  20   0 0.00  0.0    0  6.9 20 200   M    M   4 1      26 190
11  79  42  61   8   4   0 0.00  0.0    0 15.7 28 200   M    M   0        36 210
12  82  56  69  16   0   4 0.00  0.0    0 16.6 30 190   M    M   0        43 190
13  83  51  67  13   0   2 0.20  0.0    0 19.4 36 200   M    M   2 13     50 190
14  52  30  41 -13  24   0 0.03    M    0 16.9 28 210   M    M   9 18     37 220
15  32  27  30 -24  35   0 0.01    M    0 19.2 28 320   M    M   9 1      40 310
16  53  28  41 -14  24   0 0.00  0.0    0  8.6 22 320   M    M   4        30 320
17  70  37  54  -1  11   0 0.00  0.0    0 12.8 20  90   M    M   0        29 100
18  60  34  47  -8  18   0 0.00  0.0    0 17.0 28 290   M    M   5        39 260
================================================================================
SM  983  563       399   6  0.53     0.0 238.0          M       77
================================================================================
AV 54.6 31.3                              13.2 FASTST   M    M   4    MAX(MPH)
                                 MISC ---->  # 36 200               # 50  190
================================================================================
NOTES:
# LAST OF SEVERAL OCCURRENCES

COLUMN 17 PEAK WIND IN M.P.H.

PRELIMINARY LOCAL CLIMATOLOGICAL DATA (WS FORM: F-6) , PAGE 2

                                          STATION:  New Century Air Center KS
                                          MONTH:    APRIL
                                          YEAR:     2018
                                          LATITUDE:   38 49 N
                                          LONGITUDE:  94 54 W

[TEMPERATURE DATA]      [PRECIPITATION DATA]       SYMBOLS USED IN COLUMN 16

AVERAGE MONTHLY: 42.9   TOTAL FOR MONTH:   0.53    1 = FOG OR MIST
DPTR FM NORMAL:  -9.7   DPTR FM NORMAL:   -1.40    2 = FOG REDUCING VISIBILITY
HIGHEST:    83 ON 13    GRTST 24HR  0.20 ON 13-13      TO 1/4 MILE OR LESS
LOWEST:     19 ON  4                               3 = THUNDER
                        SNOW, ICE PELLETS, HAIL    4 = ICE PELLETS
                        TOTAL MONTH:   0.0 INCH    5 = HAIL
                        GRTST 24HR     0.0         6 = FREEZING RAIN OR DRIZZLE
                        GRTST DEPTH:   0           7 = DUSTSTORM OR SANDSTORM:
                                                       VSBY 1/2 MILE OR LESS
                                                   8 = SMOKE OR HAZE
[NO. OF DAYS WITH]      [WEATHER - DAYS WITH]      9 = BLOWING SNOW
                                                   X = TORNADO
MAX 32 OR BELOW:   1    0.01 INCH OR MORE:   6
MAX 90 OR ABOVE:   0    0.10 INCH OR MORE:   2
MIN 32 OR BELOW:  12    0.50 INCH OR MORE:   0
MIN  0 OR BELOW:   0    1.00 INCH OR MORE:   0

[HDD (BASE 65) ]
TOTAL THIS MO.   399    CLEAR  (SCALE 0-3)   7
DPTR FM NORMAL   170    PTCLDY (SCALE 4-7)   7
TOTAL FM JUL 1  4909    CLOUDY (SCALE 8-10)  4
DPTR FM NORMAL    50

[CDD (BASE 65) ]
TOTAL THIS MO.     6
DPTR FM NORMAL    -1    [PRESSURE DATA]
TOTAL FM JAN 1     6    HIGHEST SLP  0.00 ON M
DPTR FM NORMAL    -3    LOWEST  SLP  0.00 ON M

[REMARKS]
