000
CXUS55 KRIW 270945
CF6JAC
PRELIMINARY LOCAL CLIMATOLOGICAL DATA (WS FORM: F-6)

                                          STATION:   JACKSON  WY
                                          MONTH:     MAY
                                          YEAR:      2018
                                          LATITUDE:   43 35 N
                                          LONGITUDE: 110 44 W

  TEMPERATURE IN F:       :PCPN:    SNOW:  WIND      :SUNSHINE: SKY     :PK WND
================================================================================
1   2   3   4   5  6A  6B    7    8   9   10  11  12  13   14  15   16   17  18
                                     12Z  AVG MX 2MIN
DY MAX MIN AVG DEP HDD CDD  WTR  SNW DPTH SPD SPD DIR MIN PSBL S-S WX    SPD DR
================================================================================

 1  49  30  40  -2  25   0    T    M    M  6.7 12  90   M    M   8         M  M
 2  56  25  41  -2  24   0 0.00  0.0    M  6.5 12 350   M    M   1         M  M
 3  57  24  41  -2  24   0 0.00  0.0    M  6.0 14 290   M    M   2        20 320
 4  65  26  46   3  19   0 0.00  0.0    M  6.5 15 260   M    M   1        23 200
 5  67  28  48   4  17   0    T    M    M  5.9 20 320   M    M   2        25 320
 6  74  35  55  11  10   0 0.00    M    M  6.6 14 210   M    M   2        20 220
 7  67  33  50   6  15   0 0.00    M    M  9.2 20 270   M    M   3        31 260
 8  68  30  49   4  16   0 0.00    M    M  5.5 14 280   M    M   0        21  99
 9  74  34  54   9  11   0 0.00    M    M  8.3 21 250   M    M   1        28 250
10  65  43  54   9  11   0 0.03    M    M  7.8 16 200   M    M   5        33 230
11  54  37  46   0  19   0 0.20    M    M  7.4 23  80   M    M   7        30  80
12  52  39  46   0  19   0 0.47    M    M 13.0 18  20   M    M  10 18     25  20
13  59  32  46   0  19   0 0.00    M    M  4.9 15  20   M    M   4 12      M  M
14  65  31  48   2  17   0 0.00    M    M  5.0 14 300   M    M   0         M  M
15  67  32  50   3  15   0 0.01    M    M  4.3  8 230   M    M   1         M  M
16  69  33  51   4  14   0 0.02    M    M  6.0 16 230   M    M   2 3      22 220
17  63  33  48   1  17   0    T    M    M  7.1 22 170   M    M   1        28 170
18  64  34  49   1  16   0    T    M    M  6.6 21  70   M    M   2 3      31  10
19  61  37  49   1  16   0    T    M    M  6.4 15  80   M    M   8        16 190
20  68  35  52   4  13   0 0.01    M    M  3.9 12 190   M    M   1 3       M  M
21  69  41  55   7  10   0    T    M    0  5.5 12 130   M    M   1 3      21 130
22  66  36  51   2  14   0 0.01    M    M  6.3 21 200   M    M   3 3      28 200
23  52  44  48  -1  17   0 0.94    M    M  5.5 15 190   M    M   9 1       M  M
24  66  42  54   5  11   0 0.05    M    M  3.7  8 230   M    M   6 13      M  M
25  75  36  56   7   9   0 0.00    M    M  4.4  9 240   M    M   3 1       M  M
26  74  39  57   7   8   0 0.02    M    M  6.7 20  30   M    M   1 3      20 280
================================================================================
SM 1666  889       406   0  1.76     0.0 165.7          M       84
================================================================================
AV 64.1 34.2                               6.4 FASTST   M    M   3    MAX(MPH)
                                 MISC ---->  # 23  80               # 33  230
================================================================================
NOTES:
# LAST OF SEVERAL OCCURRENCES

COLUMN 17 PEAK WIND IN M.P.H.

PRELIMINARY LOCAL CLIMATOLOGICAL DATA (WS FORM: F-6) , PAGE 2

                                          STATION:  JACKSON  WY
                                          MONTH:    MAY
                                          YEAR:     2018
                                          LATITUDE:   43 35 N
                                          LONGITUDE: 110 44 W

[TEMPERATURE DATA]      [PRECIPITATION DATA]       SYMBOLS USED IN COLUMN 16

AVERAGE MONTHLY: 49.1   TOTAL FOR MONTH:   1.76    1 = FOG OR MIST
DPTR FM NORMAL:   2.9   DPTR FM NORMAL:    0.22    2 = FOG REDUCING VISIBILITY
HIGHEST:    75 ON 25    GRTST 24HR  0.94 ON 23-23      TO 1/4 MILE OR LESS
LOWEST:     24 ON  3                               3 = THUNDER
                        SNOW, ICE PELLETS, HAIL    4 = ICE PELLETS
                        TOTAL MONTH:   0.0 INCH    5 = HAIL
                        GRTST 24HR     0.0         6 = FREEZING RAIN OR DRIZZLE
                        GRTST DEPTH:   0           7 = DUSTSTORM OR SANDSTORM:
                                                       VSBY 1/2 MILE OR LESS
                                                   8 = SMOKE OR HAZE
[NO. OF DAYS WITH]      [WEATHER - DAYS WITH]      9 = BLOWING SNOW
                                                   X = TORNADO
MAX 32 OR BELOW:   0    0.01 INCH OR MORE:  10
MAX 90 OR ABOVE:   0    0.10 INCH OR MORE:   3
MIN 32 OR BELOW:   9    0.50 INCH OR MORE:   1
MIN  0 OR BELOW:   0    1.00 INCH OR MORE:   0

[HDD (BASE 65) ]
TOTAL THIS MO.   406    CLEAR  (SCALE 0-3)  18
DPTR FM NORMAL   -83    PTCLDY (SCALE 4-7)   5
TOTAL FM JUL 1  8730    CLOUDY (SCALE 8-10)  3
DPTR FM NORMAL  -889

[CDD (BASE 65) ]
TOTAL THIS MO.     0
DPTR FM NORMAL     0    [PRESSURE DATA]
TOTAL FM JAN 1     0    HIGHEST SLP M ON M
DPTR FM NORMAL     0    LOWEST  SLP M ON M

[REMARKS]
