000
CXUS53 KIND 220730
CF6LAF
PRELIMINARY LOCAL CLIMATOLOGICAL DATA (WS FORM: F-6)

                                          STATION:   LAFAYETTE IN
                                          MONTH:     MAY
                                          YEAR:      2018
                                          LATITUDE:   40 25 N
                                          LONGITUDE:  86 56 W

  TEMPERATURE IN F:       :PCPN:    SNOW:  WIND      :SUNSHINE: SKY     :PK WND
================================================================================
1   2   3   4   5  6A  6B    7    8   9   10  11  12  13   14  15   16   17  18
                                     12Z  AVG MX 2MIN
DY MAX MIN AVG DEP HDD CDD  WTR  SNW DPTH SPD SPD DIR MIN PSBL S-S WX    SPD DR
================================================================================

 1  82  44  63   6   2   0 0.00    M    M  8.1 20 180   M    M   0        28 200
 2  86  64  75  18   0  10 0.00    M    M 12.2 23 210   M    M   2        33 210
 3  75  64  70  12   0   5 0.20    M    M 10.9 24 250   M    M   5 13     34 260
 4  73  53  63   5   2   0    T    M    M 11.1 25 270   M    M   4        37 250
 5  79  49  64   6   1   0 0.00    M    M  3.3 14 270   M    M   2        20 270
 6  78  49  64   5   1   0    T    M    M  7.7 21 360   M    M   1        27 340
 7  73  46  60   1   5   0 0.00    M    M  5.6 15  60   M    M   0        19  40
 8  79  45  62   3   3   0 0.00    M    M  3.3 15 110   M    M   0        19 100
 9  82  50  66   6   0   1 0.18    M    M  9.7 30 290   M    M   M 13     43 270
10  80  54  67   7   0   2 0.00    M    M  8.2 17 270   M    M   1 1      22 260
11  82  57  70  10   0   5 0.00    M    M  9.8 20  90   M    M   1        24 100
12  73  54  64   4   1   0    T    M    M  6.0 17 110   M    M   3        20  60
13  84  54  69   8   0   4    T    M    M  6.7 18 340   M    M   3 1      26 350
14  89  61  75  14   0  10 0.00    M    M  6.8 23 320   M    M   1 18     34 310
15  75  60  68   6   0   3 1.35    M    M  5.0 16 320   M    M   6 1238   24 330
16  77  60  69   7   0   4 0.00    M    M  8.5 15  50   M    M   1        19  70
17  80  54  67   5   0   2 0.00    M    M  9.4 21  50   M    M   0 1      25  70
18  71  58  65   3   0   0 0.37    M    M 13.0 21  70   M    M   9 18     25  60
19  79  58  69   6   0   4 0.01    M    M  5.3 15  10   M    M   6 1      20  10
20  74  59  67   4   0   2 0.00    M    M  7.4 16  10   M    M   2 1      20 340
21  78  59  69   5   0   4 0.02    M    M  5.1 14  90   M    M   6 18     17 100
================================================================================
SM 1649 1152        15  56  2.13    M    163.1          M       53
================================================================================
AV 78.5 54.9                               7.8 FASTST   M    M   3    MAX(MPH)
                                 MISC ---->  # 30 290               # 43  270
================================================================================
NOTES:
# LAST OF SEVERAL OCCURRENCES

COLUMN 17 PEAK WIND IN M.P.H.

PRELIMINARY LOCAL CLIMATOLOGICAL DATA (WS FORM: F-6) , PAGE 2

                                          STATION:  LAFAYETTE IN
                                          MONTH:    MAY
                                          YEAR:     2018
                                          LATITUDE:   40 25 N
                                          LONGITUDE:  86 56 W

[TEMPERATURE DATA]      [PRECIPITATION DATA]       SYMBOLS USED IN COLUMN 16

AVERAGE MONTHLY: 66.7   TOTAL FOR MONTH:   2.13    1 = FOG OR MIST
DPTR FM NORMAL:   6.5   DPTR FM NORMAL:   -0.66    2 = FOG REDUCING VISIBILITY
HIGHEST:    89 ON 14    GRTST 24HR  1.35 ON 15-15      TO 1/4 MILE OR LESS
LOWEST:     44 ON  1                               3 = THUNDER
                        SNOW, ICE PELLETS, HAIL    4 = ICE PELLETS
                        TOTAL MONTH:    M          5 = HAIL
                        GRTST 24HR    M  ON   M    6 = FREEZING RAIN OR DRIZZLE
                        GRTST DEPTH:  M  ON   M    7 = DUSTSTORM OR SANDSTORM:
                                                       VSBY 1/2 MILE OR LESS
                                                   8 = SMOKE OR HAZE
[NO. OF DAYS WITH]      [WEATHER - DAYS WITH]      9 = BLOWING SNOW
                                                   X = TORNADO
MAX 32 OR BELOW:   0    0.01 INCH OR MORE:   6
MAX 90 OR ABOVE:   0    0.10 INCH OR MORE:   4
MIN 32 OR BELOW:   0    0.50 INCH OR MORE:   1
MIN  0 OR BELOW:   0    1.00 INCH OR MORE:   1

[HDD (BASE 65) ]
TOTAL THIS MO.    15    CLEAR  (SCALE 0-3)  13
DPTR FM NORMAL  -115    PTCLDY (SCALE 4-7)   6
TOTAL FM JUL 1  5946    CLOUDY (SCALE 8-10)  1
DPTR FM NORMAL   326

[CDD (BASE 65) ]
TOTAL THIS MO.    56
DPTR FM NORMAL    24    [PRESSURE DATA]
TOTAL FM JAN 1    58    HIGHEST SLP M ON M
DPTR FM NORMAL    13    LOWEST  SLP 29.74 ON  9

[REMARKS]
