000
CXUS55 KBYZ 211056
CF6LVM
PRELIMINARY LOCAL CLIMATOLOGICAL DATA (WS FORM: F-6)

                                          STATION:   LIVINGSTON MT
                                          MONTH:     MAY
                                          YEAR:      2018
                                          LATITUDE:   45 41 N
                                          LONGITUDE: 110 26 W

  TEMPERATURE IN F:       :PCPN:    SNOW:  WIND      :SUNSHINE: SKY     :PK WND
================================================================================
1   2   3   4   5  6A  6B    7    8   9   10  11  12  13   14  15   16   17  18
                                     12Z  AVG MX 2MIN
DY MAX MIN AVG DEP HDD CDD  WTR  SNW DPTH SPD SPD DIR MIN PSBL S-S WX    SPD DR
================================================================================

 1  54  36  45  -1  20   0 0.09    M    M  7.3 15 290   M    M   6 1      23 260
 2  61  31  46  -1  19   0 0.00    M    M  7.7 18 290   M    M   3        22 310
 3  66  34  50   3  15   0 0.00    M    M 12.6 21 250   M    M   4        28 260
 4  74  39  57  10   8   0 0.00    M    M 13.6 29 270   M    M   1        34 260
 5  74  44  59  11   6   0    T    M    M  9.9 30 240   M    M   4        36 240
 6  78  39  59  11   6   0 0.10    M    M  8.6 28 240   M    M   2 3      33 240
 7  70  43  57   9   8   0 0.05    M    M 11.0 31 330   M    M   5 3      39 340
 8  74  47  61  13   4   0 0.00    M    M 12.2 21 270   M    M   3        26 260
 9  74  35  55   6  10   0 0.15    M    M  5.8 24  20   M    M   3 13     31  20
10  69  46  58   9   7   0 0.31    M    M  7.6 22  70   M    M   7 13     28  80
11  50  39  45  -4  20   0 0.38    M    M 12.5 26  90   M    M  10 1      32  90
12  52  39  46  -4  19   0 0.01    M    M 15.5 25  80   M    M   9 1      29  90
13  62  35  49  -1  16   0    T    M    M  7.6 22 330   M    M   9 12     28 340
14  68  41  55   5  10   0 0.00    M    M  6.1 17  70   M    M   5        21  80
15  76  33  55   5  10   0 0.00    M    M  4.8 17 280   M    M   0        21 280
16  76  47  62  11   3   0    T    M    M 14.4 31 220   M    M   2        39 210
17  73  46  60   9   5   0 0.78    M    M 11.0 26 270   M    M   4 13     32 290
18  52  40  46  -5  19   0 0.14    M    M 14.7 25  90   M    M  10 1      32  90
19  47  39  43  -9  22   0 0.01    M    M 15.4 23  80   M    M  10 1      27  80
20  69  44  57   5   8   0    T    M    M  9.7 18  80   M    M   4 3      25  70
================================================================================
SM 1319  797       235   0  2.02    M    208.0          M      101
================================================================================
AV 66.0 39.9                              10.4 FASTST   M    M   5    MAX(MPH)
                                 MISC ---->  # 31 330               # 39  340
================================================================================
NOTES:
# LAST OF SEVERAL OCCURRENCES

COLUMN 17 PEAK WIND IN M.P.H.

PRELIMINARY LOCAL CLIMATOLOGICAL DATA (WS FORM: F-6) , PAGE 2

                                          STATION:  LIVINGSTON MT
                                          MONTH:    MAY
                                          YEAR:     2018
                                          LATITUDE:   45 41 N
                                          LONGITUDE: 110 26 W

[TEMPERATURE DATA]      [PRECIPITATION DATA]       SYMBOLS USED IN COLUMN 16

AVERAGE MONTHLY: 52.9   TOTAL FOR MONTH:   2.02    1 = FOG OR MIST
DPTR FM NORMAL:   3.7   DPTR FM NORMAL:    0.41    2 = FOG REDUCING VISIBILITY
HIGHEST:    78 ON  6    GRTST 24HR  0.78 ON 17-17      TO 1/4 MILE OR LESS
LOWEST:     31 ON  2                               3 = THUNDER
                        SNOW, ICE PELLETS, HAIL    4 = ICE PELLETS
                        TOTAL MONTH:    M          5 = HAIL
                        GRTST 24HR    M  ON   M    6 = FREEZING RAIN OR DRIZZLE
                        GRTST DEPTH:  M  ON   M    7 = DUSTSTORM OR SANDSTORM:
                                                       VSBY 1/2 MILE OR LESS
                                                   8 = SMOKE OR HAZE
[NO. OF DAYS WITH]      [WEATHER - DAYS WITH]      9 = BLOWING SNOW
                                                   X = TORNADO
MAX 32 OR BELOW:   0    0.01 INCH OR MORE:  10
MAX 90 OR ABOVE:   0    0.10 INCH OR MORE:   6
MIN 32 OR BELOW:   1    0.50 INCH OR MORE:   1
MIN  0 OR BELOW:   0    1.00 INCH OR MORE:   0

[HDD (BASE 65) ]
TOTAL THIS MO.   235    CLEAR  (SCALE 0-3)   7
DPTR FM NORMAL   -83    PTCLDY (SCALE 4-7)   8
TOTAL FM JUL 1  7214    CLOUDY (SCALE 8-10)  5
DPTR FM NORMAL   -52

[CDD (BASE 65) ]
TOTAL THIS MO.     0
DPTR FM NORMAL     0    [PRESSURE DATA]
TOTAL FM JAN 1     0    HIGHEST SLP M ON M
DPTR FM NORMAL     0    LOWEST  SLP 29.71 ON M

[REMARKS]
