000
CXUS55 KPUB 201059
CF6LXV
PRELIMINARY LOCAL CLIMATOLOGICAL DATA (WS FORM: F-6)

                                          STATION:   LEADVILLE CO
                                          MONTH:     APRIL
                                          YEAR:      2018
                                          LATITUDE:   39 15 N
                                          LONGITUDE: 106 18 W

  TEMPERATURE IN F:       :PCPN:    SNOW:  WIND      :SUNSHINE: SKY     :PK WND
================================================================================
1   2   3   4   5  6A  6B    7    8   9   10  11  12  13   14  15   16   17  18
                                     12Z  AVG MX 2MIN
DY MAX MIN AVG DEP HDD CDD  WTR  SNW DPTH SPD SPD DIR MIN PSBL S-S WX    SPD DR
================================================================================

 1  48  30  39  12  26   0    T    M    M 11.7 26 300   M    M   4        41 320
 2  50  26  38  10  27   0 0.05    M    M 11.7 29 280   M    M   5 12     52 300
 3  32  11  22  -6  43   0 0.04    M    M 11.8 28 300   M    M   2 12     43 320
 4  42  19  31   3  34   0    T    M    M 11.2 25 300   M    M   5 1      41 320
 5  45  23  34   6  31   0    T    M    M  9.4 21 300   M    M   3        29 270
 6  35  30  33   5  32   0 0.29    M    M  6.3 15  10   M    M  10 1      22  30
 7  46  31  39  10  26   0 0.61    M    M  6.6 17 360   M    M  10 12     26 330
 8  38  24  31   2  34   0 0.30    M    M  9.2 25 360   M    M   9 12     40 360
 9  36  17  27  -2  38   0 0.03    M    M  7.0 21 310   M    M   5 1      29 320
10  47  15  31   2  34   0 0.00  0.0    M  7.6 18 310   M    M   0        26 320
11  53  25  39   9  26   0 0.00  0.0    M  9.9 24 290   M    M   2        37 310
12  50  20  35   5  30   0 0.03    M    M 13.9 35 190   M    M   4 1      54 180
13  26  12  19 -11  46   0 0.01    M    M 17.3 30 360   M    M   8 1      45 360
14  33  15  24  -6  41   0 0.02    M    M 12.6 24 300   M    M   7 12     38 340
15  45  24  35   4  30   0    T    M    M  6.9 18 270   M    M   6 1      29 280
16  51  25  38   7  27   0 0.00  0.0    M  9.7 21 220   M    M   3        33 190
17  41  15  28  -3  37   0 0.11    M    M 16.4 30 270   M    M   5 12     49 210
18  44   4  24  -8  41   0    T    M    M  5.8 17 170   M    M   1        24 170
19  51  15  33   1  32   0    T    M    M 10.3 25 160   M    M   3        41 160
================================================================================
SM  813  381       635   0  1.49     0.0 195.3          M       92
================================================================================
AV 42.8 20.1                              10.3 FASTST   M    M   5    MAX(MPH)
                                 MISC ---->  # 35 190               # 54  180
================================================================================
NOTES:
# LAST OF SEVERAL OCCURRENCES

COLUMN 17 PEAK WIND IN M.P.H.

PRELIMINARY LOCAL CLIMATOLOGICAL DATA (WS FORM: F-6) , PAGE 2

                                          STATION:  LEADVILLE CO
                                          MONTH:    APRIL
                                          YEAR:     2018
                                          LATITUDE:   39 15 N
                                          LONGITUDE: 106 18 W

[TEMPERATURE DATA]      [PRECIPITATION DATA]       SYMBOLS USED IN COLUMN 16

AVERAGE MONTHLY: 31.4   TOTAL FOR MONTH:   1.49    1 = FOG OR MIST
DPTR FM NORMAL:   1.9   DPTR FM NORMAL:    0.81    2 = FOG REDUCING VISIBILITY
HIGHEST:    53 ON 11    GRTST 24HR  0.61 ON  7- 7      TO 1/4 MILE OR LESS
LOWEST:      4 ON 18                               3 = THUNDER
                        SNOW, ICE PELLETS, HAIL    4 = ICE PELLETS
                        TOTAL MONTH:   0.0 INCH    5 = HAIL
                        GRTST 24HR     0.0         6 = FREEZING RAIN OR DRIZZLE
                        GRTST DEPTH:  M  ON   M    7 = DUSTSTORM OR SANDSTORM:
                                                       VSBY 1/2 MILE OR LESS
                                                   8 = SMOKE OR HAZE
[NO. OF DAYS WITH]      [WEATHER - DAYS WITH]      9 = BLOWING SNOW
                                                   X = TORNADO
MAX 32 OR BELOW:   2    0.01 INCH OR MORE:  10
MAX 90 OR ABOVE:   0    0.10 INCH OR MORE:   4
MIN 32 OR BELOW:  19    0.50 INCH OR MORE:   1
MIN  0 OR BELOW:   0    1.00 INCH OR MORE:   0

[HDD (BASE 65) ]
TOTAL THIS MO.   635    CLEAR  (SCALE 0-3)   6
DPTR FM NORMAL   -40    PTCLDY (SCALE 4-7)  10
TOTAL FM JUL 1  8834    CLOUDY (SCALE 8-10)  3
DPTR FM NORMAL  -824

[CDD (BASE 65) ]
TOTAL THIS MO.     0
DPTR FM NORMAL     0    [PRESSURE DATA]
TOTAL FM JAN 1     0    HIGHEST SLP M ON M
DPTR FM NORMAL     0    LOWEST  SLP 29.33 ON 12

[REMARKS]
