000
CXUS52 KMLB 260701
CF6MLB
PRELIMINARY LOCAL CLIMATOLOGICAL DATA (WS FORM: F-6)

                                          STATION:   MELBOURNE
                                          MONTH:     APRIL
                                          YEAR:      2018
                                          LATITUDE:   28  6 N
                                          LONGITUDE:  80 39 W

  TEMPERATURE IN F:       :PCPN:    SNOW:  WIND      :SUNSHINE: SKY     :PK WND
================================================================================
1   2   3   4   5  6A  6B    7    8   9   10  11  12  13   14  15   16   17  18
                                     12Z  AVG MX 2MIN
DY MAX MIN AVG DEP HDD CDD  WTR  SNW DPTH SPD SPD DIR MIN PSBL S-S WX    SPD DR
================================================================================

 1  81  66  74   6   0   9 0.00  0.0    0  7.4 15  60   M    M   5 1      19  40
 2  82  64  73   5   0   8 0.00  0.0    0  7.4 16 110   M    M   3 12     20 110
 3  83  66  75   7   0  10 0.00  0.0    0  9.0 20 110   M    M   2        24 100
 4  91  65  78  10   0  13    T  0.0    0  6.2 21 360   M    M   3 18     29 350
 5  80  68  74   5   0   9 0.00  0.0    0 12.7 22 350   M    M   2        26 350
 6  82  72  77   8   0  12 0.00  0.0    0 11.5 17 110   M    M   4        23 120
 7  91  67  79  10   0  14 0.13  0.0    0 12.4 26 230   M    M   2 38     33 240
 8  78  67  73   4   0   8    T  0.0    0  9.4 20  30   M    M   7        24  20
 9  91  71  81  12   0  16    T  0.0    0  9.1 20 250   M    M   5 13     24 200
10  87  67  77   8   0  12 0.90  0.0    0  6.9 33 290   M    M   6 138    39 290
11  76  62  69  -1   0   4 0.02  0.0    0 13.3 24 360   M    M   4 13     30  10
12  80  59  70   0   0   5 0.00  0.0    0 10.8 18 110   M    M   4 1      24 110
13  81  72  77   7   0  12 0.00  0.0    0 11.6 17 100   M    M   1        23 100
14  84  71  78   8   0  13 0.18  0.0    0 11.9 23 110   M    M   4 18     28 120
15  89  66  78   8   0  13 0.06  0.0    0 14.1 28 240   M    M   5 138    36 240
16  76  57  67  -3   0   2 0.00  0.0    0 13.8 24 270   M    M   1        31 290
17  76  50  63  -8   2   0 0.00  0.0    0  8.2 16  30   M    M   0        20  10
18  82  52  67  -4   0   2 0.00  0.0    0  6.4 14 130   M    M   0        18 130
19  89  63  76   5   0  11 0.00  0.0    0  8.1 16 120   M    M   0 8      26 240
20  81  60  71   0   0   6 0.00  0.0    0  6.1 14  30   M    M   1        16  70
21  82  72  77   6   0  12 0.29  0.0    0 17.1 28 100   M    M   8 1      32 100
22  81  71  76   4   0  11 0.53  0.0    0 15.5 23 100   M    M   8 18     30  90
23  88  72  80   8   0  15 0.73  0.0    0 10.1 24 140   M    M   5 138    32 160
24  89  66  78   6   0  13 0.11  0.0    0 10.0 21 250   M    M   3 1      26 250
25  85  61  73   1   0   8 0.00  0.0    0  9.2 17 260   M    M   2        25 270
================================================================================
SM 2085 1627         2 238  2.95     0.0 258.2          M       85
================================================================================
AV 83.4 65.1                              10.3 FASTST   M    M   3    MAX(MPH)
                                 MISC ---->  # 33 290               # 39  290
================================================================================
NOTES:
# LAST OF SEVERAL OCCURRENCES

COLUMN 17 PEAK WIND IN M.P.H.

PRELIMINARY LOCAL CLIMATOLOGICAL DATA (WS FORM: F-6) , PAGE 2

                                          STATION:  MELBOURNE
                                          MONTH:    APRIL
                                          YEAR:     2018
                                          LATITUDE:   28  6 N
                                          LONGITUDE:  80 39 W

[TEMPERATURE DATA]      [PRECIPITATION DATA]       SYMBOLS USED IN COLUMN 16

AVERAGE MONTHLY: 74.2   TOTAL FOR MONTH:   2.95    1 = FOG OR MIST
DPTR FM NORMAL:   4.3   DPTR FM NORMAL:    1.15    2 = FOG REDUCING VISIBILITY
HIGHEST:    91 ON  9, 7 GRTST 24HR  0.90 ON 10-10      TO 1/4 MILE OR LESS
LOWEST:     50 ON 17                               3 = THUNDER
                        SNOW, ICE PELLETS, HAIL    4 = ICE PELLETS
                        TOTAL MONTH:   0.0 INCH    5 = HAIL
                        GRTST 24HR     0.0         6 = FREEZING RAIN OR DRIZZLE
                        GRTST DEPTH:   0           7 = DUSTSTORM OR SANDSTORM:
                                                       VSBY 1/2 MILE OR LESS
                                                   8 = SMOKE OR HAZE
[NO. OF DAYS WITH]      [WEATHER - DAYS WITH]      9 = BLOWING SNOW
                                                   X = TORNADO
MAX 32 OR BELOW:   0    0.01 INCH OR MORE:   9
MAX 90 OR ABOVE:   3    0.10 INCH OR MORE:   7
MIN 32 OR BELOW:   0    0.50 INCH OR MORE:   3
MIN  0 OR BELOW:   0    1.00 INCH OR MORE:   0

[HDD (BASE 65) ]
TOTAL THIS MO.     2    CLEAR  (SCALE 0-3)  11
DPTR FM NORMAL   -13    PTCLDY (SCALE 4-7)  13
TOTAL FM JUL 1   342    CLOUDY (SCALE 8-10)  1
DPTR FM NORMAL  -233

[CDD (BASE 65) ]
TOTAL THIS MO.   238
DPTR FM NORMAL   100    [PRESSURE DATA]
TOTAL FM JAN 1   699    HIGHEST SLP M ON M
DPTR FM NORMAL   364    LOWEST  SLP 29.74 ON  7

[REMARKS]
