875
CXUS54 KTSA 220840
CF6MLC
PRELIMINARY LOCAL CLIMATOLOGICAL DATA (WS FORM: F-6)

                                          STATION:   MCALESTER OKLAHOMA
                                          MONTH:     APRIL
                                          YEAR:      2018
                                          LATITUDE:   34 52 N
                                          LONGITUDE:  95 47 W

  TEMPERATURE IN F:       :PCPN:    SNOW:  WIND      :SUNSHINE: SKY     :PK WND
================================================================================
1   2   3   4   5  6A  6B    7    8   9   10  11  12  13   14  15   16   17  18
                                     12Z  AVG MX 2MIN
DY MAX MIN AVG DEP HDD CDD  WTR  SNW DPTH SPD SPD DIR MIN PSBL S-S WX    SPD DR
================================================================================

 1  56  34  45 -13  20   0 0.18  0.0    0 10.2 20 350   M    M   9 1      24 360
 2  59  34  47 -11  18   0    T  0.0    0  6.8 15 220   M    M   9 1      22 180
 3  77  43  60   2   5   0    T  0.0    0 17.3 30 350   M    M   7 1      40 350
 4  58  34  46 -12  19   0 0.00  0.0    0  6.9 18  10   M    M   2        22 360
 5  62  37  50  -9  15   0    T  0.0    0  6.9 15 140   M    M   5 3      23 190
 6  58  38  48 -11  17   0 0.87    M    0 12.4 31  10   M    M  10 13     40  20
 7  43  28  36 -23  29   0 0.02    M    0 12.2 28  10   M    M   7 1      35  10
 8  49  29  39 -20  26   0 0.00  0.0    0  3.8 13 160   M    M   5        20 130
 9  68  37  53  -7  12   0 0.00  0.0    0  6.6 15  20   M    M   2        22  30
10  69  36  53  -7  12   0 0.00  0.0    0  3.2 14 340   M    M   2 18     18 350
11  78  55  67   7   0   2 0.00  0.0    0 12.7 23 180   M    M   2        36 190
12  80  60  70  10   0   5 0.00  0.0    0 14.3 26 190   M    M   3        41 170
13  76  59  68   7   0   3 0.60  0.0    0 12.5 24 220   M    M   8 138    38 190
14  59  38  49 -12  16   0    T  0.0    0 14.7 28 260   M    M   6 8      37 270
15  55  32  44 -17  21   0 0.00  0.0    0 13.0 24 320   M    M   6        35 340
16  73  30  52 -10  13   0 0.00  0.0    0  5.8 17 210   M    M   2        23 210
17  83  59  71   9   0   6 0.00  0.0    0 15.0 29 210   M    M   1        36 210
18  72  51  62   0   3   0 0.00  0.0    0 13.8 24 200   M    M   4        37 180
19  63  40  52 -10  13   0 0.00  0.0    0  7.1 17  10   M    M   1        24  10
20  71  39  55  -7  10   0 0.00  0.0    0  6.1 14 130   M    M   1        23 100
21  58  49  54  -9  11   0 0.81    M    0  6.5 13 320   M    M   7 13     16 310
================================================================================
SM 1367  862       260  16  2.48     0.0 207.8          M       99
================================================================================
AV 65.1 41.1                               9.9 FASTST   M    M   5    MAX(MPH)
                                 MISC ---->  # 31  10               # 41  170
================================================================================
NOTES:
# LAST OF SEVERAL OCCURRENCES

COLUMN 17 PEAK WIND IN M.P.H.

PRELIMINARY LOCAL CLIMATOLOGICAL DATA (WS FORM: F-6) , PAGE 2

                                          STATION:  MCALESTER OKLAHOMA
                                          MONTH:    APRIL
                                          YEAR:     2018
                                          LATITUDE:   34 52 N
                                          LONGITUDE:  95 47 W

[TEMPERATURE DATA]      [PRECIPITATION DATA]       SYMBOLS USED IN COLUMN 16

AVERAGE MONTHLY: 53.1   TOTAL FOR MONTH:   2.48    1 = FOG OR MIST
DPTR FM NORMAL:  -7.1   DPTR FM NORMAL:   -0.05    2 = FOG REDUCING VISIBILITY
HIGHEST:    83 ON 17    GRTST 24HR  0.87 ON  6- 6      TO 1/4 MILE OR LESS
LOWEST:     28 ON  7                               3 = THUNDER
                        SNOW, ICE PELLETS, HAIL    4 = ICE PELLETS
                        TOTAL MONTH:   0.0 INCH    5 = HAIL
                        GRTST 24HR     0.0         6 = FREEZING RAIN OR DRIZZLE
                        GRTST DEPTH:   0           7 = DUSTSTORM OR SANDSTORM:
                                                       VSBY 1/2 MILE OR LESS
                                                   8 = SMOKE OR HAZE
[NO. OF DAYS WITH]      [WEATHER - DAYS WITH]      9 = BLOWING SNOW
                                                   X = TORNADO
MAX 32 OR BELOW:   0    0.01 INCH OR MORE:   5
MAX 90 OR ABOVE:   0    0.10 INCH OR MORE:   4
MIN 32 OR BELOW:   4    0.50 INCH OR MORE:   3
MIN  0 OR BELOW:   0    1.00 INCH OR MORE:   0

[HDD (BASE 65) ]
TOTAL THIS MO.   260    CLEAR  (SCALE 0-3)   9
DPTR FM NORMAL   126    PTCLDY (SCALE 4-7)   9
TOTAL FM JUL 1  3103    CLOUDY (SCALE 8-10)  3
DPTR FM NORMAL   -21

[CDD (BASE 65) ]
TOTAL THIS MO.    16
DPTR FM NORMAL   -17    [PRESSURE DATA]
TOTAL FM JAN 1    27    HIGHEST SLP M ON M
DPTR FM NORMAL   -24    LOWEST  SLP 29.39 ON 13

[REMARKS]
