000
CXUS53 KBIS 260803
CF6MOT
PRELIMINARY LOCAL CLIMATOLOGICAL DATA (WS FORM: F-6)

                                          STATION:   MINOT ND
                                          MONTH:     APRIL
                                          YEAR:      2018
                                          LATITUDE:   48 15 N
                                          LONGITUDE: 101 16 W

  TEMPERATURE IN F:       :PCPN:    SNOW:  WIND      :SUNSHINE: SKY     :PK WND
================================================================================
1   2   3   4   5  6A  6B    7    8   9   10  11  12  13   14  15   16   17  18
                                     12Z  AVG MX 2MIN
DY MAX MIN AVG DEP HDD CDD  WTR  SNW DPTH SPD SPD DIR MIN PSBL S-S WX    SPD DR
================================================================================

 1  24   7  16 -20  49   0 0.00    M    M 12.8 22 250   M    M   1        27 250
 2  20   5  13 -24  52   0 0.00    M    M  9.4 17  60   M    M   3        20  60
 3  28   5  17 -20  48   0 0.00    M    M 10.2 20 280   M    M   3        24 280
 4  32  11  22 -16  43   0 0.00    M    M  8.3 15 220   M    M   1        19 200
 5  27   3  15 -23  50   0 0.01    M    M 15.8 32 330   M    M   8 189    42 330
 6  20  -1  10 -29  55   0 0.00    M    M 16.3 28 280   M    M   0        33 290
 7  26   3  15 -24  50   0 0.00    M    M  7.6 15 110   M    M   0        17 100
 8  27  15  21 -19  44   0    T    M    M 11.1 21 100   M    M   8 12     25 100
 9  32  14  23 -17  42   0 0.00    M    M  6.3 14 230   M    M  10 128    19 220
10  40  23  32  -9  33   0 0.00    M    M  8.3 20 300   M    M   2 18     23 300
11  38  26  32  -9  33   0    T    M    M  9.5 22 100   M    M   7 18     26 100
12  35  27  31 -11  34   0 0.00    M    M 10.2 17  70   M    M   9 1      20  60
13  37  22  30 -12  35   0 0.00    M    M 11.8 20 340   M    M   0        23 340
14  37  21  29 -14  36   0 0.00    M    M  7.3 18 100   M    M   0        23 110
15  39  19  29 -14  36   0 0.00    M    M  7.6 18 120   M    M   0        23 100
16  41  19  30 -14  35   0 0.00    M    M 13.0 24 120   M    M   0        30 120
17  44  30  37  -7  28   0 0.00    M    M 16.4 28 110   M    M   3        34 120
18  48  31  40  -5  25   0 0.00    M    M  4.7 15 300   M    M   5 18     19 300
19  49  33  41  -4  24   0 0.00    M    M  4.8 10 160   M    M   6 18     13 230
20  60  31  46   0  19   0 0.00    M    M  9.2 23 190   M    M   1 1      34 190
21  66  39  53   7  12   0 0.00    M    M 18.1 31 160   M    M   1        41 160
22  65  41  53   7  12   0    T    M    M 10.4 26 170   M    M   2        38 170
23  56  35  46  -1  19   0    T    M    M 12.1 22 320   M    M   4        24 320
24  61  30  46  -1  19   0 0.00    M    M  8.2 17 310   M    M   0        24 310
25  72  41  57   9   8   0 0.00    M    M 16.7 30 340   M    M   0        41 210
================================================================================
SM 1024  530       841   0  0.01    M    266.1          M       74
================================================================================
AV 41.0 21.2                              10.6 FASTST   M    M   3    MAX(MPH)
                                 MISC ---->  # 32 330               # 42  330
================================================================================
NOTES:
# LAST OF SEVERAL OCCURRENCES

COLUMN 17 PEAK WIND IN M.P.H.

PRELIMINARY LOCAL CLIMATOLOGICAL DATA (WS FORM: F-6) , PAGE 2

                                          STATION:  MINOT ND
                                          MONTH:    APRIL
                                          YEAR:     2018
                                          LATITUDE:   48 15 N
                                          LONGITUDE: 101 16 W

[TEMPERATURE DATA]      [PRECIPITATION DATA]       SYMBOLS USED IN COLUMN 16

AVERAGE MONTHLY: 31.1   TOTAL FOR MONTH:   0.01    1 = FOG OR MIST
DPTR FM NORMAL: -11.1   DPTR FM NORMAL:   -0.86    2 = FOG REDUCING VISIBILITY
HIGHEST:    72 ON 25    GRTST 24HR  0.01 ON  5- 5      TO 1/4 MILE OR LESS
LOWEST:     -1 ON  6                               3 = THUNDER
                        SNOW, ICE PELLETS, HAIL    4 = ICE PELLETS
                        TOTAL MONTH:    M          5 = HAIL
                        GRTST 24HR    M  ON   M    6 = FREEZING RAIN OR DRIZZLE
                        GRTST DEPTH:  M  ON   M    7 = DUSTSTORM OR SANDSTORM:
                                                       VSBY 1/2 MILE OR LESS
                                                   8 = SMOKE OR HAZE
[NO. OF DAYS WITH]      [WEATHER - DAYS WITH]      9 = BLOWING SNOW
                                                   X = TORNADO
MAX 32 OR BELOW:   9    0.01 INCH OR MORE:   1
MAX 90 OR ABOVE:   0    0.10 INCH OR MORE:   0
MIN 32 OR BELOW:  20    0.50 INCH OR MORE:   0
MIN  0 OR BELOW:   1    1.00 INCH OR MORE:   0

[HDD (BASE 65) ]
TOTAL THIS MO.   841    CLEAR  (SCALE 0-3)  14
DPTR FM NORMAL   270    PTCLDY (SCALE 4-7)   9
TOTAL FM JUL 1  8596    CLOUDY (SCALE 8-10)  2
DPTR FM NORMAL   310

[CDD (BASE 65) ]
TOTAL THIS MO.     0
DPTR FM NORMAL     0    [PRESSURE DATA]
TOTAL FM JAN 1     0    HIGHEST SLP  0.00 ON 20
DPTR FM NORMAL     0    LOWEST  SLP 29.69 ON M

[REMARKS]
