000
CXUS51 KBTV 260700
CF6MPV
PRELIMINARY LOCAL CLIMATOLOGICAL DATA (WS FORM: F-6)

                                          STATION:   MONTPELIER VT
                                          MONTH:     APRIL
                                          YEAR:      2018
                                          LATITUDE:   44 12 N
                                          LONGITUDE:  72 34 W

  TEMPERATURE IN F:       :PCPN:    SNOW:  WIND      :SUNSHINE: SKY     :PK WND
================================================================================
1   2   3   4   5  6A  6B    7    8   9   10  11  12  13   14  15   16   17  18
                                     12Z  AVG MX 2MIN
DY MAX MIN AVG DEP HDD CDD  WTR  SNW DPTH SPD SPD DIR MIN PSBL S-S WX    SPD DR
================================================================================

 1  46  26  36   0  29   0    T    M    0 12.1 24 220   M    M   6        33 200
 2  40  24  32  -4  33   0 0.00  0.0    0  3.0 15 300   M    M   2        20 300
 3  46  25  36  -1  29   0 0.02    M    0  7.5 21 160   M    M   7 1      25 160
 4  43  23  33  -4  32   0 0.52    M    0 10.2 31 260   M    M   9 18     45 250
 5  31  18  25 -13  40   0    T    M    0 13.6 25 300   M    M   4        35 320
 6  36  17  27 -11  38   0 0.09    M    0  9.3 21 160   M    M   6 18     25 170
 7  36  26  31  -8  34   0    T    M    0  8.7 18 300   M    M   5 1      31 300
 8  31  19  25 -14  40   0    T    M    0  7.0 16 300   M    M   7 1      22 300
 9  33  17  25 -15  40   0 0.00  0.0    0  8.0 18 360   M    M   4        25 350
10  38  19  29 -11  36   0 0.03    M    0  1.8 13 340   M    M   7 18     17 340
11  43  18  31  -9  34   0 0.00  0.0    0  5.0 16 220   M    M   3        22 180
12  49  27  38  -3  27   0 0.48    M    0  7.7 23 160   M    M   8 1      27 160
13  49  40  45   4  20   0 0.46    M    0  4.0 14 320   M    M  10 1      20 340
14  41  21  31 -11  34   0 0.36    M    0  7.7 17  40   M    M  10 126    22  40
15  28  21  25 -17  40   0 0.37    M    0  5.4 12 150   M    M  10 16     14 150
16  39  25  32 -11  33   0 0.45    M    0  8.0 24 150   M    M  10 16     31 140
17  39  30  35  -8  30   0 0.25    M    0  4.3 13 300   M    M  10 1      20 310
18  44  29  37  -7  28   0    T    M    0  6.3 15 290   M    M  10        27 290
19  40  30  35  -9  30   0 0.01    M    0  9.0 21 300   M    M  10 1      29 310
20  36  29  33 -11  32   0 0.01    M    0 12.8 23 310   M    M  10 1      32 320
21  49  29  39  -6  26   0 0.00  0.0    0  9.1 21 310   M    M   2        32 290
22  53  25  39  -6  26   0 0.00  0.0    0  5.0 20 320   M    M   0        28 310
23  64  23  44  -2  21   0 0.00  0.0    0  2.4 14 160   M    M   0 8      19 150
24  70  30  50   4  15   0 0.00  0.0    0  5.9 17 170   M    M   0        22 160
25  53  47  50   3  15   0 0.52    M    0  5.1 14 160   M    M   8 1      17 160
================================================================================
SM 1077  638       762   0  3.57     0.0 178.9          M      158
================================================================================
AV 43.1 25.5                               7.2 FASTST   M    M   6    MAX(MPH)
                                 MISC ---->  # 31 260               # 45  250
================================================================================
NOTES:
# LAST OF SEVERAL OCCURRENCES

COLUMN 17 PEAK WIND IN M.P.H.

PRELIMINARY LOCAL CLIMATOLOGICAL DATA (WS FORM: F-6) , PAGE 2

                                          STATION:  MONTPELIER VT
                                          MONTH:    APRIL
                                          YEAR:     2018
                                          LATITUDE:   44 12 N
                                          LONGITUDE:  72 34 W

[TEMPERATURE DATA]      [PRECIPITATION DATA]       SYMBOLS USED IN COLUMN 16

AVERAGE MONTHLY: 34.3   TOTAL FOR MONTH:   3.57    1 = FOG OR MIST
DPTR FM NORMAL:  -7.0   DPTR FM NORMAL:    1.38    2 = FOG REDUCING VISIBILITY
HIGHEST:    70 ON 24    GRTST 24HR  0.52 ON 25-25      TO 1/4 MILE OR LESS
LOWEST:     17 ON  9, 6                            3 = THUNDER
                        SNOW, ICE PELLETS, HAIL    4 = ICE PELLETS
                        TOTAL MONTH:   0.0 INCH    5 = HAIL
                        GRTST 24HR     0.0         6 = FREEZING RAIN OR DRIZZLE
                        GRTST DEPTH:   0           7 = DUSTSTORM OR SANDSTORM:
                                                       VSBY 1/2 MILE OR LESS
                                                   8 = SMOKE OR HAZE
[NO. OF DAYS WITH]      [WEATHER - DAYS WITH]      9 = BLOWING SNOW
                                                   X = TORNADO
MAX 32 OR BELOW:   3    0.01 INCH OR MORE:  13
MAX 90 OR ABOVE:   0    0.10 INCH OR MORE:   8
MIN 32 OR BELOW:  23    0.50 INCH OR MORE:   2
MIN  0 OR BELOW:   0    1.00 INCH OR MORE:   0

[HDD (BASE 65) ]
TOTAL THIS MO.   762    CLEAR  (SCALE 0-3)   5
DPTR FM NORMAL   171    PTCLDY (SCALE 4-7)  11
TOTAL FM JUL 1  7562    CLOUDY (SCALE 8-10)  9
DPTR FM NORMAL   -54

[CDD (BASE 65) ]
TOTAL THIS MO.     0
DPTR FM NORMAL     0    [PRESSURE DATA]
TOTAL FM JAN 1     0    HIGHEST SLP M ON M
DPTR FM NORMAL     0    LOWEST  SLP 29.34 ON  4

[REMARKS]
