000
CXUS55 KBOI 241002
CF6MUO
PRELIMINARY LOCAL CLIMATOLOGICAL DATA (WS FORM: F-6)

                                          STATION:   MOUNTAIN HOME AFB
                                          MONTH:     MAY
                                          YEAR:      2018
                                          LATITUDE:   43  2 N
                                          LONGITUDE: 115 52 W

  TEMPERATURE IN F:       :PCPN:    SNOW:  WIND      :SUNSHINE: SKY     :PK WND
================================================================================
1   2   3   4   5  6A  6B    7    8   9   10  11  12  13   14  15   16   17  18
                                     12Z  AVG MX 2MIN
DY MAX MIN AVG DEP HDD CDD  WTR  SNW DPTH SPD SPD DIR MIN PSBL S-S WX    SPD DR
================================================================================

 1  65  38  52  -2  13   0 0.00    M    M 12.8 20 320   M    M   5        27 310
 2  69  37  53  -1  12   0 0.00    M    M  9.4 18 310   M    M   2        20 290
 3  75  42  59   5   6   0 0.00    M    M  8.7 15 330   M    M   1        18 320
 4  82  41  62   7   3   0    T    M    M  5.3 15 110   M    M   1 8       M  M
 5  83  48  66  11   0   1    T    M    M  6.7 10  80   M    M   3         M  M
 6  87  47  67  12   0   2    T    M    M 10.8 23 300   M    M   1        38 300
 7  79  47  63   7   2   0 0.00    M    M 11.5 20 340   M    M   0        30 350
 8  84  44  64   8   1   0    T    M    M  5.0  9 130   M    M   1         M  M
 9  79  55  67  11   0   2 0.00    M    M  5.2 10 310   M    M   2         M  M
10  69  48  59   2   6   0    T    M    M 17.9 25 330   M    M   4        36 330
11  61  44  53  -4  12   0 0.03    M    M 20.4 29 320   M    M   8        38 320
12   M   M   M   M   M   M 0.16    M    M  9.1 16 110   M    M   9 1       M  M
13  65  43  54  -3  11   0 0.01    M    M  6.5 14  10   M    M   6         M  M
14  77  40  59   1   6   0 0.00    M    M  3.2  7 180   M    M   1 8       M  M
15  79  47  63   5   2   0    T    M    M 10.3 20 130   M    M   3        24 140
16  79  50  65   7   0   0 0.07    M    M  9.5 20 110   M    M   6 3       M  M
17  72  46  59   0   6   0 0.00    M    M 11.0 23 320   M    M   5        30 330
18  76  51  64   5   1   0 0.04    M    M  6.5 21 330   M    M   6        24 330
19  78  44  61   2   4   0    T    M    M  7.0 17 240   M    M   3        30 250
20  76  51  64   4   1   0 0.09    M    M  8.2 16 110   M    M   7 3       M  M
21  78  46  62   2   3   0 0.00    M    M  4.7  9 300   M    M   1 12      M  M
22  82  51  67   7   0   2 0.10    M    M  5.5 25 150   M    M   6 3      37 150
23  81  53  67   6   0   2    T    M    M  7.9 14 130   M    M   7 3       M  M
================================================================================
SM 1676 1013        89   9  0.50    M    203.1          M       88
================================================================================
AV 76.2 46.1                               8.8 FASTST   M    M   4    MAX(MPH)
                                 MISC ---->  # 29 320               # 38  300
================================================================================
NOTES:
# LAST OF SEVERAL OCCURRENCES

COLUMN 17 PEAK WIND IN M.P.H.

PRELIMINARY LOCAL CLIMATOLOGICAL DATA (WS FORM: F-6) , PAGE 2

                                          STATION:  MOUNTAIN HOME AFB
                                          MONTH:    MAY
                                          YEAR:     2018
                                          LATITUDE:   43  2 N
                                          LONGITUDE: 115 52 W

[TEMPERATURE DATA]      [PRECIPITATION DATA]       SYMBOLS USED IN COLUMN 16

AVERAGE MONTHLY: 61.1   TOTAL FOR MONTH:   0.50    1 = FOG OR MIST
DPTR FM NORMAL:   4.0   DPTR FM NORMAL:   -0.48    2 = FOG REDUCING VISIBILITY
HIGHEST:    87 ON  6    GRTST 24HR  0.16 ON 12-12      TO 1/4 MILE OR LESS
LOWEST:     37 ON  2                               3 = THUNDER
                        SNOW, ICE PELLETS, HAIL    4 = ICE PELLETS
                        TOTAL MONTH:    M          5 = HAIL
                        GRTST 24HR    M  ON   M    6 = FREEZING RAIN OR DRIZZLE
                        GRTST DEPTH:  M  ON   M    7 = DUSTSTORM OR SANDSTORM:
                                                       VSBY 1/2 MILE OR LESS
                                                   8 = SMOKE OR HAZE
[NO. OF DAYS WITH]      [WEATHER - DAYS WITH]      9 = BLOWING SNOW
                                                   X = TORNADO
MAX 32 OR BELOW:   0    0.01 INCH OR MORE:   7
MAX 90 OR ABOVE:   0    0.10 INCH OR MORE:   2
MIN 32 OR BELOW:   0    0.50 INCH OR MORE:   0
MIN  0 OR BELOW:   0    1.00 INCH OR MORE:   0

[HDD (BASE 65) ]
TOTAL THIS MO.    89    CLEAR  (SCALE 0-3)  10
DPTR FM NORMAL  -121    PTCLDY (SCALE 4-7)  12
TOTAL FM JUL 1  5373    CLOUDY (SCALE 8-10)  1
DPTR FM NORMAL  -347

[CDD (BASE 65) ]
TOTAL THIS MO.     9
DPTR FM NORMAL   -11    [PRESSURE DATA]
TOTAL FM JAN 1     9    HIGHEST SLP M ON M
DPTR FM NORMAL   -11    LOWEST  SLP M ON M

[REMARKS]
