000
CXUS55 KEAX 230736
CF6OJC
PRELIMINARY LOCAL CLIMATOLOGICAL DATA (WS FORM: F-6)

                                          STATION:   Johnson County Executive KS
                                          MONTH:     APRIL
                                          YEAR:      2018
                                          LATITUDE:   38 50 N
                                          LONGITUDE:  94 44 W

  TEMPERATURE IN F:       :PCPN:    SNOW:  WIND      :SUNSHINE: SKY     :PK WND
================================================================================
1   2   3   4   5  6A  6B    7    8   9   10  11  12  13   14  15   16   17  18
                                     12Z  AVG MX 2MIN
DY MAX MIN AVG DEP HDD CDD  WTR  SNW DPTH SPD SPD DIR MIN PSBL S-S WX    SPD DR
================================================================================

 1  34  22  28 -22  37   0 0.15    M    M 11.3 21  40   M    M   7 1      26  40
 2  36  22  29 -22  36   0 0.00    M    M  7.1 15 140   M    M  10 1      19  80
 3  40  26  33 -18  32   0 0.07    M    M 15.6 30 320   M    M   8 1      38 320
 4  44  17  31 -21  34   0 0.00  0.0    0  9.3 21 340   M    M   0        30 350
 5  66  31  49  -3  16   0 0.00  0.0    0  8.1 17  60   M    M   1        23 200
 6  50  22  36 -16  29   0    T    M    0 17.0 28  30   M    M   4        37  10
 7  42  20  31 -21  34   0 0.00  0.0    0  8.5 18  20   M    M   1        23  20
 8  35  29  32 -21  33   0 0.05    M    0  9.5 20 180   M    M   7 1      26 160
 9  46  28  37 -16  28   0 0.00  0.0    0  8.4 16 360   M    M   8 1      22 360
10  60  27  44  -9  21   0 0.00  0.0    0  6.5 20 170   M    M   4 1      26 190
11  78  42  60   6   5   0 0.00  0.0    0 14.4 24 190   M    M   0        33 190
12  80  56  68  14   0   3 0.00  0.0    0 14.5 26 190   M    M   0        37 200
13  80  52  66  12   0   1 0.07  0.0    0 18.2 32 200   M    M   3 38     44 190
14  52  29  41 -14  24   0 0.01    M    0 14.8 24 300   M    M   9 1      33 310
15  30  26  28 -27  37   0    T    M    0 17.1 26 320   M    M  10 1      35 310
16  52  26  39 -16  26   0 0.00  0.0    0  8.0 22 330   M    M   3        28 330
17  67  35  51  -5  14   0 0.00  0.0    0 12.0 18  80   M    M   0        25  80
18  59  35  47  -9  18   0 0.00  0.0    0 14.9 25 320   M    M   6        36 300
19  58  33  46 -10  19   0 0.00  0.0    0  7.8 16  20   M    M   2        23  70
20  62  36  49  -7  16   0 0.00  0.0    0 10.2 20 120   M    M   0        26 110
21  64  48  56  -1   9   0    T    M    0  8.6 14  70   M    M   6        20  40
22  62  45  54  -3  11   0 0.20    M    0 12.5 21  50   M    M   9 1      27  50
================================================================================
SM 1197  707       479   4  0.55     0.0 254.3          M       98
================================================================================
AV 54.4 32.1                              11.6 FASTST   M    M   4    MAX(MPH)
                                 MISC ---->  # 32 200               # 44  190
================================================================================
NOTES:
# LAST OF SEVERAL OCCURRENCES

COLUMN 17 PEAK WIND IN M.P.H.

PRELIMINARY LOCAL CLIMATOLOGICAL DATA (WS FORM: F-6) , PAGE 2

                                          STATION:  Johnson County Executive KS
                                          MONTH:    APRIL
                                          YEAR:     2018
                                          LATITUDE:   38 50 N
                                          LONGITUDE:  94 44 W

[TEMPERATURE DATA]      [PRECIPITATION DATA]       SYMBOLS USED IN COLUMN 16

AVERAGE MONTHLY: 43.3   TOTAL FOR MONTH:   0.55    1 = FOG OR MIST
DPTR FM NORMAL: -10.5   DPTR FM NORMAL:   -2.06    2 = FOG REDUCING VISIBILITY
HIGHEST:    80 ON 13,12 GRTST 24HR  0.20 ON 22-22      TO 1/4 MILE OR LESS
LOWEST:     17 ON  4                               3 = THUNDER
                        SNOW, ICE PELLETS, HAIL    4 = ICE PELLETS
                        TOTAL MONTH:   0.0 INCH    5 = HAIL
                        GRTST 24HR     0.0         6 = FREEZING RAIN OR DRIZZLE
                        GRTST DEPTH:   0           7 = DUSTSTORM OR SANDSTORM:
                                                       VSBY 1/2 MILE OR LESS
                                                   8 = SMOKE OR HAZE
[NO. OF DAYS WITH]      [WEATHER - DAYS WITH]      9 = BLOWING SNOW
                                                   X = TORNADO
MAX 32 OR BELOW:   1    0.01 INCH OR MORE:   6
MAX 90 OR ABOVE:   0    0.10 INCH OR MORE:   2
MIN 32 OR BELOW:  13    0.50 INCH OR MORE:   0
MIN  0 OR BELOW:   0    1.00 INCH OR MORE:   0

[HDD (BASE 65) ]
TOTAL THIS MO.   479    CLEAR  (SCALE 0-3)   9
DPTR FM NORMAL   222    PTCLDY (SCALE 4-7)   9
TOTAL FM JUL 1  5012    CLOUDY (SCALE 8-10)  4
DPTR FM NORMAL   238

[CDD (BASE 65) ]
TOTAL THIS MO.     4
DPTR FM NORMAL   -10    [PRESSURE DATA]
TOTAL FM JAN 1     4    HIGHEST SLP  0.00 ON M
DPTR FM NORMAL   -11    LOWEST  SLP  0.00 ON M

[REMARKS]
