000
CXUS55 KSEW 200930
CF6OLM
PRELIMINARY LOCAL CLIMATOLOGICAL DATA (WS FORM: F-6)

                                          STATION:   OLYMPIA WA AIRPORT
                                          MONTH:     APRIL
                                          YEAR:      2018
                                          LATITUDE:   46 58 N
                                          LONGITUDE: 122 54 W

  TEMPERATURE IN F:       :PCPN:    SNOW:  WIND      :SUNSHINE: SKY     :PK WND
================================================================================
1   2   3   4   5  6A  6B    7    8   9   10  11  12  13   14  15   16   17  18
                                     12Z  AVG MX 2MIN
DY MAX MIN AVG DEP HDD CDD  WTR  SNW DPTH SPD SPD DIR MIN PSBL S-S WX    SPD DR
================================================================================

 1  48  34  41  -5  24   0 0.13  0.0    0 10.1 21 290   M    M   8 1      27 280
 2  51  34  43  -3  22   0    T  0.0    0 10.3 20 280   M    M   5        27 260
 3  51  34  43  -4  22   0 0.02  0.0    0  4.9 13 190   M    M   8        15 220
 4  50  40  45  -2  20   0 0.35  0.0    0  3.2 12 190   M    M  10 1      15 210
 5  53  42  48   1  17   0 0.42  0.0    0  3.5  9 190   M    M  10 12     12 210
 6  67  50  59  12   6   0 0.01  0.0    0  2.8 10  40   M    M   8 1      14  60
 7  55  46  51   4  14   0 0.92  0.0    0 11.3 24 180   M    M  10 1      30 220
 8  51  46  49   2  16   0 0.95  0.0    0 11.1 21 170   M    M  10 1      28 220
 9  63  37  50   3  15   0 0.00  0.0    0  3.7 12  10   M    M   4 12     14  20
10  60  43  52   5  13   0 0.19  0.0    0  8.7 21 220   M    M   6 1      29 230
11  54  41  48   0  17   0 0.09  0.0    0  9.0 22 180   M    M   9        29 210
12  51  37  44  -4  21   0 0.25  0.0    0  9.5 18 240   M    M   6 1      27 250
13  51  43  47  -1  18   0 0.70  0.0    0 13.8 23 180   M    M  10 1      32 180
14  52  44  48   0  17   0 2.03  0.0    0  9.2 18 180   M    M  10 1      25 170
15  49  39  44  -4  21   0 0.18  0.0    0  4.0 12 150   M    M  10 12     18 150
16  48  41  45  -3  20   0 0.61  0.0    0 12.8 20 210   M    M   9 1      30 230
17  53  37  45  -3  20   0 0.07  0.0    0  8.1 22 250   M    M   5 1      29 250
18  59  34  47  -1  18   0 0.00  0.0    0  4.0 17 130   M    M   6 12     21 130
19  63  32  48  -1  17   0 0.00  0.0    0  2.0 10 290   M    M   1 1      13 280
================================================================================
SM 1029  754       338   0  6.92     0.0 142.0          M      145
================================================================================
AV 54.2 39.7                               7.5 FASTST   M    M   8    MAX(MPH)
                                 MISC ---->  # 24 180               # 32  180
================================================================================
NOTES:
# LAST OF SEVERAL OCCURRENCES

COLUMN 17 PEAK WIND IN M.P.H.

PRELIMINARY LOCAL CLIMATOLOGICAL DATA (WS FORM: F-6) , PAGE 2

                                          STATION:  OLYMPIA WA AIRPORT
                                          MONTH:    APRIL
                                          YEAR:     2018
                                          LATITUDE:   46 58 N
                                          LONGITUDE: 122 54 W

[TEMPERATURE DATA]      [PRECIPITATION DATA]       SYMBOLS USED IN COLUMN 16

AVERAGE MONTHLY: 46.9   TOTAL FOR MONTH:   6.92    1 = FOG OR MIST
DPTR FM NORMAL:  -0.5   DPTR FM NORMAL:    4.49    2 = FOG REDUCING VISIBILITY
HIGHEST:    67 ON  6    GRTST 24HR  2.03 ON 14-14      TO 1/4 MILE OR LESS
LOWEST:     32 ON 19                               3 = THUNDER
                        SNOW, ICE PELLETS, HAIL    4 = ICE PELLETS
                        TOTAL MONTH:   0.0 INCH    5 = HAIL
                        GRTST 24HR     0.0         6 = FREEZING RAIN OR DRIZZLE
                        GRTST DEPTH:   0           7 = DUSTSTORM OR SANDSTORM:
                                                       VSBY 1/2 MILE OR LESS
                                                   8 = SMOKE OR HAZE
[NO. OF DAYS WITH]      [WEATHER - DAYS WITH]      9 = BLOWING SNOW
                                                   X = TORNADO
MAX 32 OR BELOW:   0    0.01 INCH OR MORE:  15
MAX 90 OR ABOVE:   0    0.10 INCH OR MORE:  11
MIN 32 OR BELOW:   1    0.50 INCH OR MORE:   5
MIN  0 OR BELOW:   0    1.00 INCH OR MORE:   1

[HDD (BASE 65) ]
TOTAL THIS MO.   338    CLEAR  (SCALE 0-3)   1
DPTR FM NORMAL     5    PTCLDY (SCALE 4-7)   9
TOTAL FM JUL 1  4596    CLOUDY (SCALE 8-10)  9
DPTR FM NORMAL   -95

[CDD (BASE 65) ]
TOTAL THIS MO.     0
DPTR FM NORMAL     0    [PRESSURE DATA]
TOTAL FM JAN 1     0    HIGHEST SLP M ON M
DPTR FM NORMAL     0    LOWEST  SLP 29.44 ON  6

[REMARKS]
