000
CXUS53 KARX 220930
CF6OVS
PRELIMINARY LOCAL CLIMATOLOGICAL DATA (WS FORM: F-6)

                                          STATION:   BOSCOBEL_(ASOS) WI
                                          MONTH:     APRIL
                                          YEAR:      2018
                                          LATITUDE:   43  9 N
                                          LONGITUDE:  90 41 W

  TEMPERATURE IN F:       :PCPN:    SNOW:  WIND      :SUNSHINE: SKY     :PK WND
================================================================================
1   2   3   4   5  6A  6B    7    8   9   10  11  12  13   14  15   16   17  18
                                     12Z  AVG MX 2MIN
DY MAX MIN AVG DEP HDD CDD  WTR  SNW DPTH SPD SPD DIR MIN PSBL S-S WX    SPD DR
================================================================================

 1  37  17  27 -15  38   0 0.00  0.0    0  6.5 15 290   M    M   0 8      23 250
 2  42  15  29 -13  36   0 0.00  0.0    0  3.3 12 200   M    M   4 8      19 120
 3  38  30  34  -8  31   0 0.13    M    M  7.9 14 320   M    M  10 168    23 340
 4  32  20  26 -17  39   0    T    T    M  9.3 17 270   M    M   5 18     27 310
 5  45  15  30 -13  35   0 0.00  0.0    M  2.8 12 220   M    M   6 18     17 220
 6  36  19  28 -16  37   0    T    M    M 13.2 28 300   M    M   4        40 330
 7  37  14  26 -18  39   0    T    M    M  6.0 16 300   M    M   0 8      25 310
 8  41  11  26 -19  39   0 0.00  0.0    M  1.9  9  80   M    M   4 18     15  90
 9  40  26  33 -12  32   0    T    M    M  3.4 10 310   M    M   8 18     16 310
10  42  22  32 -14  33   0 0.00  0.0    M  5.2 14 220   M    M   6 1      18 230
11  61  27  44  -2  21   0 0.12  0.0    0  3.2  9  80   M    M   4 18     16 100
12  61  40  51   4  14   0 0.00  0.0    0  5.8 14 320   M    M   6 1238   23  30
13  47  36  42  -5  23   0 0.44  0.0    0 11.2 23 320   M    M   9 138    42  80
14  37  27  32 -16  33   0 0.38    M    0 12.9 23  80   M    M  10 128    44  90
15  30  26  28 -20  37   0 0.05    M    M  8.9 16  20   M    M  10 168    30  50
16  35  26  31 -17  34   0    T    M    M  9.6 20 320   M    M  10 8      29 320
17  45  29  37 -12  28   0 0.00  0.0    M  5.8 16 330   M    M   2        23 330
18  35  25  30 -19  35   0 0.55    M    M  3.2 14  60   M    M   7 12     24  80
19  51  19  35 -15  30   0 0.00  0.0    M  2.8 13 290   M    M   1 128    19 280
20  60  21  41  -9  24   0 0.00  0.0    M  1.2 12 220   M    M   0 18     16 210
21  59  32  46  -5  19   0    T  0.0    M  0.7 14 230   M    M   6 18     19 220
================================================================================
SM  911  497       657   0  1.67    T    124.8          M      112
================================================================================
AV 43.4 23.7                               5.9 FASTST   M    M   5    MAX(MPH)
                                 MISC ---->  # 28 300               # 44   90
================================================================================
NOTES:
# LAST OF SEVERAL OCCURRENCES

COLUMN 17 PEAK WIND IN M.P.H.

PRELIMINARY LOCAL CLIMATOLOGICAL DATA (WS FORM: F-6) , PAGE 2

                                          STATION:  BOSCOBEL_(ASOS) WI
                                          MONTH:    APRIL
                                          YEAR:     2018
                                          LATITUDE:   43  9 N
                                          LONGITUDE:  90 41 W

[TEMPERATURE DATA]      [PRECIPITATION DATA]       SYMBOLS USED IN COLUMN 16

AVERAGE MONTHLY: 33.5   TOTAL FOR MONTH:   1.67    1 = FOG OR MIST
DPTR FM NORMAL: -12.6   DPTR FM NORMAL:   -0.45    2 = FOG REDUCING VISIBILITY
HIGHEST:    61 ON 12,11 GRTST 24HR  0.55 ON 18-18      TO 1/4 MILE OR LESS
LOWEST:     11 ON  8                               3 = THUNDER
                        SNOW, ICE PELLETS, HAIL    4 = ICE PELLETS
                        TOTAL MONTH:    T          5 = HAIL
                        GRTST 24HR    T  ON  4- 4  6 = FREEZING RAIN OR DRIZZLE
                        GRTST DEPTH:   0           7 = DUSTSTORM OR SANDSTORM:
                                                       VSBY 1/2 MILE OR LESS
                                                   8 = SMOKE OR HAZE
[NO. OF DAYS WITH]      [WEATHER - DAYS WITH]      9 = BLOWING SNOW
                                                   X = TORNADO
MAX 32 OR BELOW:   2    0.01 INCH OR MORE:   6
MAX 90 OR ABOVE:   0    0.10 INCH OR MORE:   5
MIN 32 OR BELOW:  19    0.50 INCH OR MORE:   1
MIN  0 OR BELOW:   0    1.00 INCH OR MORE:   0

[HDD (BASE 65) ]
TOTAL THIS MO.   657    CLEAR  (SCALE 0-3)   5
DPTR FM NORMAL   260    PTCLDY (SCALE 4-7)  11
TOTAL FM JUL 1  6731    CLOUDY (SCALE 8-10)  5
DPTR FM NORMAL    39

[CDD (BASE 65) ]
TOTAL THIS MO.     0
DPTR FM NORMAL     0    [PRESSURE DATA]
TOTAL FM JAN 1     0    HIGHEST SLP M ON M
DPTR FM NORMAL    -1    LOWEST  SLP 29.57 ON 12

[REMARKS]
