000
CXUS56 KPDT 231832
CF6PSC
PRELIMINARY LOCAL CLIMATOLOGICAL DATA (WS FORM: F-6)

                                          STATION:   PASCO WA
                                          MONTH:     MAY
                                          YEAR:      2018
                                          LATITUDE:   46 16 N
                                          LONGITUDE: 119  7 W

  TEMPERATURE IN F:       :PCPN:    SNOW:  WIND      :SUNSHINE: SKY     :PK WND
================================================================================
1   2   3   4   5  6A  6B    7    8   9   10  11  12  13   14  15   16   17  18
                                     12Z  AVG MX 2MIN
DY MAX MIN AVG DEP HDD CDD  WTR  SNW DPTH SPD SPD DIR MIN PSBL S-S WX    SPD DR
================================================================================

 1  72  47  60   4   5   0 0.00  0.0    0  5.8 13 210   M    M   2        34 330
 2  77  42  60   4   5   0 0.00  0.0    0  4.8 15 270   M    M   0        23 300
 3  84  42  63   6   2   0    T  0.0    0  5.9 16 200   M    M   0        19 190
 4  83  59  71  14   0   6 0.00  0.0    0 10.7 20 220   M    M   0        25 220
 5  78  54  66   9   0   1    T  0.0    0  4.3 10 310   M    M   1        15 350
 6  75  49  62   4   3   0 0.30  0.0    0  5.5 20 220   M    M   5 1      25 230
 7  82  55  69  11   0   4 0.00  0.0    0  4.2 13 200   M    M   3        14 190
 8  88  49  69  11   0   4 0.05  0.0    0  6.9 32 260   M    M   0 1      40 260
 9  76  55  66   7   0   1 0.10  0.0    0  9.7 25 220   M    M   4 1      31 220
10  71  48  60   1   5   0 0.04  0.0    0 10.3 21 320   M    M   5 3      25 210
11  69  47  58  -1   7   0 0.27  0.0    0  6.0 14 120   M    M   4 1      22 150
12  83  43  63   3   2   0    T  0.0    0  5.3 20 340   M    M   0 12     24 340
13  87  46  67   7   0   2 0.00  0.0    0  4.1 13 360   M    M   0        17  10
14  92  48  70  10   0   5 0.00  0.0    0  3.4  9  50   M    M   0        12 320
15  92  49  71  11   0   6 0.00  0.0    0  3.4 15 120   M    M   0        18 120
16  80  63  72  11   0   7 0.00  0.0    0 10.0 20 210   M    M   3        25 210
17  81  60  71  10   0   6 0.00  0.0    0  8.7 16  70   M    M   2        21 360
18  75  56  66   5   0   1 0.00  0.0    0  9.4 18 330   M    M   5        24 330
19  80  48  64   2   1   0 0.00  0.0    0  3.7 13 350   M    M   1        16 350
20  81  53  67   5   0   2 0.00  0.0    0  3.3 13 330   M    M   5        16 330
21  84  56  70   8   0   5 0.00  0.0    0  4.2 10 120   M    M   0        15 120
22  89  52  71   8   0   6 0.00  0.0    0  5.8 15 320   M    M   1 1      20 320
================================================================================
SM 1779 1121        30  56  0.76     0.0 135.4          M       41
================================================================================
AV 80.9 51.0                               6.2 FASTST   M    M   2    MAX(MPH)
                                 MISC ---->  # 32 260               # 40  260
================================================================================
NOTES:
# LAST OF SEVERAL OCCURRENCES

COLUMN 17 PEAK WIND IN M.P.H.

PRELIMINARY LOCAL CLIMATOLOGICAL DATA (WS FORM: F-6) , PAGE 2

                                          STATION:  PASCO WA
                                          MONTH:    MAY
                                          YEAR:     2018
                                          LATITUDE:   46 16 N
                                          LONGITUDE: 119  7 W

[TEMPERATURE DATA]      [PRECIPITATION DATA]       SYMBOLS USED IN COLUMN 16

AVERAGE MONTHLY: 65.9   TOTAL FOR MONTH:   0.76    1 = FOG OR MIST
DPTR FM NORMAL:   6.5   DPTR FM NORMAL:    0.31    2 = FOG REDUCING VISIBILITY
HIGHEST:    92 ON 15,14 GRTST 24HR  0.30 ON  6- 6      TO 1/4 MILE OR LESS
LOWEST:     42 ON  3, 2                            3 = THUNDER
                        SNOW, ICE PELLETS, HAIL    4 = ICE PELLETS
                        TOTAL MONTH:   0.0 INCH    5 = HAIL
                        GRTST 24HR     0.0         6 = FREEZING RAIN OR DRIZZLE
                        GRTST DEPTH:   0           7 = DUSTSTORM OR SANDSTORM:
                                                       VSBY 1/2 MILE OR LESS
                                                   8 = SMOKE OR HAZE
[NO. OF DAYS WITH]      [WEATHER - DAYS WITH]      9 = BLOWING SNOW
                                                   X = TORNADO
MAX 32 OR BELOW:   0    0.01 INCH OR MORE:   5
MAX 90 OR ABOVE:   2    0.10 INCH OR MORE:   3
MIN 32 OR BELOW:   0    0.50 INCH OR MORE:   0
MIN  0 OR BELOW:   0    1.00 INCH OR MORE:   0

[HDD (BASE 65) ]
TOTAL THIS MO.    30    CLEAR  (SCALE 0-3)  15
DPTR FM NORMAL  -108    PTCLDY (SCALE 4-7)   7
TOTAL FM JUL 1  4704    CLOUDY (SCALE 8-10)  0
DPTR FM NORMAL  -258

[CDD (BASE 65) ]
TOTAL THIS MO.    56
DPTR FM NORMAL    42    [PRESSURE DATA]
TOTAL FM JAN 1    57    HIGHEST SLP 30.13 ON  4
DPTR FM NORMAL    42    LOWEST  SLP 29.71 ON 15

[REMARKS]
