000
CXUS51 KRNK 201149
CF6RNK

PRELIMINARY LOCAL CLIMATOLOGICAL DATA (WS FORM: F-6)

                                          STATION:   BLACKSBURG VA
                                          MONTH:     MAY
                                          YEAR:      2018
                                          LATITUDE:   37 13 N
                                          LONGITUDE:  80 25 W

  TEMPERATURE IN F:       :PCPN:    SNOW:  WIND      :SUNSHINE: SKY     :PK WND
================================================================================
1   2   3   4   5  6A  6B    7    8   9   10  11  12  13   14  15   16   17  18
                                     12Z  AVG MX 2MIN
DY MAX MIN AVG DEP HDD CDD  WTR  SNW DPTH SPD SPD DIR MIN PSBL S-S WX    SPD DR
================================================================================

 1  79  35  57   2   8   0 0.00  0.0    0  2.8 12 290   M    M   0        17 240
 2  81  42  62   6   3   0 0.00  0.0    0  3.3 10 200   M    M   0        17 250
 3  83  49  66  10   0   1 0.00  0.0    0  3.8 13 200   M    M   0        21 210
 4  83  52  68  12   0   3    T  0.0    0  3.9 16 300   M    M   1        26 300
 5  70  59  65   9   0   0 0.27  0.0    0  5.3 16 110   M    M   7 13     20 110
 6  70  50  60   3   5   0 0.11  0.0    0  4.7 13 300   M    M   7 3      22 310
 7  70  45  58   1   7   0 0.00  0.0    0  2.0 12 310   M    M   5 1      17  10
 8  71  48  60   3   5   0 0.00  0.0    0  2.1 10  80   M    M   7 1       M  M
 9  76  45  61   4   4   0 0.00  0.0    0  2.9 12 100   M    M   3 1       M  M
10  79  51  65   7   0   0 0.01  0.0    0  4.2 17 310   M    M   4 3      26 280
11  83  51  67   9   0   2 0.02  0.0    0  2.5  8 200   M    M   1 3      17 310
12  85  57  71  13   0   6 0.00  0.0    0  2.5 10 300   M    M   0        18 300
13  85  56  71  13   0   6 0.00  0.0    0  3.3  9 200   M    M   1         M  M
14  85  57  71  12   0   6 0.00  0.0    0  2.8  7 170   M    M   1         M  M
15  82  59  71  12   0   6 0.38  0.0    0  2.3 13 160   M    M   4 3      16 160
16  70  60  65   6   0   0 0.67  0.0    0  3.2  8 120   M    M  10 1       M  M
17  77  62  70  10   0   5 0.51  0.0    0  4.2 12 120   M    M   9 1       M  M
18  65  62  64   4   1   0 1.01  0.0    0  7.2 14  80   M    M  10 1      20  80
19  76  60  68   8   0   3 0.10  0.0    0  4.0 12 170   M    M   9 12     17 170
================================================================================
SM 1470 1000        33  38  3.08     0.0  67.0          M       79
================================================================================
AV 77.4 52.6                               3.5 FASTST   M    M   4    MAX(MPH)
                                 MISC ---->  # 17 310               # 26  300
================================================================================
NOTES:
# LAST OF SEVERAL OCCURRENCES

COLUMN 17 PEAK WIND IN M.P.H.

PRELIMINARY LOCAL CLIMATOLOGICAL DATA (WS FORM: F-6) , PAGE 2

                                          STATION:  BLACKSBURG VA
                                          MONTH:    MAY
                                          YEAR:     2018
                                          LATITUDE:   37 13 N
                                          LONGITUDE:  80 25 W

[TEMPERATURE DATA]      [PRECIPITATION DATA]       SYMBOLS USED IN COLUMN 16

AVERAGE MONTHLY: 65.0   TOTAL FOR MONTH:   3.08    1 = FOG OR MIST
DPTR FM NORMAL:   7.3   DPTR FM NORMAL:    0.61    2 = FOG REDUCING VISIBILITY
HIGHEST:    85 ON 14,13 GRTST 24HR  1.01 ON 18-18      TO 1/4 MILE OR LESS
LOWEST:     35 ON  1                               3 = THUNDER
                        SNOW, ICE PELLETS, HAIL    4 = ICE PELLETS
                        TOTAL MONTH:   0.0 INCH    5 = HAIL
                        GRTST 24HR     0.0         6 = FREEZING RAIN OR DRIZZLE
                        GRTST DEPTH:   0           7 = DUSTSTORM OR SANDSTORM:
                                                       VSBY 1/2 MILE OR LESS
                                                   8 = SMOKE OR HAZE
[NO. OF DAYS WITH]      [WEATHER - DAYS WITH]      9 = BLOWING SNOW
                                                   X = TORNADO
MAX 32 OR BELOW:   0    0.01 INCH OR MORE:   9
MAX 90 OR ABOVE:   0    0.10 INCH OR MORE:   7
MIN 32 OR BELOW:   0    0.50 INCH OR MORE:   3
MIN  0 OR BELOW:   0    1.00 INCH OR MORE:   1

[HDD (BASE 65) ]
TOTAL THIS MO.    33    CLEAR  (SCALE 0-3)   9
DPTR FM NORMAL  -116    PTCLDY (SCALE 4-7)   6
TOTAL FM JUL 1  4990    CLOUDY (SCALE 8-10)  4
DPTR FM NORMAL  -364

[CDD (BASE 65) ]
TOTAL THIS MO.    38
DPTR FM NORMAL    30    [PRESSURE DATA]
TOTAL FM JAN 1    39    HIGHEST SLP M ON M
DPTR FM NORMAL    28    LOWEST  SLP M ON M

[REMARKS]
DUE TO MISSING TEMPERATURES FROM SEPTEMBER 8-10...THE HEATING DEGREE
DAY AND DEPARTURE FROM NORMAL WILL BE CALCULATED WITHOUT DATA FROM
THESE DATES.
