059
CXUS56 KPQR 241200
CF6SLE
PRELIMINARY LOCAL CLIMATOLOGICAL DATA (WS FORM: F-6)

                                          STATION:   SALEM OR
                                          MONTH:     APRIL
                                          YEAR:      2018
                                          LATITUDE:   44 55 N
                                          LONGITUDE: 123  0 W

  TEMPERATURE IN F:       :PCPN:    SNOW:  WIND      :SUNSHINE: SKY     :PK WND
================================================================================
1   2   3   4   5  6A  6B    7    8   9   10  11  12  13   14  15   16   17  18
                                     12Z  AVG MX 2MIN
DY MAX MIN AVG DEP HDD CDD  WTR  SNW DPTH SPD SPD DIR MIN PSBL S-S WX    SPD DR
================================================================================

 1  52  35  44  -5  21   0 0.06    M    0  9.8 17 240   M    M   7 1      25 230
 2  53  35  44  -5  21   0    T    M    0  4.8 12 130   M    M   6        13 130
 3  57  30  44  -5  21   0    T    M    0  3.2  8 180   M    M   5        10  30
 4  64  46  55   6  10   0 0.07    M    0  4.1 14 190   M    M   8        17 200
 5  55  48  52   3  13   0 0.26    M    0  5.0 12 150   M    M  10 1      14 150
 6  72  54  63  14   2   0 0.05  0.0    0  6.3 14 170   M    M   8 1      19 160
 7  61  48  55   6  10   0 1.64    M    M 18.4 35 220   M    M   8 1      45 220
 8  55  42  49   0  16   0 0.76    M    M 10.8 23 190   M    M   9 1      30 180
 9  66  40  53   4  12   0 0.00    M    M  4.8 12  10   M    M   2 12     15  10
10  63  49  56   6   9   0 0.21    M    M  9.8 23 280   M    M   8        30 280
11  58  41  50   0  15   0 0.37    M    0  9.7 20 190   M    M   9 1      29 160
12  52  40  46  -4  19   0 0.33  0.0    0 13.1 26 270   M    M  10 1      33 270
13  56  46  51   1  14   0    T    M    M 14.4 23 170   M    M  10        32 160
14  59  48  54   4  11   0 0.32    M    M 11.9 21 180   M    M   9 1      26 180
15  51  42  47  -3  18   0 0.65    M    M  9.5 23 190   M    M  10 18     30 190
16  50  41  46  -4  19   0 0.24    M    0 11.5 21 200   M    M   8 18     26 190
17  55  42  49  -1  16   0 0.06    M    0  8.1 21 210   M    M   7        24 210
18  60  41  51   1  14   0 0.00  0.0    0  5.2 15  70   M    M   6        19  40
19  68  36  52   1  13   0 0.00  0.0    0  3.8 13 310   M    M   0        19 360
20  68  37  53   2  12   0 0.00  0.0    0  4.9 15 220   M    M   5        21 220
21  63  43  53   2  12   0    T    M    0  7.3 18 360   M    M   5        22 360
22  65  38  52   1  13   0 0.00  0.0    0  8.5 18  20   M    M   0        23  10
23  78  39  59   8   6   0 0.00  0.0    0  7.9 22  30   M    M   0        27  20
================================================================================
SM 1381  961       317   0  5.02     0.0 192.8          M      150
================================================================================
AV 60.0 41.8                               8.4 FASTST   M    M   7    MAX(MPH)
                                 MISC ---->  # 35 220               # 45  220
================================================================================
NOTES:
# LAST OF SEVERAL OCCURRENCES

COLUMN 17 PEAK WIND IN M.P.H.

PRELIMINARY LOCAL CLIMATOLOGICAL DATA (WS FORM: F-6) , PAGE 2

                                          STATION:  SALEM OR
                                          MONTH:    APRIL
                                          YEAR:     2018
                                          LATITUDE:   44 55 N
                                          LONGITUDE: 123  0 W

[TEMPERATURE DATA]      [PRECIPITATION DATA]       SYMBOLS USED IN COLUMN 16

AVERAGE MONTHLY: 50.9   TOTAL FOR MONTH:   5.02    1 = FOG OR MIST
DPTR FM NORMAL:   1.1   DPTR FM NORMAL:    2.74    2 = FOG REDUCING VISIBILITY
HIGHEST:    78 ON 23    GRTST 24HR  1.64 ON  7- 7      TO 1/4 MILE OR LESS
LOWEST:     30 ON  3                               3 = THUNDER
                        SNOW, ICE PELLETS, HAIL    4 = ICE PELLETS
                        TOTAL MONTH:   0.0 INCH    5 = HAIL
                        GRTST 24HR     0.0         6 = FREEZING RAIN OR DRIZZLE
                        GRTST DEPTH:   0           7 = DUSTSTORM OR SANDSTORM:
                                                       VSBY 1/2 MILE OR LESS
                                                   8 = SMOKE OR HAZE
[NO. OF DAYS WITH]      [WEATHER - DAYS WITH]      9 = BLOWING SNOW
                                                   X = TORNADO
MAX 32 OR BELOW:   0    0.01 INCH OR MORE:  13
MAX 90 OR ABOVE:   0    0.10 INCH OR MORE:   9
MIN 32 OR BELOW:   1    0.50 INCH OR MORE:   3
MIN  0 OR BELOW:   0    1.00 INCH OR MORE:   1

[HDD (BASE 65) ]
TOTAL THIS MO.   317    CLEAR  (SCALE 0-3)   4
DPTR FM NORMAL   -33    PTCLDY (SCALE 4-7)  11
TOTAL FM JUL 1  3834    CLOUDY (SCALE 8-10)  8
DPTR FM NORMAL  -319

[CDD (BASE 65) ]
TOTAL THIS MO.     0
DPTR FM NORMAL     0    [PRESSURE DATA]
TOTAL FM JAN 1     0    HIGHEST SLP M ON M
DPTR FM NORMAL     0    LOWEST  SLP 29.40 ON  7

[REMARKS]
