000
CXUS53 KILX 240900
CF6SPI
PRELIMINARY LOCAL CLIMATOLOGICAL DATA (WS FORM: F-6)

                                          STATION:   SPRINGFIELD IL
                                          MONTH:     APRIL
                                          YEAR:      2018
                                          LATITUDE:   39 50 N
                                          LONGITUDE:  89 41 W

  TEMPERATURE IN F:       :PCPN:    SNOW:  WIND      :SUNSHINE: SKY     :PK WND
================================================================================
1   2   3   4   5  6A  6B    7    8   9   10  11  12  13   14  15   16   17  18
                                     12Z  AVG MX 2MIN
DY MAX MIN AVG DEP HDD CDD  WTR  SNW DPTH SPD SPD DIR MIN PSBL S-S WX    SPD DR
================================================================================

 1  34  20  27 -21  38   0 0.20  2.0    0  8.8 20 360   M    M   5 12     24 360
 2  44  16  30 -19  35   0 0.02  0.0    2  7.9 18 120   M    M   4 138    22 110
 3  66  34  50   1  15   0 0.31  0.0    0 15.0 36 300   M    M  10 123    44 300
 4  40  25  33 -16  32   0 0.00  0.0    0 13.4 30 290   M    M   6        41 290
 5  55  24  40 -10  25   0 0.00  0.0    0  9.0 22 170   M    M   3        28 180
 6  45  27  36 -14  29   0 0.00  0.0    0 13.5 25 330   M    M   6        32 330
 7  42  20  31 -19  34   0 0.00  0.0    0  8.6 20 320   M    M   0        24 320
 8  40  23  32 -19  33   0 0.26  2.8    0  5.6 16  80   M    M   5 1      19  80
 9  41  32  37 -14  28   0 0.00  0.0    3  4.4  9 350   M    M   9 1      14 360
10  48  32  40 -12  25   0 0.00  0.0    0  6.2 14 250   M    M   6 1      19 260
11  75  38  57   5   8   0 0.00  0.0    0 14.6 25 180   M    M   1        31 180
12  83  54  69  17   0   4 0.00  0.0    0 17.1 24 180   M    M   0        32 250
13  79  62  71  18   0   6 0.69  0.0    0 17.6 31 170   M    M   1 13     38 180
14  66  46  56   3   9   0 0.57  0.0    0  9.9 28 120   M    M   8 1      33 120
15  46  32  39 -14  26   0    T  0.0    0 15.1 25 270   M    M   8 1      32 270
16  41  29  35 -19  30   0    T    T    0 16.7 28 290   M    M   8 1      34 290
17  56  29  43 -11  22   0 0.00  0.0    0  7.4 21  80   M    M   1        26  70
18  56  36  46  -8  19   0    T    T    0 18.0 31 280   M    M   7        40 300
19  59  35  47  -8  18   0 0.00  0.0    0 10.3 18 310   M    M   4        26 300
20  65  30  48  -7  17   0 0.00  0.0    0  6.7 17  90   M    M   0 1      23 110
21  66  42  54  -2  11   0 0.00  0.0    0 10.7 20  90   M    M   1        27 100
22  73  48  61   5   4   0 0.00  0.0    0 14.4 24  70   M    M   5        31  70
23  70  50  60   4   5   0 0.13  0.0    0 12.1 22  70   M    M   9 1      28  50
================================================================================
SM 1290  784       463  10  2.18     4.8 263.0          M      107
================================================================================
AV 56.1 34.1                              11.4 FASTST   M    M   5    MAX(MPH)
                                 MISC ---->  # 36 300               # 44  300
================================================================================
NOTES:
# LAST OF SEVERAL OCCURRENCES

COLUMN 17 PEAK WIND IN M.P.H.

PRELIMINARY LOCAL CLIMATOLOGICAL DATA (WS FORM: F-6) , PAGE 2

                                          STATION:  SPRINGFIELD IL
                                          MONTH:    APRIL
                                          YEAR:     2018
                                          LATITUDE:   39 50 N
                                          LONGITUDE:  89 41 W

[TEMPERATURE DATA]      [PRECIPITATION DATA]       SYMBOLS USED IN COLUMN 16

AVERAGE MONTHLY: 45.1   TOTAL FOR MONTH:   2.18    1 = FOG OR MIST
DPTR FM NORMAL:  -7.2   DPTR FM NORMAL:   -0.42    2 = FOG REDUCING VISIBILITY
HIGHEST:    83 ON 12    GRTST 24HR  0.69 ON 13-13      TO 1/4 MILE OR LESS
LOWEST:     16 ON  2                               3 = THUNDER
                        SNOW, ICE PELLETS, HAIL    4 = ICE PELLETS
                        TOTAL MONTH:   4.8 INCHES  5 = HAIL
                        GRTST 24HR   2.8 ON  8- 8  6 = FREEZING RAIN OR DRIZZLE
                        GRTST DEPTH:   3 ON  9     7 = DUSTSTORM OR SANDSTORM:
                                                       VSBY 1/2 MILE OR LESS
                                                   8 = SMOKE OR HAZE
[NO. OF DAYS WITH]      [WEATHER - DAYS WITH]      9 = BLOWING SNOW
                                                   X = TORNADO
MAX 32 OR BELOW:   0    0.01 INCH OR MORE:   7
MAX 90 OR ABOVE:   0    0.10 INCH OR MORE:   6
MIN 32 OR BELOW:  13    0.50 INCH OR MORE:   2
MIN  0 OR BELOW:   0    1.00 INCH OR MORE:   0

[HDD (BASE 65) ]
TOTAL THIS MO.   463    CLEAR  (SCALE 0-3)   8
DPTR FM NORMAL   156    PTCLDY (SCALE 4-7)  11
TOTAL FM JUL 1  5191    CLOUDY (SCALE 8-10)  4
DPTR FM NORMAL   -98

[CDD (BASE 65) ]
TOTAL THIS MO.    10
DPTR FM NORMAL    -2    [PRESSURE DATA]
TOTAL FM JAN 1    10    HIGHEST SLP M ON M
DPTR FM NORMAL    -4    LOWEST  SLP 29.49 ON  3

[REMARKS]
