000
CXUS56 KLKN 201628
CF6WMC
PRELIMINARY LOCAL CLIMATOLOGICAL DATA (WS FORM: F-6)

                                          STATION:   WINNEMUCCA AIRPORT NV
                                          MONTH:     APRIL
                                          YEAR:      2018
                                          LATITUDE:   40 54 N
                                          LONGITUDE: 117 48 W

  TEMPERATURE IN F:       :PCPN:    SNOW:  WIND      :SUNSHINE: SKY     :PK WND
================================================================================
1   2   3   4   5  6A  6B    7    8   9   10  11  12  13   14  15   16   17  18
                                     12Z  AVG MX 2MIN
DY MAX MIN AVG DEP HDD CDD  WTR  SNW DPTH SPD SPD DIR MIN PSBL S-S WX    SPD DR
================================================================================

 1  70  29  50   6  15   0 0.00  0.0    0  8.3 23 260   M    M   0        29 260
 2  54  30  42  -2  23   0    T  0.0    0 14.7 28 340   M    M   2 8      36 300
 3  62  19  41  -3  24   0 0.00  0.0    0  8.6 16  50   M    M   0        21  50
 4  65  37  51   7  14   0 0.00  0.0    0  5.5 13 270   M    M   8        16 270
 5  67  47  57  13   8   0 0.12  0.0    0  8.1 23 220   M    M   9 1      32 220
 6  52  46  49   5  16   0 0.52  0.0    0  7.2 15 180   M    M  10 1      19 180
 7  65  44  55  11  10   0 0.56  0.0    0 15.2 35 210   M    M   6 1      46 220
 8  58  35  47   2  18   0 0.00  0.0    0  9.4 20 230   M    M   3        26 230
 9  68  28  48   3  17   0 0.00  0.0    0  5.3 14  40   M    M   0        16  40
10  74  44  59  14   6   0 0.00  0.0    0 10.8 30 190   M    M   3        41 190
11  68  38  53   8  12   0 0.00  0.0    0 14.0 38 240   M    M   2        49 240
12  48  31  40  -6  25   0    T    T    0 16.3 39 240   M    M   5        50 240
13  57  25  41  -5  24   0 0.00  0.0    0  6.6 13 270   M    M   1        16 270
14  67  30  49   3  16   0 0.00  0.0    0  5.5 16 210   M    M   2        22 230
15  72  39  56  10   9   0    T  0.0    0 15.9 33 270   M    M   2        43 200
16  50  29  40  -6  25   0 0.13  0.6    T  8.7 26 250   M    M   5 18     33 260
17  51  23  37 -10  28   0 0.00  0.0    0  4.5 15 280   M    M   2        21 260
18  58  32  45  -2  20   0 0.01    T    0 11.2 24 270   M    M   4        31 270
19  56  33  45  -2  20   0 0.28  1.1    1  7.6 28  20   M    M   9 1      35  20
================================================================================
SM 1162  639       330   0  1.62     1.7 183.4          M       73
================================================================================
AV 61.2 33.6                               9.7 FASTST   M    M   4    MAX(MPH)
                                 MISC ---->  # 39 240               # 50  240
================================================================================
NOTES:
# LAST OF SEVERAL OCCURRENCES

COLUMN 17 PEAK WIND IN M.P.H.

PRELIMINARY LOCAL CLIMATOLOGICAL DATA (WS FORM: F-6) , PAGE 2

                                          STATION:  WINNEMUCCA AIRPORT NV
                                          MONTH:    APRIL
                                          YEAR:     2018
                                          LATITUDE:   40 54 N
                                          LONGITUDE: 117 48 W

[TEMPERATURE DATA]      [PRECIPITATION DATA]       SYMBOLS USED IN COLUMN 16

AVERAGE MONTHLY: 47.4   TOTAL FOR MONTH:   1.62    1 = FOG OR MIST
DPTR FM NORMAL:   2.2   DPTR FM NORMAL:    1.07    2 = FOG REDUCING VISIBILITY
HIGHEST:    74 ON 10    GRTST 24HR  0.56 ON  7- 7      TO 1/4 MILE OR LESS
LOWEST:     19 ON  3                               3 = THUNDER
                        SNOW, ICE PELLETS, HAIL    4 = ICE PELLETS
                        TOTAL MONTH:   1.7 INCHES  5 = HAIL
                        GRTST 24HR   1.1 ON 19-19  6 = FREEZING RAIN OR DRIZZLE
                        GRTST DEPTH:   1 ON 19     7 = DUSTSTORM OR SANDSTORM:
                                                       VSBY 1/2 MILE OR LESS
                                                   8 = SMOKE OR HAZE
[NO. OF DAYS WITH]      [WEATHER - DAYS WITH]      9 = BLOWING SNOW
                                                   X = TORNADO
MAX 32 OR BELOW:   0    0.01 INCH OR MORE:   6
MAX 90 OR ABOVE:   0    0.10 INCH OR MORE:   5
MIN 32 OR BELOW:  10    0.50 INCH OR MORE:   2
MIN  0 OR BELOW:   0    1.00 INCH OR MORE:   0

[HDD (BASE 65) ]
TOTAL THIS MO.   330    CLEAR  (SCALE 0-3)  10
DPTR FM NORMAL   -45    PTCLDY (SCALE 4-7)   6
TOTAL FM JUL 1  5347    CLOUDY (SCALE 8-10)  3
DPTR FM NORMAL  -356

[CDD (BASE 65) ]
TOTAL THIS MO.     0
DPTR FM NORMAL     0    [PRESSURE DATA]
TOTAL FM JAN 1     0    HIGHEST SLP M ON M
DPTR FM NORMAL     0    LOWEST  SLP 29.49 ON 11

[REMARKS]
