000
CXUS53 KGRB 021335
CLAAUW
CLIMATE REPORT
NATIONAL WEATHER SERVICE GREEN BAY
735 AM CST TUE JAN 02 2024
...5TH WARMEST AND 25TH SNOWIEST YEAR ON RECORD..
...4TH LEAST HEATING DEGREE DAYS AND 20TH HIGHEST COOLING DEGREE DAYS...
.................................................................
...THE WAUSAU WI CLIMATE SUMMARY FOR THE YEAR OF 2023...
CLIMATE NORMAL PERIOD: 1991 TO 2020
CLIMATE RECORD PERIOD: 1896 TO 2024
WEATHER OBSERVED NORMAL DEPART LAST YEAR`S
VALUE DATE(S) VALUE FROM VALUE DATE(S)
NORMAL
................................................................
TEMPERATURE (F)
RECORD
HIGH 107 07/13/1936
LOW -40 01/30/1951
02/10/1899
HIGHEST 99 09/03 96 06/14
LOWEST -15 01/31 -22 01/26
AVG. MAXIMUM 56.6 53.2 3.4 54.0
AVG. MINIMUM 37.8 34.0 3.8 35.1
MEAN 47.2 43.6 3.6 44.5
DAYS MAX >= 90 14 5.0 9.0 7
DAYS MAX <= 32 48 78.3 -30.3 79
DAYS MIN <= 32 156 163.1 -7.1 161
DAYS MIN <= 0 7 24.7 -17.7 31
PRECIPITATION (INCHES)
RECORD
MAXIMUM 48.72 1938
MINIMUM 21.43 1976
TOTALS 33.03 33.91 -0.88 32.46
DAILY AVG. 0.09
DAYS >= .01 121 131.1 -10.1 123
DAYS >= .10 67 70.8 -3.8 63
DAYS >= .50 18 20.6 -2.6 17
DAYS >= 1.00 5 6.7 -1.7 5
SNOWFALL (INCHES)
RECORDS
TOTAL 115.2 2019
TOTALS 70.1 64.3 5.8 62.4
SINCE 7/1 6.8 21.8 -15.0 27.5
SNOWDEPTH AVG. 3
DAYS >= TRACE 63 47.1 15.9 78
DAYS >= 1.0 23 20.2 2.8 24
GREATEST
SNOW DEPTH 23R 03/12 13 12/19
03/13
24 HR TOTAL 0.0
DEGREE DAYS
HEATING TOTAL 6963 8174 -1211 8002
SINCE 7/1 2536 3190 -654 2924
COOLING TOTAL 603 422 181 665
SINCE 1/1 603 422 181 665
FREEZE DATES
RECORD
EARLIEST 08/30/1915
LATEST 06/12/1903
EARLIEST 10/16
LATEST 05/03
................................................................
WIND (MPH)
AVERAGE WIND SPEED 7.1
HIGHEST WIND SPEED/DIRECTION 38/270 DATE 07/10
HIGHEST GUST SPEED/DIRECTION 52/270 DATE 07/10
SKY COVER
POSSIBLE SUNSHINE (PERCENT) MM
AVERAGE SKY COVER 0.45
NUMBER OF DAYS FAIR 147
NUMBER OF DAYS PC 84
NUMBER OF DAYS CLOUDY 103
AVERAGE RH (PERCENT) 67
WEATHER CONDITIONS. NUMBER OF DAYS WITH
THUNDERSTORM 29 MIXED PRECIP 0
HEAVY RAIN 24 RAIN 38
LIGHT RAIN 101 FREEZING RAIN 3
LT FREEZING RAIN 10 HAIL 0
HEAVY SNOW 5 SNOW 11
LIGHT SNOW 59 SLEET 1
FOG 159 FOG W/VIS <= 1/4 MILE 20
HAZE 102
- INDICATES NEGATIVE NUMBERS.
R INDICATES RECORD WAS SET OR TIED.
MM INDICATES DATA IS MISSING.
T INDICATES TRACE AMOUNT.
$$