000
CXUS53 KEAX 012052 RRA
CLAIRK
CLIMATE REPORT
NATIONAL WEATHER SERVICE KANSAS CITY/PLEASANT HILL MO
249 PM CST MON JAN 01 2024
...................................
...THE KIRKSVILLE MO CLIMATE SUMMARY FOR THE YEAR OF 2023...
CLIMATE NORMAL PERIOD: 1991 TO 2020
CLIMATE RECORD PERIOD: 9999 TO 9999
WEATHER OBSERVED NORMAL DEPART LAST YEAR`S
VALUE DATE(S) VALUE FROM VALUE
NORMAL
..............................................................
TEMPERATURE (F)
HIGHEST 100 07/28 95 5
LOWEST 2 01/31 -5 7
02/03
AVG. MAXIMUM 65.3 62.1 3.2
AVG. MINIMUM 42.3 41.7 0.6
MEAN 53.8 51.9 1.9
DAYS MAX >= 90 26 24.1 1.9
DAYS MAX <= 32 14 35.1 -21.1
DAYS MIN <= 32 128 125.1 2.9
DAYS MIN <= 0 0 6.8 -6.8
PRECIPITATION (INCHES)
TOTALS 34.36 39.27 -4.91
DAILY AVG. 0.09 0.11 -0.02
DAYS >= .01 99 114.3 -15.3
DAYS >= .10 59 65.2 -6.2
DAYS >= .50 25 25.4 -0.4
DAYS >= 1.00 8 9.8 -1.8
GREATEST
24 HR. TOTAL 3.68
DEGREE DAYS
HEATING TOTAL 4967 5746 -779
COOLING TOTAL 1013 1009 4
..............................................................
WIND (MPH)
AVERAGE WIND SPEED 8.1
HIGHEST WIND SPEED/DIRECTION 41/280 DATE 06/29
HIGHEST GUST SPEED/DIRECTION 64/030 DATE 06/02
SKY COVER
POSSIBLE SUNSHINE (PERCENT) MM
AVERAGE SKY COVER 0.32
NUMBER OF DAYS FAIR 225
NUMBER OF DAYS PC 82
NUMBER OF DAYS CLOUDY 58
AVERAGE RH (PERCENT) 69
WEATHER CONDITIONS. NUMBER OF DAYS WITH
THUNDERSTORM 45 MIXED PRECIP 0
HEAVY RAIN 26 RAIN 35
LIGHT RAIN 89 FREEZING RAIN 0
LT FREEZING RAIN 2 HAIL 0
HEAVY SNOW 1 SNOW 5
LIGHT SNOW 28 SLEET 0
FOG 193 FOG W/VIS <= 1/4 MILE 34
HAZE 55
- INDICATES NEGATIVE NUMBERS.
R INDICATES RECORD WAS SET OR TIED.
MM INDICATES DATA IS MISSING.
T INDICATES TRACE AMOUNT.
$$