074
CDUS43 KABR 242237
CLIABR


CLIMATE REPORT
NATIONAL WEATHER SERVICE ABERDEEN SD
536 PM CDT THU MAY 24 2018


...................................

...THE ABERDEEN SD CLIMATE SUMMARY FOR MAY 24 2018...
VALID TODAY AS OF 0500 PM LOCAL TIME.

CLIMATE NORMAL PERIOD 1981 TO 2010
CLIMATE RECORD PERIOD 1893 TO 2018


WEATHER ITEM   OBSERVED TIME   RECORD YEAR NORMAL DEPARTURE LAST
                VALUE   (LST)  VALUE       VALUE  FROM      YEAR
                                                  NORMAL
..................................................................
TEMPERATURE (F)
 TODAY
  MAXIMUM         92    339 PM  99    1926  71     21       68
  MINIMUM         62    420 AM  25    1897  47     15       36
  AVERAGE         77                        59     18       52

PRECIPITATION (IN)
  TODAY            0.00          1.30 1906   0.10  -0.10     0.00
  MONTH TO DATE    0.52                      2.44  -1.92     0.59
  SINCE MAR 1      3.09                      5.45  -2.36     2.64
  SINCE JAN 1      3.96                      6.47  -2.51     3.32

DEGREE DAYS
 COOLING
  TODAY           12                         1     11        0
  MONTH TO DATE   41                        14     27       12
  SINCE MAR 1     41                        16     25       12
  SINCE JAN 1     41                        16     25       12
..................................................................


WIND (MPH)
  HIGHEST WIND SPEED    23   HIGHEST WIND DIRECTION     S (200)
  HIGHEST GUST SPEED    31   HIGHEST GUST DIRECTION    SW (210)
  AVERAGE WIND SPEED    12.7


SKY COVER
  POSSIBLE SUNSHINE  MM
  AVERAGE SKY COVER 0.1


WEATHER CONDITIONS
 THE FOLLOWING WEATHER WAS RECORDED TODAY.
  NO SIGNIFICANT WEATHER WAS OBSERVED.


RELATIVE HUMIDITY (PERCENT)
 HIGHEST    93           400 AM
 LOWEST     38           200 PM
 AVERAGE    66

..........................................................


THE ABERDEEN SD CLIMATE NORMALS FOR TOMORROW
                         NORMAL    RECORD    YEAR
 MAXIMUM TEMPERATURE (F)   71        93      1941
 MINIMUM TEMPERATURE (F)   47        29      1924


SUNRISE AND SUNSET
MAY 24 2018...........SUNRISE   554 AM CDT   SUNSET   908 PM CDT
MAY 25 2018...........SUNRISE   553 AM CDT   SUNSET   909 PM CDT


-  INDICATES NEGATIVE NUMBERS.
R  INDICATES RECORD WAS SET OR TIED.
MM INDICATES DATA IS MISSING.
T  INDICATES TRACE AMOUNT.


$$

THE PEAK WIND SPEED WAS 31 MPH FROM THE SOUTHWEST AT 1102 AM CDT.

$$
