000
CDUS41 KPHI 202130
CLIACY


CLIMATE REPORT
NATIONAL WEATHER SERVICE MOUNT HOLLY NJ
530 PM EDT FRI APR 20 2018


...................................

...THE ATLANTIC CITY NJ CLIMATE SUMMARY FOR APRIL 20 2018...
VALID TODAY AS OF 0500 PM LOCAL TIME.

CLIMATE NORMAL PERIOD 1981 TO 2010
CLIMATE RECORD PERIOD 1874 TO 2018


WEATHER ITEM   OBSERVED TIME   RECORD YEAR NORMAL DEPARTURE LAST
                VALUE   (LST)  VALUE       VALUE  FROM      YEAR
                                                  NORMAL
..................................................................
TEMPERATURE (F)
 TODAY
  MAXIMUM         57    225 PM  86    2005  63     -6       76
  MINIMUM         32    322 AM  27    1904  43    -11       53
  AVERAGE         45                        53     -8       65

PRECIPITATION (IN)
  TODAY            0.00          1.71 1940   0.11  -0.11      T
  MONTH TO DATE    2.55                      2.55   0.00     1.17
  SINCE MAR 1      7.88                      6.76   1.12     6.79
  SINCE JAN 1     17.60                     12.85   4.75    12.34

SNOWFALL (IN)
  TODAY            0.0           0.4  1983   0.0    0.0      0.0
  MONTH TO DATE    T                         0.3   -0.3      0.0
  SINCE MAR 1      9.6                       1.4    8.2      0.2
  SINCE JUL 1     34.1                      16.5   17.6      7.7
  SNOW DEPTH       0

DEGREE DAYS
 HEATING
  TODAY           20                        12      8        0
  MONTH TO DATE  343                       301     42      186
  SINCE MAR 1   1114                      1007    107      905
  SINCE JUL 1   4352                      4598   -246     3901

 COOLING
  TODAY            0                         0      0        0
  MONTH TO DATE    6                         0      6       10
  SINCE MAR 1      6                         0      6       10
  SINCE JAN 1      6                         0      6       10
..................................................................


WIND (MPH)
  HIGHEST WIND SPEED    25   HIGHEST WIND DIRECTION    NW (310)
  HIGHEST GUST SPEED    36   HIGHEST GUST DIRECTION    NW (320)
  AVERAGE WIND SPEED    13.7


SKY COVER
  POSSIBLE SUNSHINE  MM
  AVERAGE SKY COVER 0.1


WEATHER CONDITIONS
 THE FOLLOWING WEATHER WAS RECORDED TODAY.
  NO SIGNIFICANT WEATHER WAS OBSERVED.


RELATIVE HUMIDITY (PERCENT)
 HIGHEST    70           300 AM
 LOWEST     32           100 PM
 AVERAGE    51

..........................................................


THE ATLANTIC CITY NJ CLIMATE NORMALS FOR TOMORROW
                         NORMAL    RECORD    YEAR
 MAXIMUM TEMPERATURE (F)   64        84      1985
 MINIMUM TEMPERATURE (F)   44        25      1981


SUNRISE AND SUNSET
APRIL 20 2018.........SUNRISE   614 AM EDT   SUNSET   741 PM EDT
APRIL 21 2018.........SUNRISE   613 AM EDT   SUNSET   742 PM EDT


-  INDICATES NEGATIVE NUMBERS.
R  INDICATES RECORD WAS SET OR TIED.
MM INDICATES DATA IS MISSING.
T  INDICATES TRACE AMOUNT.




$$
