000
CDAK48 PAFC 231252
CLIADQ


CLIMATE REPORT
NATIONAL WEATHER SERVICE ANCHORAGE, AK
451 AM AKDT WED MAY 23 2018


...................................

...THE KODIAK CLIMATE SUMMARY FOR MAY 22 2018...

CLIMATE NORMAL PERIOD 1981 TO 2010
CLIMATE RECORD PERIOD 1913 TO 2018


WEATHER ITEM   OBSERVED TIME   RECORD YEAR NORMAL DEPARTURE LAST
                VALUE   (LST)  VALUE       VALUE  FROM      YEAR
                                                  NORMAL
..................................................................
TEMPERATURE (F)
 YESTERDAY
  MAXIMUM         50    139 PM  69    1991  51     -1       53
  MINIMUM         43    522 AM  30    1985  40      3       42
  AVERAGE         47                        45      2       48

PRECIPITATION (IN)
  YESTERDAY        0.12          2.70 2007   0.19  -0.07      T
  MONTH TO DATE    7.54                      3.86   3.68     6.36
  SINCE MAR 1     15.31                     15.20   0.11    14.41
  SINCE JAN 1     26.24                     29.63  -3.39    19.95

SNOWFALL (IN)
  YESTERDAY        0.0          MM      MM   0.0    0.0     MM
  MONTH TO DATE    0.0                       0.2   -0.2      0.0
  SINCE MAR 1      1.1                      19.5  -18.4      2.6
  SINCE JUL 1     17.9                      68.9  -51.0     28.4
  SNOW DEPTH       0

DEGREE DAYS
 HEATING
  YESTERDAY       18                        20     -2       17
  MONTH TO DATE  474                       474      0      427
  SINCE MAR 1   2076                      2294   -218     2287
  SINCE JUL 1   7377                      8166   -789     7628

 COOLING
  YESTERDAY        0                         0      0        0
  MONTH TO DATE    0                         0      0        0
  SINCE MAR 1      0                         0      0        0
  SINCE JAN 1      0                         0      0        0
..................................................................


WIND (MPH)
  RESULTANT WIND SPEED   7   RESULTANT WIND DIRECTION   N (20)
  HIGHEST WIND SPEED    18   HIGHEST WIND DIRECTION    NE (30)
  HIGHEST GUST SPEED    25   HIGHEST GUST DIRECTION    NE (40)
  AVERAGE WIND SPEED     8.6



WEATHER CONDITIONS
 THE FOLLOWING WEATHER WAS RECORDED YESTERDAY.
  LIGHT RAIN
  FOG


RELATIVE HUMIDITY (PERCENT)
 HIGHEST    89
 LOWEST     71
 AVERAGE    80

..........................................................


THE KODIAK CLIMATE NORMALS FOR TODAY
                         NORMAL    RECORD    YEAR
 MAXIMUM TEMPERATURE (F)   51        71      1991
 MINIMUM TEMPERATURE (F)   40        31      1999
                                             1975


SUNRISE AND SUNSET
MAY 23 2018...........SUNRISE   532 AM AKDT  SUNSET  1043 PM AKDT
MAY 24 2018...........SUNRISE   530 AM AKDT  SUNSET  1045 PM AKDT


-  INDICATES NEGATIVE NUMBERS.
R  INDICATES RECORD WAS SET OR TIED.
MM INDICATES DATA IS MISSING.
T  INDICATES TRACE AMOUNT.




$$
