000
CDUS42 KFFC 270037
CLIAHN


CLIMATE REPORT
NATIONAL WEATHER SERVICE PEACHTREE CITY GA
837 PM EDT THU APR 26 2018


...................................

...THE ATHENS CLIMATE SUMMARY FOR APRIL 26 2018...
VALID AS OF 0900 AM LOCAL TIME.

CLIMATE NORMAL PERIOD 1981 TO 2010
CLIMATE RECORD PERIOD 1898 TO 2018


WEATHER ITEM   OBSERVED TIME   RECORD YEAR NORMAL DEPARTURE LAST
                VALUE   (LST)  VALUE       VALUE  FROM      YEAR
                                                  NORMAL
..................................................................
TEMPERATURE (F)
 TODAY
  MAXIMUM         69   1257 PM  91    1942  77     -8       85
  MINIMUM         48    604 AM  33    1919  52     -4       52
  AVERAGE         59                        64     -5       69

PRECIPITATION (IN)
  TODAY            0.18          2.81 1967   0.11   0.07     0.00
  MONTH TO DATE    5.49                      2.75   2.74     6.86
  SINCE MAR 1      8.67                      7.18   1.49    11.17
  SINCE JAN 1     19.08                     15.71   3.37    18.87

SNOWFALL (IN)
  TODAY            0.0           0.0  2002   0.0    0.0      0.0
                                      2001
                                      2000
  MONTH TO DATE    0.0                       0.1   -0.1      0.0
  SINCE MAR 1      0.0                       0.9   -0.9      0.0
  SINCE JUL 1      1.1                       3.0   -1.9      0.0
  SNOW DEPTH       0

DEGREE DAYS
 HEATING
  TODAY            6                         3      3        0
  MONTH TO DATE  175                       136     39       60
  SINCE MAR 1    558                       476     82      341
  SINCE JUL 1   2564                      2731   -167     1865

 COOLING
  TODAY            0                         2     -2        4
  MONTH TO DATE   11                        36    -25       83
  SINCE MAR 1     14                        46    -32      121
  SINCE JAN 1     48                        47      1      130
..................................................................


WIND (MPH)
  HIGHEST WIND SPEED     9   HIGHEST WIND DIRECTION     E (100)
  HIGHEST GUST SPEED    13   HIGHEST GUST DIRECTION     W (290)
  AVERAGE WIND SPEED     2.0


SKY COVER
  AVERAGE SKY COVER 0.0


WEATHER CONDITIONS
 THE FOLLOWING WEATHER WAS RECORDED TODAY.
  NO SIGNIFICANT WEATHER WAS OBSERVED.


RELATIVE HUMIDITY (PERCENT)
 HIGHEST   100           400 AM
 LOWEST     67           900 AM

..........................................................


THE ATHENS CLIMATE NORMALS FOR TOMORROW
                         NORMAL    RECORD    YEAR
 MAXIMUM TEMPERATURE (F)   77        93      1986
                                             1942
 MINIMUM TEMPERATURE (F)   52        34      1919


SUNRISE AND SUNSET
APRIL 26 2018.........SUNRISE   649 AM EDT   SUNSET   813 PM EDT
APRIL 27 2018.........SUNRISE   648 AM EDT   SUNSET   814 PM EDT


-  INDICATES NEGATIVE NUMBERS.
R  INDICATES RECORD WAS SET OR TIED.
MM INDICATES DATA IS MISSING.
T  INDICATES TRACE AMOUNT.




$$
