000
CDAK48 PAFC 280100
CLIAKN


CLIMATE REPORT
NATIONAL WEATHER SERVICE ANCHORAGE, AK
500 PM AKDT SUN MAY 27 2018


...................................

...THE KING SALMON CLIMATE SUMMARY FOR MAY 27 2018...
VALID TODAY AS OF 0500 PM LOCAL TIME.

CLIMATE NORMAL PERIOD 1981 TO 2010
CLIMATE RECORD PERIOD 1917 TO 2018


WEATHER ITEM   OBSERVED TIME   RECORD YEAR NORMAL DEPARTURE LAST
                VALUE   (LST)  VALUE       VALUE  FROM      YEAR
                                                  NORMAL
..................................................................
TEMPERATURE (F)
 TODAY
  MAXIMUM         55    227 PM  77    2016  57     -2       57
  MINIMUM         37    321 AM  27    1976  37      0       31
                                      1955
  AVERAGE         46                        47     -1       44

PRECIPITATION (IN)
  TODAY            0.02          0.57 1978   0.05  -0.03     0.01
  MONTH TO DATE    1.53                      1.07   0.46     1.05
  SINCE MAR 1      7.03                      2.74   4.29     1.85
  SINCE JAN 1     10.73                      4.52   6.21     3.05

SNOWFALL (IN)
  TODAY            0.0          MM      MM   0.0    0.0      0.0
  MONTH TO DATE    T                         0.8   -0.8      0.0
  SINCE MAR 1     32.3                      11.1   21.2      3.3
  SINCE JUL 1     56.2                      46.6    9.6     26.0
  SNOW DEPTH       0

DEGREE DAYS
 HEATING
  TODAY           19                        18      1       21
  MONTH TO DATE  548                       576    -28      543
  SINCE MAR 1   2505                      2781   -276     2942
  SINCE JUL 1   8991                     10401  -1410    10075

 COOLING
  TODAY            0                         0      0        0
  MONTH TO DATE    0                         0      0        0
  SINCE MAR 1      0                         0      0        0
  SINCE JAN 1      0                         0      0        0
..................................................................


WIND (MPH)
  RESULTANT WIND SPEED   4   RESULTANT WIND DIRECTION   W (290)
  HIGHEST WIND SPEED    12   HIGHEST WIND DIRECTION     W (260)
  HIGHEST GUST SPEED    16   HIGHEST GUST DIRECTION    SW (230)
  AVERAGE WIND SPEED     5.0



WEATHER CONDITIONS
 THE FOLLOWING WEATHER WAS RECORDED TODAY.
  LIGHT RAIN
  FOG


RELATIVE HUMIDITY (PERCENT)
 HIGHEST   100
 LOWEST     54
 AVERAGE    77

..........................................................


THE KING SALMON CLIMATE NORMALS FOR TOMORROW
                         NORMAL    RECORD    YEAR
 MAXIMUM TEMPERATURE (F)   57        83      2006
 MINIMUM TEMPERATURE (F)   37        28      2000


SUNRISE AND SUNSET
MAY 27 2018...........SUNRISE   535 AM AKDT  SUNSET  1114 PM AKDT
MAY 28 2018...........SUNRISE   533 AM AKDT  SUNSET  1116 PM AKDT


-  INDICATES NEGATIVE NUMBERS.
R  INDICATES RECORD WAS SET OR TIED.
MM INDICATES DATA IS MISSING.
T  INDICATES TRACE AMOUNT.




$$
