737
CDUS41 KALY 210635
CLIALB


CLIMATE REPORT
NATIONAL WEATHER SERVICE ALBANY NY
234 AM EDT SAT APR 21 2018


...................................

...THE ALBANY NY CLIMATE SUMMARY FOR APRIL 20 2018...

CLIMATE NORMAL PERIOD 1981 TO 2010
CLIMATE RECORD PERIOD 1874 TO 2018


WEATHER ITEM   OBSERVED TIME   RECORD YEAR NORMAL DEPARTURE LAST
                VALUE   (LST)  VALUE       VALUE  FROM      YEAR
                                                  NORMAL
..................................................................
TEMPERATURE (F)
 YESTERDAY
  MAXIMUM         47    319 PM  93    1941  61    -14       62
  MINIMUM         31    513 AM  19    1875  39     -8       46
  AVERAGE         39                        50    -11       54

PRECIPITATION (IN)
  YESTERDAY        0.00          1.03 1914   0.11  -0.11     0.11
  MONTH TO DATE    2.21                      2.14   0.07     2.14
  SINCE MAR 1      5.27                      5.35  -0.08     6.21
  SINCE JAN 1     10.74                     10.14   0.60    12.19

SNOWFALL (IN)
  YESTERDAY        0.0           5.8  1947   0.1   -0.1      0.0
  MONTH TO DATE    2.4                       2.0    0.4      0.2
  SINCE MAR 1     38.4                      13.0   25.4     19.6
  SINCE JUL 1     77.3                      59.9   17.4     60.8
  SNOW DEPTH       0

DEGREE DAYS
 HEATING
  YESTERDAY       26                        15     11       11
  MONTH TO DATE  551                       385    166      288
  SINCE MAR 1   1502                      1314    188     1313
  SINCE JUL 1   6044                      6258   -214     5476

 COOLING
  YESTERDAY        0                         0      0        0
  MONTH TO DATE    0                         0      0       16
  SINCE MAR 1      0                         0      0       16
  SINCE JAN 1      0                         0      0       16
..................................................................


WIND (MPH)
  HIGHEST WIND SPEED    25   HIGHEST WIND DIRECTION     W (280)
  HIGHEST GUST SPEED    35   HIGHEST GUST DIRECTION     W (260)
  AVERAGE WIND SPEED    14.8


SKY COVER
  AVERAGE SKY COVER 0.7



RELATIVE HUMIDITY (PERCENT)
 HIGHEST    69
 LOWEST     41
 AVERAGE    55

..........................................................


THE ALBANY NY CLIMATE NORMALS FOR TODAY
                         NORMAL    RECORD    YEAR
 MAXIMUM TEMPERATURE (F)   61        89      1923
 MINIMUM TEMPERATURE (F)   39        20      1875


SUNRISE AND SUNSET
APRIL 21 2018.........SUNRISE   604 AM EDT   SUNSET   744 PM EDT
APRIL 22 2018.........SUNRISE   603 AM EDT   SUNSET   745 PM EDT


-  INDICATES NEGATIVE NUMBERS.
R  INDICATES RECORD WAS SET OR TIED.
MM INDICATES DATA IS MISSING.
T  INDICATES TRACE AMOUNT.




$$
