441
CDUS44 KAMA 210633
CLIAMA


CLIMATE REPORT
NATIONAL WEATHER SERVICE AMARILLO TX
132 AM CDT MON MAY 21 2018


...................................

...THE AMARILLO CLIMATE SUMMARY FOR MAY 20 2018...

CLIMATE NORMAL PERIOD 1981 TO 2010
CLIMATE RECORD PERIOD 1892 TO 2018


WEATHER ITEM   OBSERVED TIME   RECORD YEAR NORMAL DEPARTURE LAST
                VALUE   (LST)  VALUE       VALUE  FROM      YEAR
                                                  NORMAL
..................................................................
TEMPERATURE (F)
 YESTERDAY
  MAXIMUM         75    533 PM 100    1925  81     -6       70
  MINIMUM         48    701 AM  38    2017  53     -5       38
  AVERAGE         62                        67     -5       54

PRECIPITATION (IN)
  YESTERDAY        0.00          1.76 1941   0.08  -0.08     0.00
  MONTH TO DATE    0.08                      1.23  -1.15     1.13
  SINCE MAR 1      0.92                      4.02  -3.10     4.45
  SINCE JAN 1      0.93                      5.30  -4.37     8.13

SNOWFALL (IN)
  YESTERDAY        0.0           T    2000   0.0    0.0      0.0
  MONTH TO DATE    0.0                       0.2   -0.2      0.0
  SINCE MAR 1      0.0                       3.8   -3.8      2.0
  SINCE JUL 1      T                        17.8  -17.8     10.0
  SNOW DEPTH       0

DEGREE DAYS
 HEATING
  YESTERDAY        3                         2      1       11
  MONTH TO DATE   10                        68    -58       75
  SINCE MAR 1    715                       879   -164      660
  SINCE JUL 1   3621                      4156   -535     3218

 COOLING
  YESTERDAY        0                         4     -4        0
  MONTH TO DATE  158                        49    109       47
  SINCE MAR 1    193                        70    123       96
  SINCE JAN 1    193                        70    123      101
..................................................................


WIND (MPH)
  RESULTANT WIND SPEED   9   RESULTANT WIND DIRECTION  NE (30)
  HIGHEST WIND SPEED    25   HIGHEST WIND DIRECTION     N (20)
  HIGHEST GUST SPEED    32   HIGHEST GUST DIRECTION     N (340)
  AVERAGE WIND SPEED    12.7


SKY COVER
  AVERAGE SKY COVER 0.1


WEATHER CONDITIONS
 THE FOLLOWING WEATHER WAS RECORDED YESTERDAY.
  NO SIGNIFICANT WEATHER WAS OBSERVED.


RELATIVE HUMIDITY (PERCENT)
 HIGHEST    86           600 AM
 LOWEST     38           400 PM
 AVERAGE    62

..........................................................


THE AMARILLO CLIMATE NORMALS FOR TODAY
                         NORMAL    RECORD    YEAR
 MAXIMUM TEMPERATURE (F)   81        98      1966
                                             1953
 MINIMUM TEMPERATURE (F)   54        37      1967
                                             1915


SUNRISE AND SUNSET
MAY 21 2018...........SUNRISE   639 AM CDT   SUNSET   849 PM CDT
MAY 22 2018...........SUNRISE   638 AM CDT   SUNSET   849 PM CDT


-  INDICATES NEGATIVE NUMBERS.
R  INDICATES RECORD WAS SET OR TIED.
MM INDICATES DATA IS MISSING.
T  INDICATES TRACE AMOUNT.




$$
