915
CDUS44 KBMX 270113
CLIANB


CLIMATE REPORT
NATIONAL WEATHER SERVICE BIRMINGHAM, AL
813 PM CDT THU APR 26 2018


...................................

...THE ANNISTON CLIMATE SUMMARY FOR APRIL 26 2018...
VALID TODAY AS OF 0500 PM LOCAL TIME.

CLIMATE NORMAL PERIOD 1981 TO 2010
CLIMATE RECORD PERIOD 1903 TO 2018


WEATHER ITEM   OBSERVED RECORD YEAR NORMAL DEPARTURE LAST
                VALUE   VALUE       VALUE  FROM      YEAR
                                           NORMAL
...........................................................
TEMPERATURE (F)
 TODAY
  MAXIMUM         65     90    1986  76    -11       81
  MINIMUM         52     37    2013  52      0       52
  AVERAGE         59

PRECIPITATION (IN)
  TODAY            0.93   1.37 1944   0.14   0.79     0.00
  MONTH TO DATE    3.98               3.57   0.41     5.31
  SINCE MAR 1      8.56               8.53   0.03     9.56
  SINCE JAN 1     18.41              18.13   0.28    20.08

SNOWFALL (IN)
  TODAY            0.0                0.0             0.0
  MONTH TO DATE    0.0                0.2             0.0
  SINCE MAR 1      0.0                0.9             0.0
  SINCE JUL 1      0.0                2.0             0.0

DEGREE DAYS

 COOLING
  TODAY            0                  2     -2        2
  MONTH TO DATE   13                 38    -25       79
  SINCE MAR 1     17                 50    -33      122
  SINCE JAN 1     49                 51     -2      124
...........................................................


WIND (MPH)
  HIGHEST WIND SPEED    14   HIGHEST WIND DIRECTION     E (80)
  HIGHEST GUST SPEED    20   HIGHEST GUST DIRECTION     E (80)
  AVERAGE WIND SPEED     4.4


SKY COVER
  AVERAGE SKY COVER 0.8


WEATHER CONDITIONS
 THE FOLLOWING WEATHER WAS RECORDED TODAY.
  HEAVY RAIN
  RAIN
  LIGHT RAIN
  FOG


RELATIVE HUMIDITY (PERCENT)
 HIGHEST   100
 LOWEST     67
 AVERAGE    84

..........................................................


THE ANNISTON CLIMATE NORMALS FOR TOMORROW
                         NORMAL    RECORD    YEAR
 MAXIMUM TEMPERATURE (F)   77        90      1986
 MINIMUM TEMPERATURE (F)   53        38      1977


SUNRISE AND SUNSET
APRIL 26 2018.........SUNRISE   600 AM CDT   SUNSET   723 PM CDT
APRIL 27 2018.........SUNRISE   559 AM CDT   SUNSET   723 PM CDT


-  INDICATES NEGATIVE NUMBERS.
R  INDICATES RECORD WAS SET OR TIED.
MM INDICATES DATA IS MISSING.
T  INDICATES TRACE AMOUNT.




$$
