000
CDUS42 KMFL 250822
CLIAPF


CLIMATE REPORT
NATIONAL WEATHER SERVICE MIAMI, FL
421 AM EDT WED APR 25 2018


...................................

...THE NAPLES CLIMATE SUMMARY FOR APRIL 24 2018...

CLIMATE NORMAL PERIOD 1981 TO 2010
CLIMATE RECORD PERIOD 1942 TO 2018


WEATHER ITEM   OBSERVED TIME   RECORD YEAR NORMAL DEPARTURE LAST
                VALUE   (LST)  VALUE       VALUE  FROM      YEAR
                                                  NORMAL
..................................................................
TEMPERATURE (F)
 YESTERDAY
  MAXIMUM         84   1255 PM  91    2002  85     -1       83
  MINIMUM         74   1159 PM  52    1986  65      9       70
  AVERAGE         79                        75      4       77

PRECIPITATION (IN)
  YESTERDAY        0.12          2.53 1978   0.07   0.05     0.00
  MONTH TO DATE    0.99                      1.98  -0.99     0.89
  SINCE NOV 1      4.10                     11.80  -7.70     3.30
  SINCE JAN 1      2.95                      8.31  -5.36     2.95

SNOWFALL (IN)
  YESTERDAY        0.0
  MONTH TO DATE    0.0
  SINCE MAR 1      0.0
  SINCE JUL 1      0.0
  SNOW DEPTH       0

DEGREE DAYS
 HEATING
  YESTERDAY        0                         0      0        0
  MONTH TO DATE    0                         0      0        0
  SINCE MAR 1     22                        23     -1       11
  SINCE JUL 1    200                       256    -56       67

 COOLING
  YESTERDAY       14                        10      4       12
  MONTH TO DATE  275                       191     84      261
  SINCE MAR 1    416                       367     49      458
  SINCE JAN 1    776                       558    218      781
..................................................................


WIND (MPH)
  HIGHEST WIND SPEED    17   HIGHEST WIND DIRECTION    SW (240)
  HIGHEST GUST SPEED    22   HIGHEST GUST DIRECTION    SW (240)
  AVERAGE WIND SPEED    10.1


SKY COVER
  AVERAGE SKY COVER 0.7


WEATHER CONDITIONS
 THE FOLLOWING WEATHER WAS RECORDED YESTERDAY.
  RAIN
  LIGHT RAIN
  FOG


RELATIVE HUMIDITY (PERCENT)
 HIGHEST    97
 LOWEST     74
 AVERAGE    86

..........................................................


THE NAPLES CLIMATE NORMALS FOR TODAY
                         NORMAL    RECORD    YEAR
 MAXIMUM TEMPERATURE (F)   85        91      2011
 MINIMUM TEMPERATURE (F)   65        52      1986


SUNRISE AND SUNSET
APRIL 25 2018.........SUNRISE   655 AM EDT   SUNSET   756 PM EDT
APRIL 26 2018.........SUNRISE   654 AM EDT   SUNSET   756 PM EDT


-  INDICATES NEGATIVE NUMBERS.
R  INDICATES RECORD WAS SET OR TIED.
MM INDICATES DATA IS MISSING.
T  INDICATES TRACE AMOUNT.




$$
