304
CDUS44 KLCH 250306
CLIARA


CLIMATE REPORT
NATIONAL WEATHER SERVICE LAKE CHARLES, LA
1006 PM CDT TUE APR 24 2018


...................................

...THE NEW IBERIA CLIMATE SUMMARY FOR APRIL 24 2018...
VALID TODAY AS OF 0500 PM LOCAL TIME.

CLIMATE NORMAL PERIOD 1981 TO 2010
CLIMATE RECORD PERIOD 1948 TO 2018


WEATHER ITEM   OBSERVED TIME   RECORD YEAR NORMAL DEPARTURE LAST
                VALUE   (LST)  VALUE       VALUE  FROM      YEAR
                                                  NORMAL
..................................................................
TEMPERATURE (F)
 TODAY
  MAXIMUM         81    359 PM  89    1955  81      0       80
  MINIMUM         53    518 AM  47    2005  59     -6       49
                                      1998
                                      1983
  AVERAGE         67                        70     -3       65

PRECIPITATION (IN)
  TODAY            0.00          2.35 1953   0.09  -0.09     0.00
  MONTH TO DATE    3.58                      3.44   0.14     1.59
  SINCE MAR 1      5.83                      7.21  -1.38     4.28
  SINCE JAN 1     15.34                     16.62  -1.28     7.08

SNOWFALL (IN)
  TODAY            0.0           0.0    MM  MM               0.0
  MONTH TO DATE    0.0                      MM               0.0
  SINCE MAR 1      0.0                      MM               0.0
  SINCE JUL 1      2.4                      MM               0.0

DEGREE DAYS
 HEATING
  TODAY            0                         0      0        0
  MONTH TO DATE   65                        43     22       12
  SINCE MAR 1    175                       191    -16       83
  SINCE JUL 1   1358                      1407    -49      712

 COOLING
  TODAY            2                         6     -4        0
  MONTH TO DATE   48                        97    -49      149
  SINCE MAR 1    139                       149    -10      274
  SINCE JAN 1    262                       180     82      409
..................................................................


WIND (MPH)
  RESULTANT WIND SPEED   6   RESULTANT WIND DIRECTION  NW (330)
  HIGHEST WIND SPEED    21   HIGHEST WIND DIRECTION    NW (320)
  HIGHEST GUST SPEED    31   HIGHEST GUST DIRECTION    NW (320)
  AVERAGE WIND SPEED     6.8


SKY COVER
  POSSIBLE SUNSHINE  MM
  AVERAGE SKY COVER 0.1


WEATHER CONDITIONS
 THE FOLLOWING WEATHER WAS RECORDED TODAY.
  FOG


RELATIVE HUMIDITY (PERCENT)
 HIGHEST    93           400 AM
 LOWEST     36           200 PM
 AVERAGE    65

..........................................................


THE NEW IBERIA CLIMATE NORMALS FOR TOMORROW
                         NORMAL    RECORD    YEAR
 MAXIMUM TEMPERATURE (F)   81        90      1999
 MINIMUM TEMPERATURE (F)   60        47      1983


SUNRISE AND SUNSET
APRIL 24 2018.........SUNRISE   631 AM CDT   SUNSET   740 PM CDT
APRIL 25 2018.........SUNRISE   630 AM CDT   SUNSET   741 PM CDT


-  INDICATES NEGATIVE NUMBERS.
R  INDICATES RECORD WAS SET OR TIED.
MM INDICATES DATA IS MISSING.
T  INDICATES TRACE AMOUNT.




$$
