000
CDUS41 KBGM 240532
CLIAVP


CLIMATE REPORT
NATIONAL WEATHER SERVICE BINGHAMTON NY
131 AM EDT TUE APR 24 2018


...................................

...THE AVOCA PA CLIMATE SUMMARY FOR APRIL 23 2018...

CLIMATE NORMAL PERIOD 1981 TO 2010
CLIMATE RECORD PERIOD 1901 TO 2018


WEATHER ITEM   OBSERVED TIME   RECORD YEAR NORMAL DEPARTURE LAST
                VALUE   (LST)  VALUE       VALUE  FROM      YEAR
                                                  NORMAL
..................................................................
TEMPERATURE (F)
 YESTERDAY
  MAXIMUM         70    328 PM  86    2001  62      8       70
  MINIMUM         33    537 AM  24    1930  41     -8       35
  AVERAGE         52                        52      0       53

PRECIPITATION (IN)
  YESTERDAY        0.00          1.20 1906   0.11  -0.11     0.00
  MONTH TO DATE    2.21                      2.54  -0.33     2.90
  SINCE MAR 1      5.03                      5.09  -0.06     8.35
  SINCE JAN 1     12.04                      9.49   2.55    14.58

SNOWFALL (IN)
  YESTERDAY        0.0           5.2  1986   0.1   -0.1      0.0
  MONTH TO DATE    4.9                       2.7    2.2      0.1
  SINCE MAR 1     24.8                      11.7   13.1     30.7
  SINCE JUL 1     51.9                      45.6    6.3     55.5

DEGREE DAYS
 HEATING
  YESTERDAY       13                        14     -1       12
  MONTH TO DATE  529                       410    119      262
  SINCE MAR 1   1474                      1281    193     1197
  SINCE JUL 1   5665                      5887   -222     4952

 COOLING
  YESTERDAY        0                         0      0        0
  MONTH TO DATE    4                         0      4       10
  SINCE MAR 1      4                         0      4       10
  SINCE JAN 1      4                         0      4       10
..................................................................


WIND (MPH)
  HIGHEST WIND SPEED    15   HIGHEST WIND DIRECTION    SW (220)
  HIGHEST GUST SPEED    23   HIGHEST GUST DIRECTION    SW (210)
  AVERAGE WIND SPEED     5.8


SKY COVER
  AVERAGE SKY COVER 0.0



RELATIVE HUMIDITY (PERCENT)
 HIGHEST    56           500 AM
 LOWEST     15           200 PM
 AVERAGE    36

..........................................................


THE AVOCA PA CLIMATE NORMALS FOR TODAY
                         NORMAL    RECORD    YEAR
 MAXIMUM TEMPERATURE (F)   63        87      1960
 MINIMUM TEMPERATURE (F)   41        25      1930


SUNRISE AND SUNSET
APRIL 24 2018.........SUNRISE   610 AM EDT   SUNSET   753 PM EDT
APRIL 25 2018.........SUNRISE   608 AM EDT   SUNSET   754 PM EDT


-  INDICATES NEGATIVE NUMBERS.
R  INDICATES RECORD WAS SET OR TIED.
MM INDICATES DATA IS MISSING.
T  INDICATES TRACE AMOUNT.

$$
