000
CDUS41 KOKX 190618
CLIBDR


CLIMATE REPORT
NATIONAL WEATHER SERVICE NEW YORK NY
217 AM EDT TUE JUN 19 2018


...................................

...THE BRIDGEPORT CT CLIMATE SUMMARY FOR JUNE 18 2018...

CLIMATE NORMAL PERIOD 1981 TO 2010
CLIMATE RECORD PERIOD 1948 TO 2018


WEATHER ITEM   OBSERVED TIME   RECORD YEAR NORMAL DEPARTURE LAST
                VALUE   (LST)  VALUE       VALUE  FROM      YEAR
                                                  NORMAL
..................................................................
TEMPERATURE (F)
 YESTERDAY
  MAXIMUM         85   1215 PM  91    1994  78      7       83
  MINIMUM         66    451 AM  46    1958  61      5       68
                                      1950
  AVERAGE         76                        70      6       76

PRECIPITATION (IN)
  YESTERDAY        0.32          2.15 2009   0.11   0.21     0.00
  MONTH TO DATE    2.12                      2.43  -0.31     0.49
  SINCE JUN 1      2.12                      2.43  -0.31     0.49
  SINCE JAN 1     23.26                     20.30   2.96    20.33

SNOWFALL (IN)
  YESTERDAY        0.0           0.0  2002   0.0    0.0      0.0
                                      2001
  MONTH TO DATE    0.0                       0.0    0.0      0.0
  SINCE OCT 1     45.9                      27.6   18.3     40.9
  SINCE JUL 1     45.9                      27.6   18.3     40.9
  SNOW DEPTH       0

DEGREE DAYS
 HEATING
  YESTERDAY        0                         1     -1        0
  MONTH TO DATE   21                        29     -8       25
  SINCE JUN 1     21                        29     -8       25
  SINCE JUL 1   5091                      5389   -298     4565

 COOLING
  YESTERDAY       11                         5      6       11
  MONTH TO DATE   59                        64     -5       90
  SINCE JUN 1     59                        64     -5       90
  SINCE JAN 1    107                        88     19      134
..................................................................


WIND (MPH)
  HIGHEST WIND SPEED    23   HIGHEST WIND DIRECTION     S (190)
  HIGHEST GUST SPEED    29   HIGHEST GUST DIRECTION     S (200)
  AVERAGE WIND SPEED     9.5


SKY COVER
  AVERAGE SKY COVER 0.0


WEATHER CONDITIONS
 THE FOLLOWING WEATHER WAS RECORDED YESTERDAY.
  THUNDERSTORM
  HEAVY RAIN
  LIGHT RAIN
  FOG


RELATIVE HUMIDITY (PERCENT)
 HIGHEST    87           100 AM
 LOWEST     58           300 PM
 AVERAGE    73

..........................................................


THE BRIDGEPORT CT CLIMATE NORMALS FOR TODAY
                         NORMAL    RECORD    YEAR
 MAXIMUM TEMPERATURE (F)   78        96      1994
 MINIMUM TEMPERATURE (F)   62        51      1986


SUNRISE AND SUNSET
JUNE 19 2018..........SUNRISE   520 AM EDT   SUNSET   828 PM EDT
JUNE 20 2018..........SUNRISE   520 AM EDT   SUNSET   829 PM EDT


-  INDICATES NEGATIVE NUMBERS.
R  INDICATES RECORD WAS SET OR TIED.
MM INDICATES DATA IS MISSING.
T  INDICATES TRACE AMOUNT.




$$
