000
CDUS45 KVEF 200826
CLIBIH


CLIMATE REPORT
NATIONAL WEATHER SERVICE LAS VEGAS, NV
126 AM PDT SUN MAY 20 2018


...................................

...THE BISHOP CA CLIMATE SUMMARY FOR MAY 19 2018...

CLIMATE NORMAL PERIOD 1981 TO 2010
CLIMATE RECORD PERIOD 1943 TO 2018


WEATHER ITEM   OBSERVED TIME   RECORD YEAR NORMAL DEPARTURE LAST
                VALUE   (LST)  VALUE       VALUE  FROM      YEAR
                                                  NORMAL
..................................................................
TEMPERATURE (F)
 YESTERDAY
  MAXIMUM         78   1113 AM  99    2008  83     -5       83
  MINIMUM         48   1115 PM  32    1945  45      3       42
  AVERAGE         63                        64     -1       63

PRECIPITATION (IN)
  YESTERDAY        T             0.18 1949   0.01  -0.01     0.00
  MONTH TO DATE    0.03                      0.11  -0.08     0.35
  SINCE OCT 1      1.25                      4.42  -3.17     9.16
  SINCE JAN 1      1.09                      2.80  -1.71     8.80

SNOWFALL (IN)
  YESTERDAY       MM             T    1974   0.0   MM        0.0
  MONTH TO DATE    0.0                       0.0    0.0      0.0
  SINCE MAR 1      0.0                       0.6   -0.6       T
  SINCE JUL 1      0.2                       8.0   -7.8      8.6
  SNOW DEPTH       0

DEGREE DAYS
 HEATING
  YESTERDAY        2                         3     -1        2
  MONTH TO DATE   64                        89    -25       96
  SINCE MAR 1    799                       924   -125      780
  SINCE JUL 1   3628                      4131   -503     3780

 COOLING
  YESTERDAY        0                         2     -2        0
  MONTH TO DATE   34                        24     10       17
  SINCE MAR 1     46                        28     18       17
  SINCE JAN 1     46                        28     18       17
..................................................................


WIND (MPH)
  RESULTANT WIND SPEED   3   RESULTANT WIND DIRECTION  NW (310)
  HIGHEST WIND SPEED    24   HIGHEST WIND DIRECTION     N (20)
  HIGHEST GUST SPEED    33   HIGHEST GUST DIRECTION     N (20)
  AVERAGE WIND SPEED     6.3


SKY COVER
  POSSIBLE SUNSHINE  MM
  AVERAGE SKY COVER 0.3


WEATHER CONDITIONS
 THE FOLLOWING WEATHER WAS RECORDED YESTERDAY.
  THUNDERSTORM


RELATIVE HUMIDITY (PERCENT)
 HIGHEST    68          1100 PM
 LOWEST     20          1200 PM
 AVERAGE    44

..........................................................


THE BISHOP CA CLIMATE NORMALS FOR TODAY
                         NORMAL    RECORD    YEAR
 MAXIMUM TEMPERATURE (F)   84        96      1984
 MINIMUM TEMPERATURE (F)   45        31      1974


SUNRISE AND SUNSET
MAY 20 2018...........SUNRISE   541 AM PDT   SUNSET   800 PM PDT
MAY 21 2018...........SUNRISE   540 AM PDT   SUNSET   801 PM PDT


-  INDICATES NEGATIVE NUMBERS.
R  INDICATES RECORD WAS SET OR TIED.
MM INDICATES DATA IS MISSING.
T  INDICATES TRACE AMOUNT.




$$
