000
CDUS44 KLCH 200859
CLIBPT


CLIMATE REPORT
NATIONAL WEATHER SERVICE LAKE CHARLES, LA
348 AM CDT FRI APR 20 2018


...................................

...THE BEAUMONT PORT ARTHUR CLIMATE SUMMARY FOR APRIL 19 2018...

CLIMATE NORMAL PERIOD 1981 TO 2010
CLIMATE RECORD PERIOD 1901 TO 2018


WEATHER ITEM   OBSERVED TIME   RECORD YEAR NORMAL DEPARTURE LAST
                VALUE   (LST)  VALUE       VALUE  FROM      YEAR
                                                  NORMAL
..................................................................
TEMPERATURE (F)
 YESTERDAY
  MAXIMUM         76    346 PM  90    1965  79     -3       85
  MINIMUM         58   1159 PM  44    2008  60     -2       70
  AVERAGE         67                        69     -2       78

PRECIPITATION (IN)
  YESTERDAY        0.00          2.64 1979   0.11  -0.11     0.00
  MONTH TO DATE    1.66                      1.89  -0.23     1.49
  SINCE MAR 1      3.38                      5.42  -2.04    10.35
  SINCE JAN 1     17.31                     14.26   3.05    12.40

SNOWFALL (IN)
  YESTERDAY        0.0           0.0    MM   0.0    0.0      0.0
  MONTH TO DATE    0.0                       0.0    0.0      0.0
  SINCE MAR 1      0.0                       0.0    0.0      0.0
  SINCE JUL 1      3.1                       T      3.1      0.0
  SNOW DEPTH       0

DEGREE DAYS
 HEATING
  YESTERDAY        0                         1     -1        0
  MONTH TO DATE   53                        34     19        4
  SINCE MAR 1    128                       182    -54       58
  SINCE JUL 1   1243                      1395   -152      613

 COOLING
  YESTERDAY        2                         5     -3       13
  MONTH TO DATE   61                        76    -15      142
  SINCE MAR 1    169                       131     38      295
  SINCE JAN 1    274                       157    117      489
..................................................................


WIND (MPH)
  HIGHEST WIND SPEED    18   HIGHEST WIND DIRECTION     N (20)
  HIGHEST GUST SPEED    25   HIGHEST GUST DIRECTION     N (10)
  AVERAGE WIND SPEED    11.4


SKY COVER
  POSSIBLE SUNSHINE  MM
  AVERAGE SKY COVER 0.3


WEATHER CONDITIONS
 THE FOLLOWING WEATHER WAS RECORDED YESTERDAY.
  FOG


RELATIVE HUMIDITY (PERCENT)
 HIGHEST   100          1200 AM
 LOWEST     31          1200 PM
 AVERAGE    66

..........................................................


THE BEAUMONT PORT ARTHUR CLIMATE NORMALS FOR TODAY
                         NORMAL    RECORD    YEAR
 MAXIMUM TEMPERATURE (F)   79        92      1987
 MINIMUM TEMPERATURE (F)   60        40      2013


SUNRISE AND SUNSET
APRIL 20 2018.........SUNRISE   644 AM CDT   SUNSET   746 PM CDT
APRIL 21 2018.........SUNRISE   643 AM CDT   SUNSET   747 PM CDT


-  INDICATES NEGATIVE NUMBERS.
R  INDICATES RECORD WAS SET OR TIED.
MM INDICATES DATA IS MISSING.
T  INDICATES TRACE AMOUNT.




$$
