000
CDAK49 PAFG 250118
CLIBRW

CLIMATE REPORT
NATIONAL WEATHER SERVICE FAIRBANKS AK
518 PM AKDT TUE APR 24 2018


...................................

...THE BARROW AK CLIMATE SUMMARY FOR APRIL 24 2018...
VALID TODAY AS OF 0500 PM LOCAL TIME.

CLIMATE NORMAL PERIOD 1981 TO 2010
CLIMATE RECORD PERIOD 1920 TO 2018


WEATHER ITEM   OBSERVED TIME   RECORD YEAR NORMAL DEPARTURE LAST
                VALUE   (LST)  VALUE       VALUE  FROM      YEAR
                                                  NORMAL
..................................................................
TEMPERATURE (F)
 TODAY
  MAXIMUM         14    259 PM  42    1936  14      0       17
  MINIMUM          0    653 AM -25    1922   1     -1        6
  AVERAGE          7                         8     -1       12

PRECIPITATION (IN)
  TODAY            0.00          0.17 1958   0.01  -0.01      T
  MONTH TO DATE    0.02                      0.13  -0.11      T
  SINCE MAR 1      0.60                      0.22   0.38     0.30
  SINCE JAN 1      1.00                      0.49   0.51     1.17

SNOWFALL (IN)
  TODAY            0.0           2.2  1923   0.1   -0.1       T
  MONTH TO DATE    0.3                       2.6   -2.3      0.2
  SINCE MAR 1      6.2                       4.7    1.5      2.6
  SINCE JUL 1     33.4                      33.7   -0.3     29.5
  SNOW DEPTH      11

DEGREE DAYS
 HEATING
  TODAY           58                        57      1       53
  MONTH TO DATE 1344                      1565   -221     1388
  SINCE MAR 1   3371                      3972   -601     3625
  SINCE JUL 1  13974                     16829  -2855    14587

 COOLING
  TODAY            0                         0      0        0
  MONTH TO DATE    0                         0      0        0
  SINCE MAR 1      0                         0      0        0
  SINCE JAN 1      0                         0      0        0
..................................................................


WIND (MPH)
  HIGHEST GUST SPEED    31   HIGHEST GUST DIRECTION     E (70)


SKY COVER
  AVERAGE SKY COVER 0.1


WEATHER CONDITIONS
 THE FOLLOWING WEATHER WAS RECORDED TODAY.
  FOG
  HAZE


RELATIVE HUMIDITY (PERCENT)
 HIGHEST    91
 LOWEST     76
 AVERAGE    84

..........................................................


THE BARROW AK CLIMATE NORMALS FOR TOMORROW
                         NORMAL    RECORD    YEAR
 MAXIMUM TEMPERATURE (F)   15        36      1931
 MINIMUM TEMPERATURE (F)    2       -29      1924


SUNRISE AND SUNSET
APRIL 24 2018.........SUNRISE   520 AM AKDT  SUNSET  1136 PM AKDT
APRIL 25 2018.........SUNRISE   513 AM AKDT  SUNSET  1142 PM AKDT

-  INDICATES NEGATIVE NUMBERS.
R  INDICATES RECORD WAS SET OR TIED.
MM INDICATES DATA IS MISSING.
T  INDICATES TRACE AMOUNT.

&&

SNOW DEPTH IS MEASURED AT 3AM AKST/4AM AKDT.

----------------------------
AVAILABLE DAYLIGHT

AMOUNT OF DAYLIGHT TODAY  (HOUR:MIN)........18:17
GAIN/LOSS SINCE YESTERDAY (HOUR:MIN:SEC)....+0:11:53

$$
HFL APR 18
