000
CDUS41 KLWX 262125
CLIBWI


CLIMATE REPORT
NATIONAL WEATHER SERVICE BALTIMORE MD/WASHINGTON DC
524 PM EDT SAT MAY 26 2018


...................................

...THE BALTIMORE MD CLIMATE SUMMARY FOR MAY 26 2018...
VALID TODAY AS OF 0500 PM LOCAL TIME.

CLIMATE NORMAL PERIOD 1981 TO 2010
CLIMATE RECORD PERIOD 1871 TO 2018


WEATHER ITEM   OBSERVED TIME   RECORD YEAR NORMAL DEPARTURE LAST
                VALUE   (LST)  VALUE       VALUE  FROM      YEAR
                                                  NORMAL
..................................................................
TEMPERATURE (F)
 TODAY
  MAXIMUM         91    110 PM  94    1914  77     14       75
  MINIMUM         73    640 AM  41    1967  55     18       56
  AVERAGE         82                        66     16       66

PRECIPITATION (IN)
  TODAY            T             2.29 2009   0.14  -0.14      T
  MONTH TO DATE    5.94                      3.33   2.61     4.95
  SINCE MAR 1     11.39                     10.42   0.97    12.29
  SINCE JAN 1     17.69                     16.37   1.32    16.44

SNOWFALL (IN)
  TODAY            0.0          MM      MM   0.0    0.0
  MONTH TO DATE    0.0                       0.0    0.0
  SINCE JUL 1     15.4                      20.1   -4.7
  SNOW DEPTH       0

DEGREE DAYS
 HEATING
  TODAY            0                         3     -3        0
  MONTH TO DATE   18                       124   -106      129
  SINCE MAR 1   1181                      1144     37      958
  SINCE JUL 1   4493                      4739   -246     3849

 COOLING
  TODAY           17                         4     13        1
  MONTH TO DATE  131                        50     81       46
  SINCE MAR 1    152                        64     88       95
  SINCE JAN 1    153                        64     89       95
..................................................................


WIND (MPH)
  HIGHEST WIND SPEED    16   HIGHEST WIND DIRECTION     W (250)
  HIGHEST GUST SPEED    23   HIGHEST GUST DIRECTION     W (260)
  AVERAGE WIND SPEED     6.8


SKY COVER
  POSSIBLE SUNSHINE  MM
  AVERAGE SKY COVER 0.6


WEATHER CONDITIONS
 THE FOLLOWING WEATHER WAS RECORDED TODAY.
  THUNDERSTORM
  LIGHT RAIN


RELATIVE HUMIDITY (PERCENT)
 HIGHEST    87           400 PM
 LOWEST     47           100 PM
 AVERAGE    67

..........................................................


THE BALTIMORE MD CLIMATE NORMALS FOR TOMORROW
                         NORMAL    RECORD    YEAR
 MAXIMUM TEMPERATURE (F)   77        95      1965
                                             1941
 MINIMUM TEMPERATURE (F)   56        43      1961
                                             1915


SUNRISE AND SUNSET
MAY 26 2018...........SUNRISE   545 AM EDT   SUNSET   823 PM EDT
MAY 27 2018...........SUNRISE   545 AM EDT   SUNSET   823 PM EDT


-  INDICATES NEGATIVE NUMBERS.
R  INDICATES RECORD WAS SET OR TIED.
MM INDICATES DATA IS MISSING.
T  INDICATES TRACE AMOUNT.




$$
