000
CDUS45 KPIH 250731
CLIBYI


CLIMATE REPORT
NATIONAL WEATHER SERVICE POCATELLO ID
131 AM MDT FRI MAY 25 2018


...................................

...THE BURLEY ID CLIMATE SUMMARY FOR MAY 24 2018...

CLIMATE NORMAL PERIOD 1981 TO 2010
CLIMATE RECORD PERIOD 1948 TO 2018


WEATHER ITEM   OBSERVED TIME   RECORD YEAR NORMAL DEPARTURE LAST
                VALUE   (LST)  VALUE       VALUE  FROM      YEAR
                                                  NORMAL
..................................................................
TEMPERATURE (F)
 YESTERDAY
  MAXIMUM         81    425 PM  91    1969  70     11       73
  MINIMUM         53    541 AM  32    1960  43     10       55
  AVERAGE         67                        56     11       64

PRECIPITATION (IN)
  YESTERDAY        0.04          0.27 1990   0.04   0.00     0.00
  MONTH TO DATE    1.13                      1.10   0.03     0.80
  SINCE OCT 1      6.65                      7.73  -1.08    11.92
  SINCE JAN 1      5.03                      4.90   0.13     7.13

SNOWFALL (IN)
  YESTERDAY       MM
  MONTH TO DATE   MM
  SINCE MAR 1     MM
  SINCE JUL 1     MM
  SNOW DEPTH      MM

DEGREE DAYS
 HEATING
  YESTERDAY        0                         9     -9        1
  MONTH TO DATE  151                       286   -135      245
  SINCE MAR 1   1435                      1652   -217     1389
  SINCE JUL 1   5786                      6674   -888     6195

 COOLING
  YESTERDAY        2                         0      2        0
  MONTH TO DATE    7                         0      7        0
  SINCE MAR 1      7                         0      7        0
  SINCE JAN 1      7                         0      7        0
..................................................................


WIND (MPH)
  HIGHEST WIND SPEED    18   HIGHEST WIND DIRECTION     S (170)
  HIGHEST GUST SPEED    22   HIGHEST GUST DIRECTION     S (160)
  AVERAGE WIND SPEED     4.3


SKY COVER
  POSSIBLE SUNSHINE  MM
  AVERAGE SKY COVER 0.1


WEATHER CONDITIONS
 THE FOLLOWING WEATHER WAS RECORDED YESTERDAY.
  THUNDERSTORM
  LIGHT RAIN


RELATIVE HUMIDITY (PERCENT)
 HIGHEST    77           500 AM
 LOWEST     28           500 PM
 AVERAGE    53

..........................................................


THE BURLEY ID CLIMATE NORMALS FOR TODAY
                         NORMAL    RECORD    YEAR
 MAXIMUM TEMPERATURE (F)   70        89      1958
 MINIMUM TEMPERATURE (F)   43        28      1975


SUNRISE AND SUNSET
MAY 25 2018...........SUNRISE   604 AM MDT   SUNSET   900 PM MDT
MAY 26 2018...........SUNRISE   604 AM MDT   SUNSET   901 PM MDT


-  INDICATES NEGATIVE NUMBERS.
R  INDICATES RECORD WAS SET OR TIED.
MM INDICATES DATA IS MISSING.
T  INDICATES TRACE AMOUNT.




$$
