000
CDUS41 KCLE 210545
CLICAK


CLIMATE REPORT
NATIONAL WEATHER SERVICE CLEVELAND OH
145 AM EDT SAT APR 21 2018


...................................

...THE AKRON CANTON OH CLIMATE SUMMARY FOR APRIL 20 2018...

CLIMATE NORMAL PERIOD 1981 TO 2010
CLIMATE RECORD PERIOD 1887 TO 2018


WEATHER ITEM   OBSERVED TIME   RECORD YEAR NORMAL DEPARTURE LAST
                VALUE   (LST)  VALUE       VALUE  FROM      YEAR
                                                  NORMAL
..................................................................
TEMPERATURE (F)
 YESTERDAY
  MAXIMUM         53    316 PM  82    1985  62     -9       81
                                      1915
  MINIMUM         26    520 AM  22    1904  40    -14       58
  AVERAGE         40                        51    -11       70

PRECIPITATION (IN)
  YESTERDAY        0.00                      0.12  -0.12     0.45
  MONTH TO DATE    5.21                      2.40   2.81     3.52
  SINCE MAR 1      8.30                      5.38   2.92     9.05
  SINCE JAN 1     15.85                     10.30   5.55    17.56

SNOWFALL (IN)
  YESTERDAY        0.0                       0.1   -0.1      0.0
  MONTH TO DATE    6.2                       2.5    3.7      2.5
  SINCE MAR 1     15.1                      10.7    4.4     16.0
  SINCE JUL 1     53.3                      47.2    6.1     37.2
  SNOW DEPTH       0

DEGREE DAYS
 HEATING
  YESTERDAY       25                        14     11        0
  MONTH TO DATE  448                       354     94      204
  SINCE MAR 1   1390                      1205    185     1007
  SINCE JUL 1   5536                      5749   -213     4607

 COOLING
  YESTERDAY        0                         0      0        5
  MONTH TO DATE    8                         0      8       17
  SINCE MAR 1      8                         0      8       17
  SINCE JAN 1     11                         0     11       19
..................................................................


WIND (MPH)
  HIGHEST WIND SPEED    18   HIGHEST WIND DIRECTION    NW (330)
  HIGHEST GUST SPEED    24   HIGHEST GUST DIRECTION     N (350)
  AVERAGE WIND SPEED     8.7


SKY COVER
  POSSIBLE SUNSHINE  MM
  AVERAGE SKY COVER 0.0


WEATHER CONDITIONS
 THE FOLLOWING WEATHER WAS RECORDED YESTERDAY.
  NO SIGNIFICANT WEATHER WAS OBSERVED.


RELATIVE HUMIDITY (PERCENT)
 HIGHEST    75           400 AM
 LOWEST     24           300 PM
 AVERAGE    50

..........................................................


THE AKRON CANTON OH CLIMATE NORMALS FOR TODAY
                         NORMAL    RECORD    YEAR
 MAXIMUM TEMPERATURE (F)   62        83      1987
                                             1985
                                             1954
 MINIMUM TEMPERATURE (F)   41        22      1904


SUNRISE AND SUNSET
APRIL 21 2018.........SUNRISE   638 AM EDT   SUNSET   812 PM EDT
APRIL 22 2018.........SUNRISE   636 AM EDT   SUNSET   813 PM EDT


-  INDICATES NEGATIVE NUMBERS.
R  INDICATES RECORD WAS SET OR TIED.
MM INDICATES DATA IS MISSING.
T  INDICATES TRACE AMOUNT.




$$
