000
CDUS45 KSLC 221227
CLICDC


CLIMATE REPORT
NATIONAL WEATHER SERVICE SALT LAKE CITY UT
626 AM MDT TUE MAY 22 2018


...................................

...THE CEDAR CITY UT CLIMATE SUMMARY FOR MAY 21 2018...

CLIMATE NORMAL PERIOD 1981 TO 2010
CLIMATE RECORD PERIOD 1928 TO 2018


WEATHER ITEM   OBSERVED TIME   RECORD YEAR NORMAL DEPARTURE LAST
                VALUE   (LST)  VALUE       VALUE  FROM      YEAR
                                                  NORMAL
..................................................................
TEMPERATURE (F)
 YESTERDAY
  MAXIMUM         76   1258 PM  88    2012  74      2       77
  MINIMUM         48    641 AM  25    1975  41      7       38
  AVERAGE         62                        57      5       58

PRECIPITATION (IN)
  YESTERDAY        0.00          0.52 1954   0.03  -0.03      T
  MONTH TO DATE    0.41                      0.51  -0.10     0.82
  SINCE OCT 1      4.76                      7.89  -3.13     8.25
  SINCE JAN 1      4.21                      4.78  -0.57     5.42

DEGREE DAYS
 HEATING
  YESTERDAY        3                         8     -5        7
  MONTH TO DATE  163                       226    -63      237
  SINCE MAR 1   1284                      1550   -266     1371
  SINCE JUL 1   5267                      6112   -845     5392

 COOLING
  YESTERDAY        0                         0      0        0
  MONTH TO DATE    9                         0      9        0
  SINCE MAR 1      9                         0      9        0
  SINCE JAN 1      9                         0      9        0
..................................................................


WIND (MPH)
  RESULTANT WIND SPEED   7   RESULTANT WIND DIRECTION   S (180)
  HIGHEST WIND SPEED    26   HIGHEST WIND DIRECTION     S (190)
  HIGHEST GUST SPEED    36   HIGHEST GUST DIRECTION     S (200)
  AVERAGE WIND SPEED     8.8



WEATHER CONDITIONS
 THE FOLLOWING WEATHER WAS RECORDED YESTERDAY.
  NO SIGNIFICANT WEATHER WAS OBSERVED.


RELATIVE HUMIDITY (PERCENT)
 HIGHEST    56           700 AM
 LOWEST      8           100 PM
 AVERAGE    32

..........................................................


THE CEDAR CITY UT CLIMATE NORMALS FOR TODAY
                         NORMAL    RECORD    YEAR
 MAXIMUM TEMPERATURE (F)   75        91      1967
 MINIMUM TEMPERATURE (F)   41        27      2002


SUNRISE AND SUNSET
MAY 22 2018...........SUNRISE   617 AM MDT   SUNSET   841 PM MDT
MAY 23 2018...........SUNRISE   617 AM MDT   SUNSET   842 PM MDT


-  INDICATES NEGATIVE NUMBERS.
R  INDICATES RECORD WAS SET OR TIED.
MM INDICATES DATA IS MISSING.
T  INDICATES TRACE AMOUNT.




$$
