000
CDUS41 KLWX 250529
CLICHO


CLIMATE REPORT
NATIONAL WEATHER SERVICE BALTIMORE MD/WASHINGTON DC
127 AM EDT FRI MAY 25 2018


...................................

...THE CHARLOTTESVILLE VA CLIMATE SUMMARY FOR MAY 24 2018...

CLIMATE NORMAL PERIOD 1981 TO 2010
CLIMATE RECORD PERIOD 1998 TO 2018


WEATHER ITEM   OBSERVED TIME   RECORD YEAR NORMAL DEPARTURE LAST
                VALUE   (LST)  VALUE       VALUE  FROM      YEAR
                                                  NORMAL
..................................................................
TEMPERATURE (F)
 YESTERDAY
  MAXIMUM         85    345 PM  MM      MM  77      8       63
  MINIMUM         58    520 AM  MM      MM  54      4       57
  AVERAGE         72                        65      7       60

PRECIPITATION (IN)
  YESTERDAY        0.00                      0.15  -0.15     0.81
  MONTH TO DATE    4.58                      2.93   1.65     6.87
  SINCE MAR 1     10.18                      9.95   0.23    12.40
  SINCE JAN 1     16.04                     15.42   0.62    15.64

DEGREE DAYS
 HEATING
  YESTERDAY        0                         2     -2        5
  MONTH TO DATE    3                       108   -105       90
  SINCE MAR 1    970                      1008    -38      718
  SINCE JUL 1   3853                      4420   -567     3091

 COOLING
  YESTERDAY        7                         3      4        0
  MONTH TO DATE  171                        41    130       75
  SINCE MAR 1    187                        62    125      172
  SINCE JAN 1    192                        62    130      173
..................................................................


WIND (MPH)
  HIGHEST WIND SPEED    15   HIGHEST WIND DIRECTION    NE (50)
  HIGHEST GUST SPEED    20   HIGHEST GUST DIRECTION    NE (40)
  AVERAGE WIND SPEED     3.3


SKY COVER
  POSSIBLE SUNSHINE  MM
  AVERAGE SKY COVER 0.0


WEATHER CONDITIONS
 THE FOLLOWING WEATHER WAS RECORDED YESTERDAY.
  NO SIGNIFICANT WEATHER WAS OBSERVED.


RELATIVE HUMIDITY (PERCENT)
 HIGHEST    90           400 AM
 LOWEST     31          1200 PM
 AVERAGE    61

..........................................................


THE CHARLOTTESVILLE VA CLIMATE NORMALS FOR TODAY
                         NORMAL    RECORD    YEAR
 MAXIMUM TEMPERATURE (F)   77        MM        MM
 MINIMUM TEMPERATURE (F)   54        MM        MM


SUNRISE AND SUNSET
MAY 25 2018...........SUNRISE   556 AM EDT   SUNSET   826 PM EDT
MAY 26 2018...........SUNRISE   555 AM EDT   SUNSET   827 PM EDT


-  INDICATES NEGATIVE NUMBERS.
R  INDICATES RECORD WAS SET OR TIED.
MM INDICATES DATA IS MISSING.
T  INDICATES TRACE AMOUNT.




$$
