000
CDUS42 KCHS 232108
CLICHS


CLIMATE REPORT
NATIONAL WEATHER SERVICE CHARLESTON SC
507 PM EDT MON APR 23 2018


...................................

...THE NORTH CHARLESTON SC CLIMATE SUMMARY FOR APRIL 23 2018...
VALID TODAY AS OF 0500 PM LOCAL TIME.

CLIMATE NORMAL PERIOD 1981 TO 2010
CLIMATE RECORD PERIOD 1938 TO 2018


WEATHER ITEM   OBSERVED TIME   RECORD YEAR NORMAL DEPARTURE LAST
                VALUE   (LST)  VALUE       VALUE  FROM      YEAR
                                                  NORMAL
..................................................................
TEMPERATURE (F)
 TODAY
  MAXIMUM         68    237 PM  92    1963  78    -10       84
  MINIMUM         64    911 AM  39    1993  55      9       70
  AVERAGE         66                        66      0       77

PRECIPITATION (IN)
  TODAY            1.13          2.43 1938   0.10   1.03     0.00
  MONTH TO DATE    2.62                      2.25   0.37     4.40
  SINCE MAR 1      4.85                      5.96  -1.11     5.42
  SINCE JAN 1      9.02                     12.63  -3.61     9.60

SNOWFALL (IN)
  TODAY            0.0                       0.0    0.0
  SINCE MAR 1      0.0                       0.0    0.0
  SINCE JUL 1      5.3                       0.5    4.8

DEGREE DAYS
 HEATING
  TODAY            0                         2     -2        0
  MONTH TO DATE   97                        78     19       23
  SINCE MAR 1    371                       317     54      257
  SINCE JUL 1   1819                      1953   -134     1225

 COOLING
  TODAY            1                         4     -3       12
  MONTH TO DATE   49                        56     -7      115
  SINCE MAR 1     71                        83    -12      174
  SINCE JAN 1    133                        90     43      209
..................................................................


WIND (MPH)
  HIGHEST WIND SPEED    29   HIGHEST WIND DIRECTION    SE (130)
  HIGHEST GUST SPEED    40   HIGHEST GUST DIRECTION    SE (120)
  AVERAGE WIND SPEED    19.9


SKY COVER
  POSSIBLE SUNSHINE  MM
  AVERAGE SKY COVER 0.8


WEATHER CONDITIONS
 THE FOLLOWING WEATHER WAS RECORDED TODAY.
  HEAVY RAIN
  RAIN
  LIGHT RAIN
  FOG


RELATIVE HUMIDITY (PERCENT)
 HIGHEST    93          1200 PM
 LOWEST     68           100 AM
 AVERAGE    81

..........................................................


THE NORTH CHARLESTON SC CLIMATE NORMALS FOR TOMORROW
                         NORMAL    RECORD    YEAR
 MAXIMUM TEMPERATURE (F)   78        91      1958
 MINIMUM TEMPERATURE (F)   55        35      1982


SUNRISE AND SUNSET
APRIL 23 2018.........SUNRISE   641 AM EDT   SUNSET   756 PM EDT
APRIL 24 2018.........SUNRISE   640 AM EDT   SUNSET   757 PM EDT


-  INDICATES NEGATIVE NUMBERS.
R  INDICATES RECORD WAS SET OR TIED.
MM INDICATES DATA IS MISSING.
T  INDICATES TRACE AMOUNT.




$$
