000
CDUS41 KRNK 260944
CLIDAN


CLIMATE REPORT
NATIONAL WEATHER SERVICE BLACKSBURG VA
540 AM EDT THU APR 26 2018


...................................

...THE DANVILLE VA CLIMATE SUMMARY FOR APRIL 25 2018...

CLIMATE NORMAL PERIOD 1981 TO 2010
CLIMATE RECORD PERIOD 1948 TO 2018


WEATHER ITEM   OBSERVED TIME   RECORD YEAR NORMAL DEPARTURE LAST
                VALUE   (LST)  VALUE       VALUE  FROM      YEAR
                                                  NORMAL
..................................................................
TEMPERATURE (F)
 YESTERDAY
  MAXIMUM         69    427 PM  95    1960  73     -4       61
  MINIMUM         52   1123 PM  33    2012  49      3       52
                                      1949
  AVERAGE         61                        61      0       57

PRECIPITATION (IN)
  YESTERDAY        0.07          2.17 1952   0.12  -0.05     1.37
  MONTH TO DATE    4.58                      2.93   1.65     6.95
  SINCE MAR 1      8.13                      7.04   1.09     9.60
  SINCE JAN 1     13.35                     13.47  -0.12    14.37

SNOWFALL (IN)
  YESTERDAY        0.0                                       0.0
  MONTH TO DATE    T                                         0.0
  SINCE MAR 1      7.4                                        T
  SINCE JUL 1     21.1                                       8.8
  SNOW DEPTH       0

DEGREE DAYS
 HEATING
  YESTERDAY        4                         5     -1        8
  MONTH TO DATE  266                       207     59      136
  SINCE MAR 1    884                       717    167      614
  SINCE JUL 1   3549                      3718   -169     3070

 COOLING
  YESTERDAY        0                         1     -1        0
  MONTH TO DATE   14                        24    -10       41
  SINCE MAR 1     15                        27    -12       44
  SINCE JAN 1     15                        27    -12       49
..................................................................


WIND (MPH)
  HIGHEST WIND SPEED    13   HIGHEST WIND DIRECTION    NW (320)
  HIGHEST GUST SPEED    16   HIGHEST GUST DIRECTION     N (350)
  AVERAGE WIND SPEED     6.7


SKY COVER
  AVERAGE SKY COVER 0.8


WEATHER CONDITIONS
 THE FOLLOWING WEATHER WAS RECORDED YESTERDAY.
  RAIN
  LIGHT RAIN
  FOG


RELATIVE HUMIDITY (PERCENT)
 HIGHEST   100           100 AM
 LOWEST     66           400 PM
 AVERAGE    83

..........................................................


THE DANVILLE VA CLIMATE NORMALS FOR TODAY
                         NORMAL    RECORD    YEAR
 MAXIMUM TEMPERATURE (F)   73        95      1960
 MINIMUM TEMPERATURE (F)   49        36      2013
                                             1981


SUNRISE AND SUNSET
APRIL 26 2018.........SUNRISE   630 AM EDT   SUNSET   801 PM EDT
APRIL 27 2018.........SUNRISE   628 AM EDT   SUNSET   802 PM EDT


-  INDICATES NEGATIVE NUMBERS.
R  INDICATES RECORD WAS SET OR TIED.
MM INDICATES DATA IS MISSING.
T  INDICATES TRACE AMOUNT.

REMARKS:
DUE TO MISSING DATA FROM JANUARY 4-9, 21-22, AND MARCH 2-3, ALL
INFORMATION WILL BE CALCULATED WITHOUT DATA FROM THESE DATES.

$$

RAB
