000
CDUS43 KILX 272139
CLIDEC


CLIMATE REPORT
NATIONAL WEATHER SERVICE LINCOLN IL
439 PM CDT SUN MAY 27 2018


...................................

...THE DECATUR IL AIRPORT CLIMATE SUMMARY FOR MAY 27 2018...
VALID TODAY AS OF 0400 PM LOCAL TIME.

CLIMATE NORMAL PERIOD 1981 TO 2010
CLIMATE RECORD PERIOD 9999 TO 9999


WEATHER ITEM   OBSERVED TIME   RECORD YEAR NORMAL DEPARTURE LAST
                VALUE   (LST)  VALUE       VALUE  FROM      YEAR
                                                  NORMAL
..................................................................
TEMPERATURE (F)
 TODAY
  MAXIMUM         93   1242 PM  MM      MM  77     16       78
  MINIMUM         70    448 AM  MM      MM  55     15       61
  AVERAGE         82                        66     16       70

PRECIPITATION (IN)
  TODAY            0.00         MM      MM   0.11  -0.11     0.00
  MONTH TO DATE    1.46                      3.87  -2.41     8.49
  SINCE MAR 1      6.70                     10.31  -3.61    16.77
  SINCE JAN 1     11.83                     14.03  -2.20    18.87

DEGREE DAYS
 HEATING
  TODAY            0                         3     -3        0
  MONTH TO DATE    7                       132   -125      148
  SINCE MAR 1   1396                      1238    158     1052
  SINCE JUL 1   5548                      5495     53     4411

 COOLING
  TODAY           17                         4     13        5
  MONTH TO DATE  170                        57    113       59
  SINCE MAR 1    173                        71    102       82
  SINCE JAN 1    173                        71    102       82
..................................................................


WIND (MPH)
  HIGHEST WIND SPEED    16   HIGHEST WIND DIRECTION     S (170)
  HIGHEST GUST SPEED    20   HIGHEST GUST DIRECTION     S (160)
  AVERAGE WIND SPEED     5.4


SKY COVER
  POSSIBLE SUNSHINE  MM
  AVERAGE SKY COVER 0.0


WEATHER CONDITIONS
 THE FOLLOWING WEATHER WAS RECORDED TODAY.
  THUNDERSTORM


RELATIVE HUMIDITY (PERCENT)
 HIGHEST    93           400 AM
 LOWEST     41           200 PM
 AVERAGE    67

..........................................................


THE DECATUR IL AIRPORT CLIMATE NORMALS FOR TOMORROW
                         NORMAL    RECORD    YEAR
 MAXIMUM TEMPERATURE (F)   78        MM        MM
 MINIMUM TEMPERATURE (F)   55        MM        MM


SUNRISE AND SUNSET
MAY 27 2018...........SUNRISE   532 AM CDT   SUNSET   814 PM CDT
MAY 28 2018...........SUNRISE   531 AM CDT   SUNSET   815 PM CDT


-  INDICATES NEGATIVE NUMBERS.
R  INDICATES RECORD WAS SET OR TIED.
MM INDICATES DATA IS MISSING.
T  INDICATES TRACE AMOUNT.




$$
