000
CDUS44 KSHV 262151
CLIDEQ


CLIMATE REPORT
NATIONAL WEATHER SERVICE SHREVEPORT, LA
450 PM CDT THU APR 26 2018


...................................

...THE DE QUEEN CLIMATE SUMMARY FOR APRIL 26 2018...
VALID TODAY AS OF 0400 PM LOCAL TIME.

CLIMATE NORMAL PERIOD 1981 TO 2010
CLIMATE RECORD PERIOD 1902 TO 2018


WEATHER ITEM   OBSERVED TIME   RECORD YEAR NORMAL DEPARTURE LAST
                VALUE   (LST)  VALUE       VALUE  FROM      YEAR
                                                  NORMAL
..................................................................
TEMPERATURE (F)
 TODAY
  MAXIMUM         68    203 PM  88    1939  77     -9       73
  MINIMUM         47    521 AM  33    1950  52     -5       47
  AVERAGE         58                        64     -6       60

PRECIPITATION (IN)
  TODAY            0.00          3.52 1966   0.18  -0.18     1.55
  MONTH TO DATE    4.56                      3.22   1.34     8.13
  SINCE DEC 1     28.70                     19.22   9.48    18.91
  SINCE JAN 1     23.45                     14.86   8.59    16.20

SNOWFALL (IN)
  TODAY            0.0
  MONTH TO DATE    0.0
  SINCE MAR 1      0.0
  SINCE JUL 1      0.1
  SNOW DEPTH       0

DEGREE DAYS
 HEATING
  TODAY            7                         3      4        5
  MONTH TO DATE  214                       144     70       61
  SINCE MAR 1    495                       521    -26      294
  SINCE JUL 1   2869                      3012   -143     2063

 COOLING
  TODAY            0                         2     -2        0
  MONTH TO DATE    4                        30    -26       55
  SINCE MAR 1     16                        39    -23       82
  SINCE JAN 1     18                        41    -23       92
..................................................................


WIND (MPH)
  HIGHEST WIND SPEED    13   HIGHEST WIND DIRECTION    NW (320)
  HIGHEST GUST SPEED    18   HIGHEST GUST DIRECTION    NW (300)
  AVERAGE WIND SPEED     6.6


SKY COVER
  POSSIBLE SUNSHINE  MM
  AVERAGE SKY COVER 0.8


WEATHER CONDITIONS
 THE FOLLOWING WEATHER WAS RECORDED TODAY.
  NO SIGNIFICANT WEATHER WAS OBSERVED.


RELATIVE HUMIDITY (PERCENT)
 HIGHEST   100           600 AM
 LOWEST     56           300 PM
 AVERAGE    78

..........................................................


THE DE QUEEN CLIMATE NORMALS FOR TOMORROW
                         NORMAL    RECORD    YEAR
 MAXIMUM TEMPERATURE (F)   77        90      1987
 MINIMUM TEMPERATURE (F)   52        36      1904


SUNRISE AND SUNSET
APRIL 26 2018.........SUNRISE   634 AM CDT   SUNSET   758 PM CDT
APRIL 27 2018.........SUNRISE   633 AM CDT   SUNSET   758 PM CDT


-  INDICATES NEGATIVE NUMBERS.
R  INDICATES RECORD WAS SET OR TIED.
MM INDICATES DATA IS MISSING.
T  INDICATES TRACE AMOUNT.




$$
