000
CDUS44 KFWD 262128
CLIDFW


CLIMATE REPORT
NATIONAL WEATHER SERVICE FORT WORTH TX
427 PM CDT SAT MAY 26 2018


...................................

...THE DALLAS FORT WORTH CLIMATE SUMMARY FOR MAY 26 2018...
VALID AS OF 0400 PM LOCAL TIME.

CLIMATE NORMAL PERIOD 1981 TO 2010
CLIMATE RECORD PERIOD 1898 TO 2018


WEATHER ITEM   OBSERVED TIME   RECORD YEAR NORMAL DEPARTURE LAST
                VALUE   (LST)  VALUE       VALUE  FROM      YEAR
                                                  NORMAL
..................................................................
TEMPERATURE (F)
 TODAY
  MAXIMUM         97    214 PM  99    1980  86     11       96
  MINIMUM         68    520 AM  50    1901  67      1       75
  AVERAGE         83

PRECIPITATION (IN)
  TODAY            0.00          2.96 1900   0.15  -0.15     0.00
  MONTH TO DATE    1.87                      4.11  -2.24     0.53
  SINCE MAR 1      5.54                     10.67  -5.13     4.97
  SINCE JAN 1     17.70                     15.46   2.24    11.69

..................................................................


WIND (MPH)
  HIGHEST WIND SPEED    14   HIGHEST WIND DIRECTION     E (90)
  HIGHEST GUST SPEED    17   HIGHEST GUST DIRECTION     E (100)
  AVERAGE WIND SPEED     5.8




..........................................................


THE DALLAS FORT WORTH CLIMATE NORMALS FOR TOMORROW
                         NORMAL    RECORD    YEAR
 MAXIMUM TEMPERATURE (F)   87       103      1928
 MINIMUM TEMPERATURE (F)   67        47      1901


SUNRISE AND SUNSET
MAY 26 2018...........SUNRISE   623 AM CDT   SUNSET   828 PM CDT
MAY 27 2018...........SUNRISE   622 AM CDT   SUNSET   829 PM CDT


-  INDICATES NEGATIVE NUMBERS.
R  INDICATES RECORD WAS SET OR TIED.
MM INDICATES DATA IS MISSING.
T  INDICATES TRACE AMOUNT.




$$
